{"id":9286,"date":"2025-06-29T10:55:29","date_gmt":"2025-06-29T08:55:29","guid":{"rendered":"https:\/\/uj.adatbank.ro\/lexikon\/termek\/gyorffi-pal-benedek-gyorffi-paulus-gyorffy-pal\/"},"modified":"2025-06-29T10:55:29","modified_gmt":"2025-06-29T08:55:29","slug":"gyorffi-pal-benedek-gyorffi-paulus-gyorffy-pal","status":"publish","type":"product","link":"https:\/\/uj.adatbank.ro\/lexikon\/termek\/gyorffi-pal-benedek-gyorffi-paulus-gyorffy-pal\/","title":{"rendered":"GY\u00d6RFFI P\u00e1l Benedek, Gy\u00f6rffi Paulus, Gy\u00f6rffy P\u00e1l"},"content":{"rendered":"<p>Gyergy\u00f3szentmikl\u00f3s, 1681., \u2020\u00a0Mikh\u00e1za, 1748. jan. 5.: Ferenc-rendi minorita szerzetes. \u2013 A ferencesek Sz. Istv\u00e1nr\u00f3l nevezett rendtartom\u00e1ny\u00e1ba l\u00e9pett (1701. aug. 1.). Teol\u00f3giai kik\u00e9pz\u00e9s\u00e9t a mikh\u00e1zi \u00e9s cs\u00edksomly\u00f3i kolostorban nyert, papp\u00e1 szentelt\u00e9k (1708. \u00e1pr. 6.). A mikh\u00e1zi kolostor \u00e9l\u00e9re ker\u00fclt (1715), majd Sz\u00e1rhegyen \u00e9s Cs\u00edksomly\u00f3n h\u00e1zf\u00f6n\u00f6k. A ferences rendtartom\u00e1ny \u0151re (1721\u201324 \u00e9s 1729\u201332), provinci\u00e1lisa (1732\u201335). Definitor (1738\u201340). Vicarius Provincialis (1741). Nev\u00e9hez f\u0171z\u0151dik a segesv\u00e1ri, brass\u00f3i, gyulafeh\u00e9rv\u00e1ri kolostorok visszaszerz\u00e9se; Cs\u00edksomly\u00f3r\u00f3l Kv.-ra helyeztette \u00e1t a rend teol\u00f3giai f\u0151iskol\u00e1j\u00e1t, \u00e9s a r\u00f3mai Studium Gener\u00e1l\u00e9val egyenrang\u00fa hittudom\u00e1nyi f\u0151iskol\u00e1nak ismertette el (1723). Megalap\u00edtotta az Erzs\u00e9bet ap\u00e1c\u00e1k int\u00e9zm\u00e9ny\u00e9t, els\u0151 szab\u00e1lyzat\u00e1t is \u00f6ssze\u00e1ll\u00edtva. Bevezette a provinci\u00e1lisi prtokollumokat, rendezte a rendtartom\u00e1ny lev\u00e9lt\u00e1r\u00e1t. Irodalmi tev\u00e9kenys\u00e9g\u00e9t rendje anyak\u00f6nyveinek \u00f6ssze\u00e1ll\u00edt\u00e1s\u00e1val kezdte, \u00f6ssze\u00e1ll\u00edtotta \u00e9s kiadta rendtartom\u00e1ny\u00e1nak szervezeti szab\u00e1lyait, majd kiadta R\u00f3m\u00e1ban K\u00e1joni J\u00e1nos f\u00f6ljegyz\u00e9seit (1737). \u2013 <strong>F. m.:<\/strong> Opusculum de ortu, progressu, ac vicissitudinibus, olim custodiae, nunc provinciae Transsylvaniae Fratrum Minorum strictioris observantiae S. P. N. Francisci. (Romae, 1737); Ortus, progressus vicissitudines, excisio. et restauratio, olim custodiae, nunc ab anno 1729, Provinciae Transsylvaniae ord m. s. p. v. Francisci, Titulus regis Stephani. (Typis Cs\u00edk convent, 1737; m. kiad.: Az Erd\u00e9lyi Ferences Kuszt\u00f3dia t\u00f6rt\u00e9nete. Ford. Domokos P\u00e1l P\u00e9ter. Bp., 1989). <br \/><strong>Irod.:<\/strong> Guly\u00e1s; Gy\u00f6rffi; Gy\u00f6rgy: A ferencrendiek; RMK III\/18. sz.; \u00daM\u00c9L<\/br><\/p>\n","protected":false},"excerpt":{"rendered":"<p>Gyergy\u00f3szentmikl\u00f3s, 1681., \u2020\u00a0Mikh\u00e1za, 1748. jan. 5.: Ferenc-rendi minorita szerzetes. \u2013 A ferencesek Sz. Istv\u00e1nr\u00f3l nevezett rendtartom\u00e1ny\u00e1ba l\u00e9pett (1701. aug. 1.). Teol\u00f3giai kik\u00e9pz\u00e9s\u00e9t a mikh\u00e1zi \u00e9s cs\u00edksomly\u00f3i kolostorban nyert, papp\u00e1 szentelt\u00e9k (1708. \u00e1pr. 6.). A mikh\u00e1zi kolostor \u00e9l\u00e9re ker\u00fclt (1715), majd Sz\u00e1rhegyen \u00e9s Cs\u00edksomly\u00f3n h\u00e1zf\u00f6n\u00f6k. A ferences rendtartom\u00e1ny \u0151re (1721\u201324 \u00e9s 1729\u201332), provinci\u00e1lisa (1732\u201335). Definitor (1738\u201340). [&hellip;]<\/p>\n","protected":false},"featured_media":0,"comment_status":"open","ping_status":"closed","template":"","meta":[],"product_brand":[],"product_cat":[137],"product_tag":[],"class_list":{"0":"post-9286","1":"product","2":"type-product","3":"status-publish","5":"product_cat-maros-megyei-eletrajzi-lexikon","7":"first","8":"instock","9":"shipping-taxable","10":"product-type-simple"},"_links":{"self":[{"href":"https:\/\/uj.adatbank.ro\/lexikon\/wp-json\/wp\/v2\/product\/9286","targetHints":{"allow":["GET"]}}],"collection":[{"href":"https:\/\/uj.adatbank.ro\/lexikon\/wp-json\/wp\/v2\/product"}],"about":[{"href":"https:\/\/uj.adatbank.ro\/lexikon\/wp-json\/wp\/v2\/types\/product"}],"replies":[{"embeddable":true,"href":"https:\/\/uj.adatbank.ro\/lexikon\/wp-json\/wp\/v2\/comments?post=9286"}],"wp:attachment":[{"href":"https:\/\/uj.adatbank.ro\/lexikon\/wp-json\/wp\/v2\/media?parent=9286"}],"wp:term":[{"taxonomy":"product_brand","embeddable":true,"href":"https:\/\/uj.adatbank.ro\/lexikon\/wp-json\/wp\/v2\/product_brand?post=9286"},{"taxonomy":"product_cat","embeddable":true,"href":"https:\/\/uj.adatbank.ro\/lexikon\/wp-json\/wp\/v2\/product_cat?post=9286"},{"taxonomy":"product_tag","embeddable":true,"href":"https:\/\/uj.adatbank.ro\/lexikon\/wp-json\/wp\/v2\/product_tag?post=9286"}],"curies":[{"name":"wp","href":"https:\/\/api.w.org\/{rel}","templated":true}]}}

GYÖRFFI Pál Benedek, Györffi Paulus, Györffy Pál

<p>Gyergyószentmiklós, 1681., † Mikháza, 1748. jan. 5.: Ferenc-rendi minorita szerzetes. – A ferencesek Sz. Istvánról nevezett rendtartományába lépett (1701. aug. 1.). Teológiai kiképzését a mikházi és csíksomlyói kolostorban nyert, pappá szentelték (1708. ápr. 6.). A mikházi kolostor élére került (1715), majd Szárhegyen és Csíksomlyón házfönök. A ferences rendtartomány őre (1721–24 és 1729–32), provinciálisa (1732–35). Definitor (1738–40). Vicarius Provincialis (1741). Nevéhez fűződik a segesvári, brassói, gyulafehérvári kolostorok visszaszerzése; Csíksomlyóról Kv.-ra helyeztette át a rend teológiai főiskoláját, és a római Studium Generáléval egyenrangú hittudományi főiskolának ismertette el (1723). Megalapította az Erzsébet apácák intézményét, első szabályzatát is összeállítva. Bevezette a provinciálisi prtokollumokat, rendezte a rendtartomány levéltárát. Irodalmi tevékenységét rendje anyakönyveinek összeállításával kezdte, összeállította és kiadta rendtartományának szervezeti szabályait, majd kiadta Rómában Kájoni János följegyzéseit (1737). – <strong>F. m.:</strong> Opusculum de ortu, progressu, ac vicissitudinibus, olim custodiae, nunc provinciae Transsylvaniae Fratrum Minorum strictioris observantiae S. P. N. Francisci. (Romae, 1737); Ortus, progressus vicissitudines, excisio. et restauratio, olim custodiae, nunc ab anno 1729, Provinciae Transsylvaniae ord m. s. p. v. Francisci, Titulus regis Stephani. (Typis Csík convent, 1737; m. kiad.: Az Erdélyi Ferences Kusztódia története. Ford. Domokos Pál Péter. Bp., 1989). <br /><strong>Irod.:</strong> Gulyás; Györffi; György: A ferencrendiek; RMK III/18. sz.; ÚMÉL</br></p>

<p>Gyergyószentmiklós, 1681., † Mikháza, 1748. jan. 5.: Ferenc-rendi minorita szerzetes. – A ferencesek Sz. Istvánról nevezett rendtartományába lépett (1701. aug. 1.). Teológiai kiképzését a mikházi és csíksomlyói kolostorban nyert, pappá szentelték (1708. ápr. 6.). A mikházi kolostor élére került (1715), majd Szárhegyen és Csíksomlyón házfönök. A ferences rendtartomány őre (1721–24 és 1729–32), provinciálisa (1732–35). Definitor (1738–40). [&hellip;]</p>
