{"id":9287,"date":"2025-06-29T10:55:32","date_gmt":"2025-06-29T08:55:32","guid":{"rendered":"https:\/\/uj.adatbank.ro\/lexikon\/termek\/gyorffy-andras\/"},"modified":"2025-06-29T10:55:32","modified_gmt":"2025-06-29T08:55:32","slug":"gyorffy-andras","status":"publish","type":"product","link":"https:\/\/uj.adatbank.ro\/lexikon\/termek\/gyorffy-andras\/","title":{"rendered":"GY\u00d6RFFY Andr\u00e1s"},"content":{"rendered":"<p>Marosj\u00e1ra, 1902., \u2020\u00a0? : cip\u00e9szmester. \u2013 Iskol\u00e1i befejez\u00e9se ut\u00e1n a cip\u00e9szipart tanulta, szakk\u00e9pzett mester lett, a fels\u0151r\u00e9sz k\u00e9sz\u00edt\u00e9st k\u00fcl\u00f6n tanfolyamon saj\u00e1t\u00edtotta el, \u00f6n\u00e1ll\u00f3 m\u0171helyt nyitott (1921\u2013) Mv.-en, ahol \u00e1lland\u00f3an 4\u20135 alkalmazottat foglalkoztatott. Az Ipartest\u00fclet Cip\u00e9szszakoszt\u00e1lynak tagja volt. <br \/><strong>Irod.:<\/strong> Sz\u00e9kelyf\u00f6ld \u00ed. k.<\/br><\/p>\n","protected":false},"excerpt":{"rendered":"<p>Marosj\u00e1ra, 1902., \u2020\u00a0? : cip\u00e9szmester. \u2013 Iskol\u00e1i befejez\u00e9se ut\u00e1n a cip\u00e9szipart tanulta, szakk\u00e9pzett mester lett, a fels\u0151r\u00e9sz k\u00e9sz\u00edt\u00e9st k\u00fcl\u00f6n tanfolyamon saj\u00e1t\u00edtotta el, \u00f6n\u00e1ll\u00f3 m\u0171helyt nyitott (1921\u2013) Mv.-en, ahol \u00e1lland\u00f3an 4\u20135 alkalmazottat foglalkoztatott. Az Ipartest\u00fclet Cip\u00e9szszakoszt\u00e1lynak tagja volt. Irod.: Sz\u00e9kelyf\u00f6ld \u00ed. k.<\/p>\n","protected":false},"featured_media":0,"comment_status":"open","ping_status":"closed","template":"","meta":[],"product_brand":[],"product_cat":[137],"product_tag":[],"class_list":{"0":"post-9287","1":"product","2":"type-product","3":"status-publish","5":"product_cat-maros-megyei-eletrajzi-lexikon","7":"first","8":"instock","9":"shipping-taxable","10":"product-type-simple"},"_links":{"self":[{"href":"https:\/\/uj.adatbank.ro\/lexikon\/wp-json\/wp\/v2\/product\/9287","targetHints":{"allow":["GET"]}}],"collection":[{"href":"https:\/\/uj.adatbank.ro\/lexikon\/wp-json\/wp\/v2\/product"}],"about":[{"href":"https:\/\/uj.adatbank.ro\/lexikon\/wp-json\/wp\/v2\/types\/product"}],"replies":[{"embeddable":true,"href":"https:\/\/uj.adatbank.ro\/lexikon\/wp-json\/wp\/v2\/comments?post=9287"}],"wp:attachment":[{"href":"https:\/\/uj.adatbank.ro\/lexikon\/wp-json\/wp\/v2\/media?parent=9287"}],"wp:term":[{"taxonomy":"product_brand","embeddable":true,"href":"https:\/\/uj.adatbank.ro\/lexikon\/wp-json\/wp\/v2\/product_brand?post=9287"},{"taxonomy":"product_cat","embeddable":true,"href":"https:\/\/uj.adatbank.ro\/lexikon\/wp-json\/wp\/v2\/product_cat?post=9287"},{"taxonomy":"product_tag","embeddable":true,"href":"https:\/\/uj.adatbank.ro\/lexikon\/wp-json\/wp\/v2\/product_tag?post=9287"}],"curies":[{"name":"wp","href":"https:\/\/api.w.org\/{rel}","templated":true}]}}