{"id":9289,"date":"2025-06-29T10:55:37","date_gmt":"2025-06-29T08:55:37","guid":{"rendered":"https:\/\/uj.adatbank.ro\/lexikon\/termek\/gyorffy-gabor\/"},"modified":"2025-06-29T10:55:37","modified_gmt":"2025-06-29T08:55:37","slug":"gyorffy-gabor","status":"publish","type":"product","link":"https:\/\/uj.adatbank.ro\/lexikon\/termek\/gyorffy-gabor\/","title":{"rendered":"GY\u00d6RFFY G\u00e1bor"},"content":{"rendered":"<p>Gyergy\u00f3alfalu, 1925., \u2020 Nagykanizsa, 1997. m\u00e1rc.: gyermekgy\u00f3gy\u00e1sz, dr. \u2013 K\u00f6z\u00e9piskol\u00e1it a k\u00e9zdiv\u00e1s\u00e1rhelyi R. K. F\u0151gimn.-ban \u00e9s a gyergy\u00f3szentmikl\u00f3si gimn.-ban v\u00e9gezte, ahol \u00e9retts\u00e9gizett. A katonas\u00e1g \u00e9s fogs\u00e1g ut\u00e1n a mv.-i OGYI-n v\u00e9gzett (1952), gyermekgy\u00f3gy\u00e1sz oklevelet szerzett. Az els\u0151 \u00e1llom\u00e1shelye Cs\u00edkszentm\u00e1rton. P\u00e1ly\u00e1zat \u00fatj\u00e1n a mv.-i gyermekklinik\u00e1ra ker\u00fclt, ahol f\u0151orvos, gyakornok a MOGYI gy\u00f3gyszer\u00e9szeti katedr\u00e1n (1950), tan\u00e1rseg\u00e9d, adjunktus. Dolgozott a mv.-i Sz\u00fcl\u00e9szet \u00e9s N\u0151gy\u00f3gy\u00e1szati klinik\u00e1n. 54 tudom\u00e1nyos dolgozat szerz\u0151je, amelyek m., rom\u00e1n, angol \u00e9s n\u00e9met nyelven jelentek meg. \u2013 <strong>F. m.:<\/strong> <strong>t\u00e1rssz.:<\/strong> Sz\u00fcl\u00e9szet (Mv., 1980). <br \/><strong>Irod.:<\/strong> Bern\u00e1dy; Barab\u00e1s-P\u00e9ter M.\u2013P\u00e9ter H. M.; Magyari; [Nekrol\u00f3g] (N\u00fa., 1997. m\u00e1rc. 25.); Todea\u2013F\u00fcl\u00f6p\u2013Avram<\/br><\/p>\n","protected":false},"excerpt":{"rendered":"<p>Gyergy\u00f3alfalu, 1925., \u2020 Nagykanizsa, 1997. m\u00e1rc.: gyermekgy\u00f3gy\u00e1sz, dr. \u2013 K\u00f6z\u00e9piskol\u00e1it a k\u00e9zdiv\u00e1s\u00e1rhelyi R. K. F\u0151gimn.-ban \u00e9s a gyergy\u00f3szentmikl\u00f3si gimn.-ban v\u00e9gezte, ahol \u00e9retts\u00e9gizett. A katonas\u00e1g \u00e9s fogs\u00e1g ut\u00e1n a mv.-i OGYI-n v\u00e9gzett (1952), gyermekgy\u00f3gy\u00e1sz oklevelet szerzett. Az els\u0151 \u00e1llom\u00e1shelye Cs\u00edkszentm\u00e1rton. P\u00e1ly\u00e1zat \u00fatj\u00e1n a mv.-i gyermekklinik\u00e1ra ker\u00fclt, ahol f\u0151orvos, gyakornok a MOGYI gy\u00f3gyszer\u00e9szeti katedr\u00e1n (1950), tan\u00e1rseg\u00e9d, adjunktus. [&hellip;]<\/p>\n","protected":false},"featured_media":0,"comment_status":"open","ping_status":"closed","template":"","meta":[],"product_brand":[],"product_cat":[137],"product_tag":[],"class_list":{"0":"post-9289","1":"product","2":"type-product","3":"status-publish","5":"product_cat-maros-megyei-eletrajzi-lexikon","7":"first","8":"instock","9":"shipping-taxable","10":"product-type-simple"},"_links":{"self":[{"href":"https:\/\/uj.adatbank.ro\/lexikon\/wp-json\/wp\/v2\/product\/9289","targetHints":{"allow":["GET"]}}],"collection":[{"href":"https:\/\/uj.adatbank.ro\/lexikon\/wp-json\/wp\/v2\/product"}],"about":[{"href":"https:\/\/uj.adatbank.ro\/lexikon\/wp-json\/wp\/v2\/types\/product"}],"replies":[{"embeddable":true,"href":"https:\/\/uj.adatbank.ro\/lexikon\/wp-json\/wp\/v2\/comments?post=9289"}],"wp:attachment":[{"href":"https:\/\/uj.adatbank.ro\/lexikon\/wp-json\/wp\/v2\/media?parent=9289"}],"wp:term":[{"taxonomy":"product_brand","embeddable":true,"href":"https:\/\/uj.adatbank.ro\/lexikon\/wp-json\/wp\/v2\/product_brand?post=9289"},{"taxonomy":"product_cat","embeddable":true,"href":"https:\/\/uj.adatbank.ro\/lexikon\/wp-json\/wp\/v2\/product_cat?post=9289"},{"taxonomy":"product_tag","embeddable":true,"href":"https:\/\/uj.adatbank.ro\/lexikon\/wp-json\/wp\/v2\/product_tag?post=9289"}],"curies":[{"name":"wp","href":"https:\/\/api.w.org\/{rel}","templated":true}]}}

GYÖRFFY Gábor

<p>Gyergyóalfalu, 1925., † Nagykanizsa, 1997. márc.: gyermekgyógyász, dr. – Középiskoláit a kézdivásárhelyi R. K. Főgimn.-ban és a gyergyószentmiklósi gimn.-ban végezte, ahol érettségizett. A katonaság és fogság után a mv.-i OGYI-n végzett (1952), gyermekgyógyász oklevelet szerzett. Az első állomáshelye Csíkszentmárton. Pályázat útján a mv.-i gyermekklinikára került, ahol főorvos, gyakornok a MOGYI gyógyszerészeti katedrán (1950), tanársegéd, adjunktus. Dolgozott a mv.-i Szülészet és Nőgyógyászati klinikán. 54 tudományos dolgozat szerzője, amelyek m., román, angol és német nyelven jelentek meg. – <strong>F. m.:</strong> <strong>társsz.:</strong> Szülészet (Mv., 1980). <br /><strong>Irod.:</strong> Bernády; Barabás-Péter M.–Péter H. M.; Magyari; [Nekrológ] (Nú., 1997. márc. 25.); Todea–Fülöp–Avram</br></p>

<p>Gyergyóalfalu, 1925., † Nagykanizsa, 1997. márc.: gyermekgyógyász, dr. – Középiskoláit a kézdivásárhelyi R. K. Főgimn.-ban és a gyergyószentmiklósi gimn.-ban végezte, ahol érettségizett. A katonaság és fogság után a mv.-i OGYI-n végzett (1952), gyermekgyógyász oklevelet szerzett. Az első állomáshelye Csíkszentmárton. Pályázat útján a mv.-i gyermekklinikára került, ahol főorvos, gyakornok a MOGYI gyógyszerészeti katedrán (1950), tanársegéd, adjunktus. [&hellip;]</p>
