{"id":9292,"date":"2025-06-29T10:55:41","date_gmt":"2025-06-29T08:55:41","guid":{"rendered":"https:\/\/uj.adatbank.ro\/lexikon\/termek\/gyorffy-pal-2\/"},"modified":"2025-06-29T10:55:41","modified_gmt":"2025-06-29T08:55:41","slug":"gyorffy-pal-2","status":"publish","type":"product","link":"https:\/\/uj.adatbank.ro\/lexikon\/termek\/gyorffy-pal-2\/","title":{"rendered":"GY\u00d6RFFY P\u00e1l"},"content":{"rendered":"<p>Kiskapus, 1905., \u2020\u00a0Mv., 1983. febr. 2.: ref. lelk\u00e9sz. \u2013 A mv.-i Ref. Koll.-ban tett \u00e9retts\u00e9git majd a kv.-i ref. teol\u00f3gi\u00e1n lelk\u00e9szi oklevelet szerzett. Zilahon \u00e9s Mv.-en volt seg\u00e9dlelk\u00e9sz, majd a marosszentgy\u00f6rgyi ref. egyh\u00e1zk\u00f6zs\u00e9g lelk\u00e9sze lett (1927\u2013). Az EGE tagja, a Hangya fel\u00fcgyel\u0151 bizotts\u00e1g eln\u00f6ke. A falu vezet\u0151ivel (Csete B\u00e9la polg\u00e1rmester, Szil\u00e1gyi \u00c1rp\u00e1d jegyz\u0151) elhat\u00e1rozt\u00e1k az \u00e1llami rom\u00e1n tannyelv\u0171 iskola tantermeinek feloszt\u00e1s\u00e1t, iskol\u00e1k k\u00f6z\u00f6tt: k\u00e9t tantermet \u00e9s a tan\u00edt\u00f3i lak\u00e1st a ref. iskola, h\u00e1rom termet a r. k. iskola kapott. A kertet \u00e9s a tanfelszerel\u00e9st egyform\u00e1n osztott\u00e1k el. \u00cdgy felsz\u00e1ml\u00f3dott a rom\u00e1n nyelv\u0171 oktat\u00e1s a faluban. M\u00e9g k\u00e9t m. tan\u00edt\u00f3t k\u00e9rtek \u00e9s kaptak Erd\u00e9ly K\u00e1roly \u00e9s Szab\u00f3 M\u00e1rta szem\u00e9ly\u00e9ben. A r. k. iskol\u00e1ba m\u00e9g n\u00e9gy taner\u0151t helyezek (1940. okt. 2.). Az imperium v\u00e1lt\u00e1s ut\u00e1n t\u00f6bbsz\u00f6r \u00e1ll\u00edtott\u00e1k hadb\u00edr\u00f3s\u00e1g el\u00e9. <br \/><strong>Irod.:<\/strong> S\u00e2ngeorgiu de Mure\u015f: 1940\u20131944; S\u00e2ngeorgiu de Mure\u015f \u2013 \u015ecoala; Sz\u00e9kelyf\u00f6ld \u00ed. k.; [Nekrol\u00f3g](V. Z., 1983. febr. 3.)<\/br><\/p>\n","protected":false},"excerpt":{"rendered":"<p>Kiskapus, 1905., \u2020\u00a0Mv., 1983. febr. 2.: ref. lelk\u00e9sz. \u2013 A mv.-i Ref. Koll.-ban tett \u00e9retts\u00e9git majd a kv.-i ref. teol\u00f3gi\u00e1n lelk\u00e9szi oklevelet szerzett. Zilahon \u00e9s Mv.-en volt seg\u00e9dlelk\u00e9sz, majd a marosszentgy\u00f6rgyi ref. egyh\u00e1zk\u00f6zs\u00e9g lelk\u00e9sze lett (1927\u2013). Az EGE tagja, a Hangya fel\u00fcgyel\u0151 bizotts\u00e1g eln\u00f6ke. A falu vezet\u0151ivel (Csete B\u00e9la polg\u00e1rmester, Szil\u00e1gyi \u00c1rp\u00e1d jegyz\u0151) elhat\u00e1rozt\u00e1k az [&hellip;]<\/p>\n","protected":false},"featured_media":0,"comment_status":"open","ping_status":"closed","template":"","meta":[],"product_brand":[],"product_cat":[137],"product_tag":[],"class_list":{"0":"post-9292","1":"product","2":"type-product","3":"status-publish","5":"product_cat-maros-megyei-eletrajzi-lexikon","7":"first","8":"instock","9":"shipping-taxable","10":"product-type-simple"},"_links":{"self":[{"href":"https:\/\/uj.adatbank.ro\/lexikon\/wp-json\/wp\/v2\/product\/9292","targetHints":{"allow":["GET"]}}],"collection":[{"href":"https:\/\/uj.adatbank.ro\/lexikon\/wp-json\/wp\/v2\/product"}],"about":[{"href":"https:\/\/uj.adatbank.ro\/lexikon\/wp-json\/wp\/v2\/types\/product"}],"replies":[{"embeddable":true,"href":"https:\/\/uj.adatbank.ro\/lexikon\/wp-json\/wp\/v2\/comments?post=9292"}],"wp:attachment":[{"href":"https:\/\/uj.adatbank.ro\/lexikon\/wp-json\/wp\/v2\/media?parent=9292"}],"wp:term":[{"taxonomy":"product_brand","embeddable":true,"href":"https:\/\/uj.adatbank.ro\/lexikon\/wp-json\/wp\/v2\/product_brand?post=9292"},{"taxonomy":"product_cat","embeddable":true,"href":"https:\/\/uj.adatbank.ro\/lexikon\/wp-json\/wp\/v2\/product_cat?post=9292"},{"taxonomy":"product_tag","embeddable":true,"href":"https:\/\/uj.adatbank.ro\/lexikon\/wp-json\/wp\/v2\/product_tag?post=9292"}],"curies":[{"name":"wp","href":"https:\/\/api.w.org\/{rel}","templated":true}]}}

GYÖRFFY Pál

<p>Kiskapus, 1905., † Mv., 1983. febr. 2.: ref. lelkész. – A mv.-i Ref. Koll.-ban tett érettségit majd a kv.-i ref. teológián lelkészi oklevelet szerzett. Zilahon és Mv.-en volt segédlelkész, majd a marosszentgyörgyi ref. egyházközség lelkésze lett (1927–). Az EGE tagja, a Hangya felügyelő bizottság elnöke. A falu vezetőivel (Csete Béla polgármester, Szilágyi Árpád jegyző) elhatározták az állami román tannyelvű iskola tantermeinek felosztását, iskolák között: két tantermet és a tanítói lakást a ref. iskola, három termet a r. k. iskola kapott. A kertet és a tanfelszerelést egyformán osztották el. Így felszámlódott a román nyelvű oktatás a faluban. Még két m. tanítót kértek és kaptak Erdély Károly és Szabó Márta személyében. A r. k. iskolába még négy tanerőt helyezek (1940. okt. 2.). Az imperium váltás után többször állították hadbíróság elé. <br /><strong>Irod.:</strong> Sângeorgiu de Mureş: 1940–1944; Sângeorgiu de Mureş – Şcoala; Székelyföld í. k.; [Nekrológ](V. Z., 1983. febr. 3.)</br></p>

<p>Kiskapus, 1905., † Mv., 1983. febr. 2.: ref. lelkész. – A mv.-i Ref. Koll.-ban tett érettségit majd a kv.-i ref. teológián lelkészi oklevelet szerzett. Zilahon és Mv.-en volt segédlelkész, majd a marosszentgyörgyi ref. egyházközség lelkésze lett (1927–). Az EGE tagja, a Hangya felügyelő bizottság elnöke. A falu vezetőivel (Csete Béla polgármester, Szilágyi Árpád jegyző) elhatározták az [&hellip;]</p>
