{"id":9296,"date":"2025-06-29T10:55:48","date_gmt":"2025-06-29T08:55:48","guid":{"rendered":"https:\/\/uj.adatbank.ro\/lexikon\/termek\/gyorffy-zoltan\/"},"modified":"2025-06-29T10:55:48","modified_gmt":"2025-06-29T08:55:48","slug":"gyorffy-zoltan","status":"publish","type":"product","link":"https:\/\/uj.adatbank.ro\/lexikon\/termek\/gyorffy-zoltan\/","title":{"rendered":"GY\u0150RFFY Zolt\u00e1n"},"content":{"rendered":"<p>? \u2020\u00a0?: tanul\u00f3. \u2013 A mv.-i Bolyai Farkas L\u00edc. v\u00e9gzettje (1965), 19 \u00e9ves kor\u00e1ban elhunyt, eml\u00e9k\u00e9re sz\u00fclei, a Washingtonban \u00e9l\u0151 dr. Gy\u0151rffy P\u00e9ter \u00e9s feles\u00e9ge Pusk\u00e1s Ilona, valamint az AE\u00c1 \u2013ban \u00e9l\u0151 m. k\u00f6z\u00f6ss\u00e9g alap\u00edtv\u00e1nyt hozott l\u00e9tre, a Bolyai Farkas L\u00edc. di\u00e1kjai sz\u00e1m\u00e1ra, \u00e9venk\u00e9nt egyszer oszthatj\u00e1k ki h\u00e1rom di\u00e1knak. <br \/><strong>Irod.:<\/strong> Weszely Tibor: Gy. Z. alap\u00edtv\u00e1ny (N\u00fa., 1990. nov. 16.)<\/br><\/p>\n","protected":false},"excerpt":{"rendered":"<p>? \u2020\u00a0?: tanul\u00f3. \u2013 A mv.-i Bolyai Farkas L\u00edc. v\u00e9gzettje (1965), 19 \u00e9ves kor\u00e1ban elhunyt, eml\u00e9k\u00e9re sz\u00fclei, a Washingtonban \u00e9l\u0151 dr. Gy\u0151rffy P\u00e9ter \u00e9s feles\u00e9ge Pusk\u00e1s Ilona, valamint az AE\u00c1 \u2013ban \u00e9l\u0151 m. k\u00f6z\u00f6ss\u00e9g alap\u00edtv\u00e1nyt hozott l\u00e9tre, a Bolyai Farkas L\u00edc. di\u00e1kjai sz\u00e1m\u00e1ra, \u00e9venk\u00e9nt egyszer oszthatj\u00e1k ki h\u00e1rom di\u00e1knak. Irod.: Weszely Tibor: Gy. Z. alap\u00edtv\u00e1ny [&hellip;]<\/p>\n","protected":false},"featured_media":0,"comment_status":"open","ping_status":"closed","template":"","meta":[],"product_brand":[],"product_cat":[137],"product_tag":[],"class_list":{"0":"post-9296","1":"product","2":"type-product","3":"status-publish","5":"product_cat-maros-megyei-eletrajzi-lexikon","7":"first","8":"instock","9":"shipping-taxable","10":"product-type-simple"},"_links":{"self":[{"href":"https:\/\/uj.adatbank.ro\/lexikon\/wp-json\/wp\/v2\/product\/9296","targetHints":{"allow":["GET"]}}],"collection":[{"href":"https:\/\/uj.adatbank.ro\/lexikon\/wp-json\/wp\/v2\/product"}],"about":[{"href":"https:\/\/uj.adatbank.ro\/lexikon\/wp-json\/wp\/v2\/types\/product"}],"replies":[{"embeddable":true,"href":"https:\/\/uj.adatbank.ro\/lexikon\/wp-json\/wp\/v2\/comments?post=9296"}],"wp:attachment":[{"href":"https:\/\/uj.adatbank.ro\/lexikon\/wp-json\/wp\/v2\/media?parent=9296"}],"wp:term":[{"taxonomy":"product_brand","embeddable":true,"href":"https:\/\/uj.adatbank.ro\/lexikon\/wp-json\/wp\/v2\/product_brand?post=9296"},{"taxonomy":"product_cat","embeddable":true,"href":"https:\/\/uj.adatbank.ro\/lexikon\/wp-json\/wp\/v2\/product_cat?post=9296"},{"taxonomy":"product_tag","embeddable":true,"href":"https:\/\/uj.adatbank.ro\/lexikon\/wp-json\/wp\/v2\/product_tag?post=9296"}],"curies":[{"name":"wp","href":"https:\/\/api.w.org\/{rel}","templated":true}]}}