{"id":9308,"date":"2025-06-29T10:56:12","date_gmt":"2025-06-29T08:56:12","guid":{"rendered":"https:\/\/uj.adatbank.ro\/lexikon\/termek\/gyorfi-lajos\/"},"modified":"2025-06-29T10:56:12","modified_gmt":"2025-06-29T08:56:12","slug":"gyorfi-lajos","status":"publish","type":"product","link":"https:\/\/uj.adatbank.ro\/lexikon\/termek\/gyorfi-lajos\/","title":{"rendered":"GY\u00d6RFI Lajos"},"content":{"rendered":"<p>Csat\u00f3szeg, 1806. febr. 12. \u2020 Sz\u00e1szr\u00e9gen, 1874. \u00e1pr. 30.: r. k. pap, tan\u00e1r. \u2013 Papp\u00e1 szentelt\u00e9k (1829. m\u00e1rc. 14.). Mv.-en k\u00e1pl\u00e1n. Nevel\u0151 a M\u00e1riaffi csal\u00e1dn\u00e1l (1831). K\u00e1pl\u00e1n Brass\u00f3ban (1837). Szil\u00e1gysomly\u00f3n tan\u00e1r (1838). K\u00e1pl\u00e1n Cs\u00edkszentgy\u00f6rgy\u00f6n (1841), Cs\u00edksomly\u00f3n, Nagyszebenben tan\u00edtott a R. K. Tanod\u00e1ban. Pl\u00e9b\u00e1nos Sz\u00e1szr\u00e9genben (1847\u2013). R\u00e9szt vett az 1848-as forradalomban, ami\u00e9rt a szebeni hadb\u00edr\u00f3s\u00e1g el\u00e9 ker\u00fclt, \u00e9s b\u00f6rt\u00f6nbe z\u00e1rt\u00e1k (1849. okt. 2. \u2013 50), Erzs\u00e9betv\u00e1rosban volt fogoly. Szabadul\u00e1sa ut\u00e1n a gubernium megtiltotta, az oktat\u00e1sban val\u00f3 r\u00e9sztv\u00e9tel\u00e9t. Pl\u00e9b\u00e1nos Cs\u00edkszered\u00e1ban (1851), K\u00e9zdiszentl\u00e9leken (1858). <br \/><strong>Irod.:<\/strong> Ferenczi S\u00e1ndor 2009; Maros megyei m. t\u00f6rt. 5.; P\u00e1l-Antal \u2013 Szab\u00f3 2.; Tam\u00e1si Zsolt: A marosai r\u00f3mai katolikus esperesi ker\u00fclet helyzete 1848\/49-ben = P\u00e1l-Antal \u2013 Simon<\/br><\/p>\n","protected":false},"excerpt":{"rendered":"<p>Csat\u00f3szeg, 1806. febr. 12. \u2020 Sz\u00e1szr\u00e9gen, 1874. \u00e1pr. 30.: r. k. pap, tan\u00e1r. \u2013 Papp\u00e1 szentelt\u00e9k (1829. m\u00e1rc. 14.). Mv.-en k\u00e1pl\u00e1n. Nevel\u0151 a M\u00e1riaffi csal\u00e1dn\u00e1l (1831). K\u00e1pl\u00e1n Brass\u00f3ban (1837). Szil\u00e1gysomly\u00f3n tan\u00e1r (1838). K\u00e1pl\u00e1n Cs\u00edkszentgy\u00f6rgy\u00f6n (1841), Cs\u00edksomly\u00f3n, Nagyszebenben tan\u00edtott a R. K. Tanod\u00e1ban. Pl\u00e9b\u00e1nos Sz\u00e1szr\u00e9genben (1847\u2013). R\u00e9szt vett az 1848-as forradalomban, ami\u00e9rt a szebeni hadb\u00edr\u00f3s\u00e1g el\u00e9 [&hellip;]<\/p>\n","protected":false},"featured_media":0,"comment_status":"open","ping_status":"closed","template":"","meta":[],"product_brand":[],"product_cat":[137],"product_tag":[],"class_list":{"0":"post-9308","1":"product","2":"type-product","3":"status-publish","5":"product_cat-maros-megyei-eletrajzi-lexikon","7":"first","8":"instock","9":"shipping-taxable","10":"product-type-simple"},"_links":{"self":[{"href":"https:\/\/uj.adatbank.ro\/lexikon\/wp-json\/wp\/v2\/product\/9308","targetHints":{"allow":["GET"]}}],"collection":[{"href":"https:\/\/uj.adatbank.ro\/lexikon\/wp-json\/wp\/v2\/product"}],"about":[{"href":"https:\/\/uj.adatbank.ro\/lexikon\/wp-json\/wp\/v2\/types\/product"}],"replies":[{"embeddable":true,"href":"https:\/\/uj.adatbank.ro\/lexikon\/wp-json\/wp\/v2\/comments?post=9308"}],"wp:attachment":[{"href":"https:\/\/uj.adatbank.ro\/lexikon\/wp-json\/wp\/v2\/media?parent=9308"}],"wp:term":[{"taxonomy":"product_brand","embeddable":true,"href":"https:\/\/uj.adatbank.ro\/lexikon\/wp-json\/wp\/v2\/product_brand?post=9308"},{"taxonomy":"product_cat","embeddable":true,"href":"https:\/\/uj.adatbank.ro\/lexikon\/wp-json\/wp\/v2\/product_cat?post=9308"},{"taxonomy":"product_tag","embeddable":true,"href":"https:\/\/uj.adatbank.ro\/lexikon\/wp-json\/wp\/v2\/product_tag?post=9308"}],"curies":[{"name":"wp","href":"https:\/\/api.w.org\/{rel}","templated":true}]}}

GYÖRFI Lajos

<p>Csatószeg, 1806. febr. 12. † Szászrégen, 1874. ápr. 30.: r. k. pap, tanár. – Pappá szentelték (1829. márc. 14.). Mv.-en káplán. Nevelő a Máriaffi családnál (1831). Káplán Brassóban (1837). Szilágysomlyón tanár (1838). Káplán Csíkszentgyörgyön (1841), Csíksomlyón, Nagyszebenben tanított a R. K. Tanodában. Plébános Szászrégenben (1847–). Részt vett az 1848-as forradalomban, amiért a szebeni hadbíróság elé került, és börtönbe zárták (1849. okt. 2. – 50), Erzsébetvárosban volt fogoly. Szabadulása után a gubernium megtiltotta, az oktatásban való résztvételét. Plébános Csíkszeredában (1851), Kézdiszentléleken (1858). <br /><strong>Irod.:</strong> Ferenczi Sándor 2009; Maros megyei m. tört. 5.; Pál-Antal – Szabó 2.; Tamási Zsolt: A marosai római katolikus esperesi kerület helyzete 1848/49-ben = Pál-Antal – Simon</br></p>

<p>Csatószeg, 1806. febr. 12. † Szászrégen, 1874. ápr. 30.: r. k. pap, tanár. – Pappá szentelték (1829. márc. 14.). Mv.-en káplán. Nevelő a Máriaffi családnál (1831). Káplán Brassóban (1837). Szilágysomlyón tanár (1838). Káplán Csíkszentgyörgyön (1841), Csíksomlyón, Nagyszebenben tanított a R. K. Tanodában. Plébános Szászrégenben (1847–). Részt vett az 1848-as forradalomban, amiért a szebeni hadbíróság elé [&hellip;]</p>
