{"id":9310,"date":"2025-06-29T10:56:15","date_gmt":"2025-06-29T08:56:15","guid":{"rendered":"https:\/\/uj.adatbank.ro\/lexikon\/termek\/gyorfi-piroska\/"},"modified":"2025-06-29T10:56:15","modified_gmt":"2025-06-29T08:56:15","slug":"gyorfi-piroska","status":"publish","type":"product","link":"https:\/\/uj.adatbank.ro\/lexikon\/termek\/gyorfi-piroska\/","title":{"rendered":"GY\u00d6RFI Piroska"},"content":{"rendered":"<p>Mv., 1931., \u2020 Mv., 2004.: orvos, dr. \u2013 Zenekonzervat\u00f3riumot v\u00e9gzett, korrepet\u00e1l\u00e1ssal tartotta el mag\u00e1t. Mv.-en v\u00e9gezte azorvosi egyetemet (1961). K\u00f6rzeti orvos Kiskenden, Marosugr\u00e1n, majd \u00c1kosfalv\u00e1n (1988-ig). Magyarorsz\u00e1gra t\u00e1vozott, Sz\u00e1rliget k\u00f6zs\u00e9gben k\u00f6rorvos nyugd\u00edjaz\u00e1s\u00e1ig. <br \/><strong>Irod.:<\/strong> Kiss-P\u00e9terffy \u2013 P\u00e9terffy<\/br><\/p>\n","protected":false},"excerpt":{"rendered":"<p>Mv., 1931., \u2020 Mv., 2004.: orvos, dr. \u2013 Zenekonzervat\u00f3riumot v\u00e9gzett, korrepet\u00e1l\u00e1ssal tartotta el mag\u00e1t. Mv.-en v\u00e9gezte azorvosi egyetemet (1961). K\u00f6rzeti orvos Kiskenden, Marosugr\u00e1n, majd \u00c1kosfalv\u00e1n (1988-ig). Magyarorsz\u00e1gra t\u00e1vozott, Sz\u00e1rliget k\u00f6zs\u00e9gben k\u00f6rorvos nyugd\u00edjaz\u00e1s\u00e1ig. Irod.: Kiss-P\u00e9terffy \u2013 P\u00e9terffy<\/p>\n","protected":false},"featured_media":0,"comment_status":"open","ping_status":"closed","template":"","meta":[],"product_brand":[],"product_cat":[137],"product_tag":[],"class_list":{"0":"post-9310","1":"product","2":"type-product","3":"status-publish","5":"product_cat-maros-megyei-eletrajzi-lexikon","7":"first","8":"instock","9":"shipping-taxable","10":"product-type-simple"},"_links":{"self":[{"href":"https:\/\/uj.adatbank.ro\/lexikon\/wp-json\/wp\/v2\/product\/9310","targetHints":{"allow":["GET"]}}],"collection":[{"href":"https:\/\/uj.adatbank.ro\/lexikon\/wp-json\/wp\/v2\/product"}],"about":[{"href":"https:\/\/uj.adatbank.ro\/lexikon\/wp-json\/wp\/v2\/types\/product"}],"replies":[{"embeddable":true,"href":"https:\/\/uj.adatbank.ro\/lexikon\/wp-json\/wp\/v2\/comments?post=9310"}],"wp:attachment":[{"href":"https:\/\/uj.adatbank.ro\/lexikon\/wp-json\/wp\/v2\/media?parent=9310"}],"wp:term":[{"taxonomy":"product_brand","embeddable":true,"href":"https:\/\/uj.adatbank.ro\/lexikon\/wp-json\/wp\/v2\/product_brand?post=9310"},{"taxonomy":"product_cat","embeddable":true,"href":"https:\/\/uj.adatbank.ro\/lexikon\/wp-json\/wp\/v2\/product_cat?post=9310"},{"taxonomy":"product_tag","embeddable":true,"href":"https:\/\/uj.adatbank.ro\/lexikon\/wp-json\/wp\/v2\/product_tag?post=9310"}],"curies":[{"name":"wp","href":"https:\/\/api.w.org\/{rel}","templated":true}]}}