{"id":9316,"date":"2025-06-29T10:56:26","date_gmt":"2025-06-29T08:56:26","guid":{"rendered":"https:\/\/uj.adatbank.ro\/lexikon\/termek\/gyorfy-bereczky-laszlo-torboszloi\/"},"modified":"2025-06-29T10:56:26","modified_gmt":"2025-06-29T08:56:26","slug":"gyorfy-bereczky-laszlo-torboszloi","status":"publish","type":"product","link":"https:\/\/uj.adatbank.ro\/lexikon\/termek\/gyorfy-bereczky-laszlo-torboszloi\/","title":{"rendered":"GY\u0150RFY-Bereczky L\u00e1szl\u00f3, torboszl\u00f3i"},"content":{"rendered":"<p>Buz\u00e1sbeseny\u0151, 1871.? \u2020\u00a0Buz\u00e1sbeseny\u0151, 1913. nov. 21. Buz\u00e1sbeseny\u0151ben temett\u00e9k: m\u00e9rn\u00f6k. \u2013 Bereczky Gyula \u00e9s Nyit\u00f3 \u00c1gnes fia. Feles\u00e9ge: Finna Kl\u00e1ra. Gyermekeik: Margit, Olga, P\u00e9ter, Ir\u00e9n. \u2013 M. kir. \u00e1llamvas\u00fati oszt\u00e1lyvezet\u0151 m\u00e9rn\u00f6k. <br \/><strong>Irod.:<\/strong> Gy\u00e1szjelent\u0151<\/br><\/p>\n","protected":false},"excerpt":{"rendered":"<p>Buz\u00e1sbeseny\u0151, 1871.? \u2020\u00a0Buz\u00e1sbeseny\u0151, 1913. nov. 21. Buz\u00e1sbeseny\u0151ben temett\u00e9k: m\u00e9rn\u00f6k. \u2013 Bereczky Gyula \u00e9s Nyit\u00f3 \u00c1gnes fia. Feles\u00e9ge: Finna Kl\u00e1ra. Gyermekeik: Margit, Olga, P\u00e9ter, Ir\u00e9n. \u2013 M. kir. \u00e1llamvas\u00fati oszt\u00e1lyvezet\u0151 m\u00e9rn\u00f6k. Irod.: Gy\u00e1szjelent\u0151<\/p>\n","protected":false},"featured_media":0,"comment_status":"open","ping_status":"closed","template":"","meta":[],"product_brand":[],"product_cat":[137],"product_tag":[],"class_list":{"0":"post-9316","1":"product","2":"type-product","3":"status-publish","5":"product_cat-maros-megyei-eletrajzi-lexikon","7":"first","8":"instock","9":"shipping-taxable","10":"product-type-simple"},"_links":{"self":[{"href":"https:\/\/uj.adatbank.ro\/lexikon\/wp-json\/wp\/v2\/product\/9316","targetHints":{"allow":["GET"]}}],"collection":[{"href":"https:\/\/uj.adatbank.ro\/lexikon\/wp-json\/wp\/v2\/product"}],"about":[{"href":"https:\/\/uj.adatbank.ro\/lexikon\/wp-json\/wp\/v2\/types\/product"}],"replies":[{"embeddable":true,"href":"https:\/\/uj.adatbank.ro\/lexikon\/wp-json\/wp\/v2\/comments?post=9316"}],"wp:attachment":[{"href":"https:\/\/uj.adatbank.ro\/lexikon\/wp-json\/wp\/v2\/media?parent=9316"}],"wp:term":[{"taxonomy":"product_brand","embeddable":true,"href":"https:\/\/uj.adatbank.ro\/lexikon\/wp-json\/wp\/v2\/product_brand?post=9316"},{"taxonomy":"product_cat","embeddable":true,"href":"https:\/\/uj.adatbank.ro\/lexikon\/wp-json\/wp\/v2\/product_cat?post=9316"},{"taxonomy":"product_tag","embeddable":true,"href":"https:\/\/uj.adatbank.ro\/lexikon\/wp-json\/wp\/v2\/product_tag?post=9316"}],"curies":[{"name":"wp","href":"https:\/\/api.w.org\/{rel}","templated":true}]}}