{"id":9326,"date":"2025-06-29T10:56:47","date_gmt":"2025-06-29T08:56:47","guid":{"rendered":"https:\/\/uj.adatbank.ro\/lexikon\/termek\/gyorgy-borgo-csaba\/"},"modified":"2025-06-29T10:56:47","modified_gmt":"2025-06-29T08:56:47","slug":"gyorgy-borgo-csaba","status":"publish","type":"product","link":"https:\/\/uj.adatbank.ro\/lexikon\/termek\/gyorgy-borgo-csaba\/","title":{"rendered":"GY\u00d6RGY Borg\u00f3 Csaba"},"content":{"rendered":"<p>Mv., 1950. \u2020\u00a0? : fest\u0151. \u2013 Erd\u00e9lyi fest\u0151, grafikus. A tanulm\u00e1nyait a kv.-i K\u00e9pz\u0151m\u0171v\u00e9szeti F\u0151iskol\u00e1n v\u00e9gezte. Mv.-en a St\u00fadi\u00f3 efyik vez\u00e9regy\u00e9nis\u00e9ge volt. Magyarorsz\u00e1gon \u00e9lt (1988\u2013). <br \/><strong>Irod.:<\/strong> Szab\u00f3\u2013K\u00e1llai<\/br><\/p>\n","protected":false},"excerpt":{"rendered":"<p>Mv., 1950. \u2020\u00a0? : fest\u0151. \u2013 Erd\u00e9lyi fest\u0151, grafikus. A tanulm\u00e1nyait a kv.-i K\u00e9pz\u0151m\u0171v\u00e9szeti F\u0151iskol\u00e1n v\u00e9gezte. Mv.-en a St\u00fadi\u00f3 efyik vez\u00e9regy\u00e9nis\u00e9ge volt. Magyarorsz\u00e1gon \u00e9lt (1988\u2013). Irod.: Szab\u00f3\u2013K\u00e1llai<\/p>\n","protected":false},"featured_media":0,"comment_status":"open","ping_status":"closed","template":"","meta":[],"product_brand":[],"product_cat":[137],"product_tag":[],"class_list":{"0":"post-9326","1":"product","2":"type-product","3":"status-publish","5":"product_cat-maros-megyei-eletrajzi-lexikon","7":"first","8":"instock","9":"shipping-taxable","10":"product-type-simple"},"_links":{"self":[{"href":"https:\/\/uj.adatbank.ro\/lexikon\/wp-json\/wp\/v2\/product\/9326","targetHints":{"allow":["GET"]}}],"collection":[{"href":"https:\/\/uj.adatbank.ro\/lexikon\/wp-json\/wp\/v2\/product"}],"about":[{"href":"https:\/\/uj.adatbank.ro\/lexikon\/wp-json\/wp\/v2\/types\/product"}],"replies":[{"embeddable":true,"href":"https:\/\/uj.adatbank.ro\/lexikon\/wp-json\/wp\/v2\/comments?post=9326"}],"wp:attachment":[{"href":"https:\/\/uj.adatbank.ro\/lexikon\/wp-json\/wp\/v2\/media?parent=9326"}],"wp:term":[{"taxonomy":"product_brand","embeddable":true,"href":"https:\/\/uj.adatbank.ro\/lexikon\/wp-json\/wp\/v2\/product_brand?post=9326"},{"taxonomy":"product_cat","embeddable":true,"href":"https:\/\/uj.adatbank.ro\/lexikon\/wp-json\/wp\/v2\/product_cat?post=9326"},{"taxonomy":"product_tag","embeddable":true,"href":"https:\/\/uj.adatbank.ro\/lexikon\/wp-json\/wp\/v2\/product_tag?post=9326"}],"curies":[{"name":"wp","href":"https:\/\/api.w.org\/{rel}","templated":true}]}}