{"id":9328,"date":"2025-06-29T10:56:53","date_gmt":"2025-06-29T08:56:53","guid":{"rendered":"https:\/\/uj.adatbank.ro\/lexikon\/termek\/gyorgy-denes-2\/"},"modified":"2025-06-29T10:56:53","modified_gmt":"2025-06-29T08:56:53","slug":"gyorgy-denes-2","status":"publish","type":"product","link":"https:\/\/uj.adatbank.ro\/lexikon\/termek\/gyorgy-denes-2\/","title":{"rendered":"GY\u00d6RGY D\u00e9nes"},"content":{"rendered":"<p>Gyergy\u00f3kily\u00e9nfalva, 1887. jan. 9., \u2020 Kv., 1983. aug. 8. A h\u00e1zsong\u00e1rdi temet\u0151ben nyugszik: szerkeszt\u0151, szaval\u00f3m\u0171v\u00e9sz. \u2013 A kv.-i egy.-en m. -latin-t\u00f6rt\u00e9nelem szakos tan\u00e1ri oklevelet szerzett (1911). A mv.-i r. k. f\u0151gimn. fi\u00faneveld\u00e9j\u00e9ben fel\u00fcgyel\u0151tan\u00e1r (subregens) (1911\u201314), a kv.-i Marianum le\u00e1nygimn. m. irodalom tan\u00e1ra (1914\u201325), a kv.-i \u00dajs\u00e1g felel\u0151s kiad\u00f3ja (1925\u2013), a P\u00e1sztort\u0171z szerk. -s\u00e9gi munkat\u00e1rsa (1927\u2013), k\u00f6zrem\u0171k\u00f6d\u00f6tt a nagyv\u00e1radi Erd\u00e9lyi L. megind\u00edt\u00e1s\u00e1ban (1932\u2013). Az erd\u00e9lyi \u00edr\u00f3k egy csoportj\u00e1val irodalmi esteken l\u00e9pett fel erd\u00e9lyi v\u00e1rosokban \u00e9s Magyarorsz\u00e1gon (1928). Szaval\u00f3m\u0171v\u00e9szk\u00e9nt szerepelt (1933\u201340). A rom\u00e1naiai m. irodalom propag\u00e1l\u00f3ja volt, szereplt ez EIT estjein. Saj\u00e1tos el\u0151ad\u00f3i st\u00edlust alak\u00edtott ki. M\u0171sor\u00e1n 250 k\u00f6lt\u0151i alkot\u00e1s szerepelt. A kv.-i gyakorl\u00f3gimn. tan\u00e1ra nyugd\u00edjazt\u00e1s\u00e1ig (1940\u201348), el\u0151ad\u00f3k\u00f6r\u00fatjait nyugd\u00edjask\u00e9nt is folytatta. <br \/><strong>Irod.:<\/strong> Balogh Edg\u00e1r 1974; Dsida; H\u00e1zsong\u00e1rd; Id\u0151t\u00e1r 4; K\u00f6t\u0151; \u00daM\u00c9L<\/br><\/p>\n","protected":false},"excerpt":{"rendered":"<p>Gyergy\u00f3kily\u00e9nfalva, 1887. jan. 9., \u2020 Kv., 1983. aug. 8. A h\u00e1zsong\u00e1rdi temet\u0151ben nyugszik: szerkeszt\u0151, szaval\u00f3m\u0171v\u00e9sz. \u2013 A kv.-i egy.-en m. -latin-t\u00f6rt\u00e9nelem szakos tan\u00e1ri oklevelet szerzett (1911). A mv.-i r. k. f\u0151gimn. fi\u00faneveld\u00e9j\u00e9ben fel\u00fcgyel\u0151tan\u00e1r (subregens) (1911\u201314), a kv.-i Marianum le\u00e1nygimn. m. irodalom tan\u00e1ra (1914\u201325), a kv.-i \u00dajs\u00e1g felel\u0151s kiad\u00f3ja (1925\u2013), a P\u00e1sztort\u0171z szerk. -s\u00e9gi munkat\u00e1rsa (1927\u2013), [&hellip;]<\/p>\n","protected":false},"featured_media":0,"comment_status":"open","ping_status":"closed","template":"","meta":[],"product_brand":[],"product_cat":[137],"product_tag":[],"class_list":{"0":"post-9328","1":"product","2":"type-product","3":"status-publish","5":"product_cat-maros-megyei-eletrajzi-lexikon","7":"first","8":"instock","9":"shipping-taxable","10":"product-type-simple"},"_links":{"self":[{"href":"https:\/\/uj.adatbank.ro\/lexikon\/wp-json\/wp\/v2\/product\/9328","targetHints":{"allow":["GET"]}}],"collection":[{"href":"https:\/\/uj.adatbank.ro\/lexikon\/wp-json\/wp\/v2\/product"}],"about":[{"href":"https:\/\/uj.adatbank.ro\/lexikon\/wp-json\/wp\/v2\/types\/product"}],"replies":[{"embeddable":true,"href":"https:\/\/uj.adatbank.ro\/lexikon\/wp-json\/wp\/v2\/comments?post=9328"}],"wp:attachment":[{"href":"https:\/\/uj.adatbank.ro\/lexikon\/wp-json\/wp\/v2\/media?parent=9328"}],"wp:term":[{"taxonomy":"product_brand","embeddable":true,"href":"https:\/\/uj.adatbank.ro\/lexikon\/wp-json\/wp\/v2\/product_brand?post=9328"},{"taxonomy":"product_cat","embeddable":true,"href":"https:\/\/uj.adatbank.ro\/lexikon\/wp-json\/wp\/v2\/product_cat?post=9328"},{"taxonomy":"product_tag","embeddable":true,"href":"https:\/\/uj.adatbank.ro\/lexikon\/wp-json\/wp\/v2\/product_tag?post=9328"}],"curies":[{"name":"wp","href":"https:\/\/api.w.org\/{rel}","templated":true}]}}

GYÖRGY Dénes

<p>Gyergyókilyénfalva, 1887. jan. 9., † Kv., 1983. aug. 8. A házsongárdi temetőben nyugszik: szerkesztő, szavalóművész. – A kv.-i egy.-en m. -latin-történelem szakos tanári oklevelet szerzett (1911). A mv.-i r. k. főgimn. fiúneveldéjében felügyelőtanár (subregens) (1911–14), a kv.-i Marianum leánygimn. m. irodalom tanára (1914–25), a kv.-i Újság felelős kiadója (1925–), a Pásztortűz szerk. -ségi munkatársa (1927–), közreműködött a nagyváradi Erdélyi L. megindításában (1932–). Az erdélyi írók egy csoportjával irodalmi esteken lépett fel erdélyi városokban és Magyarországon (1928). Szavalóművészként szerepelt (1933–40). A románaiai m. irodalom propagálója volt, szereplt ez EIT estjein. Sajátos előadói stílust alakított ki. Műsorán 250 költői alkotás szerepelt. A kv.-i gyakorlógimn. tanára nyugdíjaztásáig (1940–48), előadókörútjait nyugdíjasként is folytatta. <br /><strong>Irod.:</strong> Balogh Edgár 1974; Dsida; Házsongárd; Időtár 4; Kötő; ÚMÉL</br></p>

<p>Gyergyókilyénfalva, 1887. jan. 9., † Kv., 1983. aug. 8. A házsongárdi temetőben nyugszik: szerkesztő, szavalóművész. – A kv.-i egy.-en m. -latin-történelem szakos tanári oklevelet szerzett (1911). A mv.-i r. k. főgimn. fiúneveldéjében felügyelőtanár (subregens) (1911–14), a kv.-i Marianum leánygimn. m. irodalom tanára (1914–25), a kv.-i Újság felelős kiadója (1925–), a Pásztortűz szerk. -ségi munkatársa (1927–), [&hellip;]</p>
