{"id":9330,"date":"2025-06-29T10:56:59","date_gmt":"2025-06-29T08:56:59","guid":{"rendered":"https:\/\/uj.adatbank.ro\/lexikon\/termek\/gyorgy-fazakas-erno\/"},"modified":"2025-06-29T10:56:59","modified_gmt":"2025-06-29T08:56:59","slug":"gyorgy-fazakas-erno","status":"publish","type":"product","link":"https:\/\/uj.adatbank.ro\/lexikon\/termek\/gyorgy-fazakas-erno\/","title":{"rendered":"GY\u00d6RGY FAZAKAS Ern\u0151"},"content":{"rendered":"<p>Gyergy\u00f3szentmikl\u00f3s, 1935. febr. 4. \u2020 Mv., 1985. dec. 24.: tan\u00e1r. \u2013 Az udvarhelyi tan\u00edt\u00f3k\u00e9pz\u0151ben szerzett okl. -t, majd Kv.-on levelez\u0151 hallgat\u00f3k\u00e9nt tan\u00e1ri k\u00e9pes\u00edt\u00e9st nyert. Sz\u00e9kesen 16 \u00e9ven \u00e1t tan\u00edtott (1960\u201376), ahol k\u00f6zben iskola igazgat\u00f3 is volt (1960\u201368). A sz\u00e9kesi iskola fels\u0151 tagozat\u00e1nak megsz\u00fcntet\u00e9se ut\u00e1n Sz\u00e9kelyk\u00e1l fels\u0151 tagozat\u00e1n tan\u00edtott (1976\u201379), majd Nagyerny\u00e9ben lett tan\u00e1r \u00e9s kult\u00farigazgat\u00f3 (1979\u201385). <br \/><strong>Irod.:<\/strong> Nemes S\u00e1ndor: A sz\u00e9kesi iskola 1948\u20131976 k\u00f6z\u00f6tt =  Eml\u00e9kk. Szab\u00f3 Mikl\u00f3s; Sz\u00e9kes<\/br><\/p>\n","protected":false},"excerpt":{"rendered":"<p>Gyergy\u00f3szentmikl\u00f3s, 1935. febr. 4. \u2020 Mv., 1985. dec. 24.: tan\u00e1r. \u2013 Az udvarhelyi tan\u00edt\u00f3k\u00e9pz\u0151ben szerzett okl. -t, majd Kv.-on levelez\u0151 hallgat\u00f3k\u00e9nt tan\u00e1ri k\u00e9pes\u00edt\u00e9st nyert. Sz\u00e9kesen 16 \u00e9ven \u00e1t tan\u00edtott (1960\u201376), ahol k\u00f6zben iskola igazgat\u00f3 is volt (1960\u201368). A sz\u00e9kesi iskola fels\u0151 tagozat\u00e1nak megsz\u00fcntet\u00e9se ut\u00e1n Sz\u00e9kelyk\u00e1l fels\u0151 tagozat\u00e1n tan\u00edtott (1976\u201379), majd Nagyerny\u00e9ben lett tan\u00e1r \u00e9s kult\u00farigazgat\u00f3 [&hellip;]<\/p>\n","protected":false},"featured_media":0,"comment_status":"open","ping_status":"closed","template":"","meta":[],"product_brand":[],"product_cat":[137],"product_tag":[],"class_list":{"0":"post-9330","1":"product","2":"type-product","3":"status-publish","5":"product_cat-maros-megyei-eletrajzi-lexikon","7":"first","8":"instock","9":"shipping-taxable","10":"product-type-simple"},"_links":{"self":[{"href":"https:\/\/uj.adatbank.ro\/lexikon\/wp-json\/wp\/v2\/product\/9330","targetHints":{"allow":["GET"]}}],"collection":[{"href":"https:\/\/uj.adatbank.ro\/lexikon\/wp-json\/wp\/v2\/product"}],"about":[{"href":"https:\/\/uj.adatbank.ro\/lexikon\/wp-json\/wp\/v2\/types\/product"}],"replies":[{"embeddable":true,"href":"https:\/\/uj.adatbank.ro\/lexikon\/wp-json\/wp\/v2\/comments?post=9330"}],"wp:attachment":[{"href":"https:\/\/uj.adatbank.ro\/lexikon\/wp-json\/wp\/v2\/media?parent=9330"}],"wp:term":[{"taxonomy":"product_brand","embeddable":true,"href":"https:\/\/uj.adatbank.ro\/lexikon\/wp-json\/wp\/v2\/product_brand?post=9330"},{"taxonomy":"product_cat","embeddable":true,"href":"https:\/\/uj.adatbank.ro\/lexikon\/wp-json\/wp\/v2\/product_cat?post=9330"},{"taxonomy":"product_tag","embeddable":true,"href":"https:\/\/uj.adatbank.ro\/lexikon\/wp-json\/wp\/v2\/product_tag?post=9330"}],"curies":[{"name":"wp","href":"https:\/\/api.w.org\/{rel}","templated":true}]}}

GYÖRGY FAZAKAS Ernő

<p>Gyergyószentmiklós, 1935. febr. 4. † Mv., 1985. dec. 24.: tanár. – Az udvarhelyi tanítóképzőben szerzett okl. -t, majd Kv.-on levelező hallgatóként tanári képesítést nyert. Székesen 16 éven át tanított (1960–76), ahol közben iskola igazgató is volt (1960–68). A székesi iskola felső tagozatának megszüntetése után Székelykál felső tagozatán tanított (1976–79), majd Nagyernyében lett tanár és kultúrigazgató (1979–85). <br /><strong>Irod.:</strong> Nemes Sándor: A székesi iskola 1948–1976 között =  Emlékk. Szabó Miklós; Székes</br></p>

<p>Gyergyószentmiklós, 1935. febr. 4. † Mv., 1985. dec. 24.: tanár. – Az udvarhelyi tanítóképzőben szerzett okl. -t, majd Kv.-on levelező hallgatóként tanári képesítést nyert. Székesen 16 éven át tanított (1960–76), ahol közben iskola igazgató is volt (1960–68). A székesi iskola felső tagozatának megszüntetése után Székelykál felső tagozatán tanított (1976–79), majd Nagyernyében lett tanár és kultúrigazgató [&hellip;]</p>
