{"id":9331,"date":"2025-06-29T10:57:05","date_gmt":"2025-06-29T08:57:05","guid":{"rendered":"https:\/\/uj.adatbank.ro\/lexikon\/termek\/gyorgy-imre\/"},"modified":"2025-06-29T10:57:05","modified_gmt":"2025-06-29T08:57:05","slug":"gyorgy-imre","status":"publish","type":"product","link":"https:\/\/uj.adatbank.ro\/lexikon\/termek\/gyorgy-imre\/","title":{"rendered":"GY\u00d6RGY Imre"},"content":{"rendered":"<p>Gyergy\u00f3szentmikl\u00f3s, 1980. jan. 1., \u2020\u00a0?\u00a0: tan\u00e1r. \u2013 Sz\u00fcl\u0151v\u00e1ros\u00e1ban v\u00e9gezte az elemi iskol\u00e1t, Szil\u00e1gysomly\u00f3n a k\u00f6z\u00e9piskol\u00e1t \u00e9s \u00e9retts\u00e9gizett (1909). A kv.-i egyetemen szerzett matematika \u00e9s fizika tan\u00e1ri diplom\u00e1t (1909\u201315). Rom\u00e1n nyelvb\u0151l vizsg\u00e1zott (1924). Tan\u00edtott Mak\u00f3ban (1913\u201314), helyettes tan\u00e1r Cs\u00edkszered\u00e1ban a R. K. Gimn.-ban (1914\u201316), Sz\u00e9kelyudvarhelyen (1916 \u2013 21. Mv.-en a le\u00e1ny l\u00edc. (1921\u201323), az Unirea L\u00edc. (1923\u201324), a Papiu Ilarian L\u00edc. kinevezett matematika tan\u00e1ra betegnyugd\u00edjaz\u00e1s\u00e1ig (1924. szept. 1. \u2013 1935. j\u00fan. 1.). <br \/><strong>Irod.:<\/strong> Ciortea; M\u0103rtina\u015f<\/br><\/p>\n","protected":false},"excerpt":{"rendered":"<p>Gyergy\u00f3szentmikl\u00f3s, 1980. jan. 1., \u2020\u00a0?\u00a0: tan\u00e1r. \u2013 Sz\u00fcl\u0151v\u00e1ros\u00e1ban v\u00e9gezte az elemi iskol\u00e1t, Szil\u00e1gysomly\u00f3n a k\u00f6z\u00e9piskol\u00e1t \u00e9s \u00e9retts\u00e9gizett (1909). A kv.-i egyetemen szerzett matematika \u00e9s fizika tan\u00e1ri diplom\u00e1t (1909\u201315). Rom\u00e1n nyelvb\u0151l vizsg\u00e1zott (1924). Tan\u00edtott Mak\u00f3ban (1913\u201314), helyettes tan\u00e1r Cs\u00edkszered\u00e1ban a R. K. Gimn.-ban (1914\u201316), Sz\u00e9kelyudvarhelyen (1916 \u2013 21. Mv.-en a le\u00e1ny l\u00edc. (1921\u201323), az Unirea L\u00edc. [&hellip;]<\/p>\n","protected":false},"featured_media":0,"comment_status":"open","ping_status":"closed","template":"","meta":[],"product_brand":[],"product_cat":[137],"product_tag":[],"class_list":{"0":"post-9331","1":"product","2":"type-product","3":"status-publish","5":"product_cat-maros-megyei-eletrajzi-lexikon","7":"first","8":"instock","9":"shipping-taxable","10":"product-type-simple"},"_links":{"self":[{"href":"https:\/\/uj.adatbank.ro\/lexikon\/wp-json\/wp\/v2\/product\/9331","targetHints":{"allow":["GET"]}}],"collection":[{"href":"https:\/\/uj.adatbank.ro\/lexikon\/wp-json\/wp\/v2\/product"}],"about":[{"href":"https:\/\/uj.adatbank.ro\/lexikon\/wp-json\/wp\/v2\/types\/product"}],"replies":[{"embeddable":true,"href":"https:\/\/uj.adatbank.ro\/lexikon\/wp-json\/wp\/v2\/comments?post=9331"}],"wp:attachment":[{"href":"https:\/\/uj.adatbank.ro\/lexikon\/wp-json\/wp\/v2\/media?parent=9331"}],"wp:term":[{"taxonomy":"product_brand","embeddable":true,"href":"https:\/\/uj.adatbank.ro\/lexikon\/wp-json\/wp\/v2\/product_brand?post=9331"},{"taxonomy":"product_cat","embeddable":true,"href":"https:\/\/uj.adatbank.ro\/lexikon\/wp-json\/wp\/v2\/product_cat?post=9331"},{"taxonomy":"product_tag","embeddable":true,"href":"https:\/\/uj.adatbank.ro\/lexikon\/wp-json\/wp\/v2\/product_tag?post=9331"}],"curies":[{"name":"wp","href":"https:\/\/api.w.org\/{rel}","templated":true}]}}

GYÖRGY Imre

<p>Gyergyószentmiklós, 1980. jan. 1., † ? : tanár. – Szülővárosában végezte az elemi iskolát, Szilágysomlyón a középiskolát és érettségizett (1909). A kv.-i egyetemen szerzett matematika és fizika tanári diplomát (1909–15). Román nyelvből vizsgázott (1924). Tanított Makóban (1913–14), helyettes tanár Csíkszeredában a R. K. Gimn.-ban (1914–16), Székelyudvarhelyen (1916 – 21. Mv.-en a leány líc. (1921–23), az Unirea Líc. (1923–24), a Papiu Ilarian Líc. kinevezett matematika tanára betegnyugdíjazásáig (1924. szept. 1. – 1935. jún. 1.). <br /><strong>Irod.:</strong> Ciortea; Mărtinaş</br></p>

<p>Gyergyószentmiklós, 1980. jan. 1., † ? : tanár. – Szülővárosában végezte az elemi iskolát, Szilágysomlyón a középiskolát és érettségizett (1909). A kv.-i egyetemen szerzett matematika és fizika tanári diplomát (1909–15). Román nyelvből vizsgázott (1924). Tanított Makóban (1913–14), helyettes tanár Csíkszeredában a R. K. Gimn.-ban (1914–16), Székelyudvarhelyen (1916 – 21. Mv.-en a leány líc. (1921–23), az Unirea Líc. [&hellip;]</p>
