{"id":9333,"date":"2025-06-29T10:57:08","date_gmt":"2025-06-29T08:57:08","guid":{"rendered":"https:\/\/uj.adatbank.ro\/lexikon\/termek\/gyorgy-istvan\/"},"modified":"2025-06-29T10:57:08","modified_gmt":"2025-06-29T08:57:08","slug":"gyorgy-istvan","status":"publish","type":"product","link":"https:\/\/uj.adatbank.ro\/lexikon\/termek\/gyorgy-istvan\/","title":{"rendered":"GY\u00d6RGY Istv\u00e1n"},"content":{"rendered":"<p>Tompa, 1919., \u2020\u00a0Mv., 1977.: szabadfog\u00e1s\u00fa birkoz\u00f3, edz\u0151. \u2013 Mv-en meghonos\u00edtotta \u00e9s fellend\u00edtette a b\u00edrkoz\u00f3 sportot. \u00c9vtizedeken kereszt\u00fcl edz\u0151 volt Mv.-en a Voin\u0163a \/ Akarat \u00e9s Mure\u015ful \/ Maros sportklubbokn\u00e1l (1960\u201375), a rom\u00e1n szabadfog\u00e1s\u00fa birk\u00f3z\u00e1s \u00e9rdemes mestere lett. T\u00f6bb sportol\u00f3t nevelt, akik olimpi\u00e1n, vil\u00e1gbajnoks\u00e1gokon vettek r\u00e9szt, mint Simon L\u00e1szl\u00f3, aki a rom\u00e1niai b\u00edrk\u00f3z\u00e1s t\u00f6rt\u00e9net\u00e9ben az els\u0151 vil\u00e1gbajnok volt Isztambulban (1974), Ballai S\u00e1ndor, Hajd\u00fa J\u00e1nos, Ormeni\u015fan Radu, Ball\u00f3 Ferenc, aki nyerte az els\u0151 Eur\u00f3pa-bajnoki c\u00edmet (1962), Ambrus Lajos, Hath\u00e1zi K\u00e1roly. A vb. -n nyolc s\u00falycsoportban tan\u00edtv\u00e1nyai: Ball\u00f3, Hath\u00e1zi \u00e9s Gyarmati lettek arany\u00e9rmesek (1963). \u00c9rdemes edz\u0151, post mortem. Gy\u00f6rgy Istv\u00e1n Eml\u00e9kverseny megrendez\u00e9s\u00e9vel, eml\u00e9kkupa nyer\u00e9s\u00e9vel tisztelegnek eml\u00e9ke el\u0151tt a mai sportol\u00f3k (1993\u2013). <br \/><strong>Irod.:<\/strong> Derzsi \u2013 Fekete; Gy\u00f6rgy Istv\u00e1n Eml\u00e9kkupa (N\u00fa., 1993. nov. 30.); Simon Apolt: Szabadfog\u00e1s\u00fa birk\u00f3z\u00e1s: Gy. I. eml\u00e9kverseny (N\u00fa., 1994. dec. 14.); Vajda Gy\u00f6rgy: Gy. I. eml\u00e9k\u00e9re \u2013 negyedszer (N\u00fa., 1996. dec. 10.)<\/br><\/p>\n","protected":false},"excerpt":{"rendered":"<p>Tompa, 1919., \u2020\u00a0Mv., 1977.: szabadfog\u00e1s\u00fa birkoz\u00f3, edz\u0151. \u2013 Mv-en meghonos\u00edtotta \u00e9s fellend\u00edtette a b\u00edrkoz\u00f3 sportot. \u00c9vtizedeken kereszt\u00fcl edz\u0151 volt Mv.-en a Voin\u0163a \/ Akarat \u00e9s Mure\u015ful \/ Maros sportklubbokn\u00e1l (1960\u201375), a rom\u00e1n szabadfog\u00e1s\u00fa birk\u00f3z\u00e1s \u00e9rdemes mestere lett. T\u00f6bb sportol\u00f3t nevelt, akik olimpi\u00e1n, vil\u00e1gbajnoks\u00e1gokon vettek r\u00e9szt, mint Simon L\u00e1szl\u00f3, aki a rom\u00e1niai b\u00edrk\u00f3z\u00e1s t\u00f6rt\u00e9net\u00e9ben az els\u0151 [&hellip;]<\/p>\n","protected":false},"featured_media":0,"comment_status":"open","ping_status":"closed","template":"","meta":[],"product_brand":[],"product_cat":[137],"product_tag":[],"class_list":{"0":"post-9333","1":"product","2":"type-product","3":"status-publish","5":"product_cat-maros-megyei-eletrajzi-lexikon","7":"first","8":"instock","9":"shipping-taxable","10":"product-type-simple"},"_links":{"self":[{"href":"https:\/\/uj.adatbank.ro\/lexikon\/wp-json\/wp\/v2\/product\/9333","targetHints":{"allow":["GET"]}}],"collection":[{"href":"https:\/\/uj.adatbank.ro\/lexikon\/wp-json\/wp\/v2\/product"}],"about":[{"href":"https:\/\/uj.adatbank.ro\/lexikon\/wp-json\/wp\/v2\/types\/product"}],"replies":[{"embeddable":true,"href":"https:\/\/uj.adatbank.ro\/lexikon\/wp-json\/wp\/v2\/comments?post=9333"}],"wp:attachment":[{"href":"https:\/\/uj.adatbank.ro\/lexikon\/wp-json\/wp\/v2\/media?parent=9333"}],"wp:term":[{"taxonomy":"product_brand","embeddable":true,"href":"https:\/\/uj.adatbank.ro\/lexikon\/wp-json\/wp\/v2\/product_brand?post=9333"},{"taxonomy":"product_cat","embeddable":true,"href":"https:\/\/uj.adatbank.ro\/lexikon\/wp-json\/wp\/v2\/product_cat?post=9333"},{"taxonomy":"product_tag","embeddable":true,"href":"https:\/\/uj.adatbank.ro\/lexikon\/wp-json\/wp\/v2\/product_tag?post=9333"}],"curies":[{"name":"wp","href":"https:\/\/api.w.org\/{rel}","templated":true}]}}

GYÖRGY István

<p>Tompa, 1919., † Mv., 1977.: szabadfogású birkozó, edző. – Mv-en meghonosította és fellendítette a bírkozó sportot. Évtizedeken keresztül edző volt Mv.-en a Voinţa / Akarat és Mureşul / Maros sportklubboknál (1960–75), a román szabadfogású birkózás érdemes mestere lett. Több sportolót nevelt, akik olimpián, világbajnokságokon vettek részt, mint Simon László, aki a romániai bírkózás történetében az első világbajnok volt Isztambulban (1974), Ballai Sándor, Hajdú János, Ormenişan Radu, Balló Ferenc, aki nyerte az első Európa-bajnoki címet (1962), Ambrus Lajos, Hatházi Károly. A vb. -n nyolc súlycsoportban tanítványai: Balló, Hatházi és Gyarmati lettek aranyérmesek (1963). Érdemes edző, post mortem. György István Emlékverseny megrendezésével, emlékkupa nyerésével tisztelegnek emléke előtt a mai sportolók (1993–). <br /><strong>Irod.:</strong> Derzsi – Fekete; György István Emlékkupa (Nú., 1993. nov. 30.); Simon Apolt: Szabadfogású birkózás: Gy. I. emlékverseny (Nú., 1994. dec. 14.); Vajda György: Gy. I. emlékére – negyedszer (Nú., 1996. dec. 10.)</br></p>

<p>Tompa, 1919., † Mv., 1977.: szabadfogású birkozó, edző. – Mv-en meghonosította és fellendítette a bírkozó sportot. Évtizedeken keresztül edző volt Mv.-en a Voinţa / Akarat és Mureşul / Maros sportklubboknál (1960–75), a román szabadfogású birkózás érdemes mestere lett. Több sportolót nevelt, akik olimpián, világbajnokságokon vettek részt, mint Simon László, aki a romániai bírkózás történetében az első [&hellip;]</p>
