{"id":9334,"date":"2025-06-29T10:57:10","date_gmt":"2025-06-29T08:57:10","guid":{"rendered":"https:\/\/uj.adatbank.ro\/lexikon\/termek\/gyorgy-janos\/"},"modified":"2025-06-29T10:57:10","modified_gmt":"2025-06-29T08:57:10","slug":"gyorgy-janos","status":"publish","type":"product","link":"https:\/\/uj.adatbank.ro\/lexikon\/termek\/gyorgy-janos\/","title":{"rendered":"GY\u00d6RGY J\u00e1nos"},"content":{"rendered":"<p>Ikland, 1877. nov. 27., \u2020 Bury (Brazilia), 1929. jan. 3.: dr. jur., fil., teol., szekt\u00e1ri\u00e1nus teol\u00f3gus. \u2013 K\u00f6z\u00e9piskol\u00e1it Nagyenyeden, Kv.-on, a jogot Bp.-en, Kv.-on v\u00e9gezte (1901). Pesti joghallgat\u00f3 kor\u00e1ban ismerkedett meg Schmidt Jen\u0151vel az ide\u00e1lista anarchist\u00e1val, aki nagy hat\u00e1ssal volt r\u00e1. \u00dcgyv\u00e9di irod\u00e1ban praktiz\u00e1lt. A kv.-i unit. teol\u00f3gia hallgat\u00f3ja (1901-03); Oxfordban tanult, a sz\u0171nid\u0151t Bournemouthban Csehov tolsztoj\u00e1nus telep\u00e9n t\u00f6lt\u00f6tte. \u00c9szakamerik\u00e1ban a mesdville-i akad. -\u00e1n, majd a Harwardon tanult \u00e9s letette a teol\u00f3giai doktor\u00e1tust. A kv.-i unit. teol\u00f3gia tan\u00e1ra (1907\u201310); az unit. f\u0151tan\u00e1cs el\u00e9 terjesztette 21 pontban hitelveit (1910), amit az nem fogadott el. Ref. lelk\u00e9sz Bodonk\u00faton. Bp.-en k\u00e9tkezi munk\u00e1s, majd a F\u0151v\u00e1rosi K\u00f6nyvt\u00e1r dolgoz\u00f3ja. B\u00e1gyonban, Csegezen megv\u00e1lasztott\u00e1k papnak, de a k\u00f6zpont nem hagyta j\u00f3v\u00e1. Aradon szeszgy\u00e1ri munk\u00e1s. Kiv\u00e1ndorolt Amerik\u00e1ba, a louisi\u00e1nai Commonwealth College tan\u00e1ra lett (1923), majd az Ipar hadserege nev\u0171 mozgalomhoz csatlakozott, hogy \u00e9letfelfog\u00e1s\u00e1nak megfelel\u0151 testv\u00e9rk\u00f6z\u00f6ss\u00e9gben \u00e9ljen. Tolsztoj eszm\u00e9ihez hasonl\u00f3 elveket vallott s ezek terjeszt\u00e9se c\u00e9lj\u00e1b\u00f3l Brazili\u00e1ba ment, ahol v\u00e9rhasban meghalt. \u2013 <strong>F. m.:<\/strong> Hit \u00e9s halad\u00e1s, m\u00falt \u00e9s j\u00f6v\u0151 t\u00e1rsadalmi kifejl\u00e9s fokozata nyilv\u00e1nul\u00e1sak\u00e9nt fogva fel (Torda, 1908); J\u00e9zus \u00e9s az \u00dajsz\u00f6vets\u00e9g (Torda, 1908); Az \u00dajsz\u00f6vets\u00e9g hittana (Kv., 1909); A becs\u00fcletes \u00e1llam (Kv., 1909); Vall\u00e1serk\u00f6lcs \u00e9s gazdas\u00e1g (Bp., 1909); Mikor k\u00f6vethetj\u00fck D\u00e1vid Ferencet hit\u00fcnk zsin\u00f3rm\u00e9rt\u00e9k\u00e9nek az \u00dajsz\u00f6vets\u00e9g tanainak teljesebb megk\u00f6zel\u00edt\u00e9s\u00e9ben\u00a0?(Sz\u00e9kelykereszt\u00far, 1910); A dunai \u00e9s balk\u00e1ni \u00e1llamok sz\u00f6vets\u00e9ge (Kv., 1910); A modern unit\u00e1rizmus b\u00edr\u00e1lat (Kv., 1910); Kiv\u00e1ndorl\u00e1s Amerik\u00e1ba (Bp., 1910); Kiv\u00e1ndorl\u00f3ink az Egyes\u00fclt \u00c1llamokban (Bp., 1910); A t\u00e1rsadalmi meg\u00fajul\u00e1s b\u00f6lcs\u00e9szete (Bp., 1916). <br \/><strong>Irod.:<\/strong> Guly\u00e1s<\/br><\/p>\n","protected":false},"excerpt":{"rendered":"<p>Ikland, 1877. nov. 27., \u2020 Bury (Brazilia), 1929. jan. 3.: dr. jur., fil., teol., szekt\u00e1ri\u00e1nus teol\u00f3gus. \u2013 K\u00f6z\u00e9piskol\u00e1it Nagyenyeden, Kv.-on, a jogot Bp.-en, Kv.-on v\u00e9gezte (1901). Pesti joghallgat\u00f3 kor\u00e1ban ismerkedett meg Schmidt Jen\u0151vel az ide\u00e1lista anarchist\u00e1val, aki nagy hat\u00e1ssal volt r\u00e1. \u00dcgyv\u00e9di irod\u00e1ban praktiz\u00e1lt. A kv.-i unit. teol\u00f3gia hallgat\u00f3ja (1901-03); Oxfordban tanult, a sz\u0171nid\u0151t Bournemouthban [&hellip;]<\/p>\n","protected":false},"featured_media":0,"comment_status":"open","ping_status":"closed","template":"","meta":[],"product_brand":[],"product_cat":[137],"product_tag":[],"class_list":{"0":"post-9334","1":"product","2":"type-product","3":"status-publish","5":"product_cat-maros-megyei-eletrajzi-lexikon","7":"first","8":"instock","9":"shipping-taxable","10":"product-type-simple"},"_links":{"self":[{"href":"https:\/\/uj.adatbank.ro\/lexikon\/wp-json\/wp\/v2\/product\/9334","targetHints":{"allow":["GET"]}}],"collection":[{"href":"https:\/\/uj.adatbank.ro\/lexikon\/wp-json\/wp\/v2\/product"}],"about":[{"href":"https:\/\/uj.adatbank.ro\/lexikon\/wp-json\/wp\/v2\/types\/product"}],"replies":[{"embeddable":true,"href":"https:\/\/uj.adatbank.ro\/lexikon\/wp-json\/wp\/v2\/comments?post=9334"}],"wp:attachment":[{"href":"https:\/\/uj.adatbank.ro\/lexikon\/wp-json\/wp\/v2\/media?parent=9334"}],"wp:term":[{"taxonomy":"product_brand","embeddable":true,"href":"https:\/\/uj.adatbank.ro\/lexikon\/wp-json\/wp\/v2\/product_brand?post=9334"},{"taxonomy":"product_cat","embeddable":true,"href":"https:\/\/uj.adatbank.ro\/lexikon\/wp-json\/wp\/v2\/product_cat?post=9334"},{"taxonomy":"product_tag","embeddable":true,"href":"https:\/\/uj.adatbank.ro\/lexikon\/wp-json\/wp\/v2\/product_tag?post=9334"}],"curies":[{"name":"wp","href":"https:\/\/api.w.org\/{rel}","templated":true}]}}

GYÖRGY János

<p>Ikland, 1877. nov. 27., † Bury (Brazilia), 1929. jan. 3.: dr. jur., fil., teol., szektáriánus teológus. – Középiskoláit Nagyenyeden, Kv.-on, a jogot Bp.-en, Kv.-on végezte (1901). Pesti joghallgató korában ismerkedett meg Schmidt Jenővel az ideálista anarchistával, aki nagy hatással volt rá. Ügyvédi irodában praktizált. A kv.-i unit. teológia hallgatója (1901-03); Oxfordban tanult, a szűnidőt Bournemouthban Csehov tolsztojánus telepén töltötte. Északamerikában a mesdville-i akad. -án, majd a Harwardon tanult és letette a teológiai doktorátust. A kv.-i unit. teológia tanára (1907–10); az unit. főtanács elé terjesztette 21 pontban hitelveit (1910), amit az nem fogadott el. Ref. lelkész Bodonkúton. Bp.-en kétkezi munkás, majd a Fővárosi Könyvtár dolgozója. Bágyonban, Csegezen megválasztották papnak, de a központ nem hagyta jóvá. Aradon szeszgyári munkás. Kivándorolt Amerikába, a louisiánai Commonwealth College tanára lett (1923), majd az Ipar hadserege nevű mozgalomhoz csatlakozott, hogy életfelfogásának megfelelő testvérközösségben éljen. Tolsztoj eszméihez hasonló elveket vallott s ezek terjesztése céljából Braziliába ment, ahol vérhasban meghalt. – <strong>F. m.:</strong> Hit és haladás, múlt és jövő társadalmi kifejlés fokozata nyilvánulásaként fogva fel (Torda, 1908); Jézus és az Újszövetség (Torda, 1908); Az Újszövetség hittana (Kv., 1909); A becsületes állam (Kv., 1909); Valláserkölcs és gazdaság (Bp., 1909); Mikor követhetjük Dávid Ferencet hitünk zsinórmértékének az Újszövetség tanainak teljesebb megközelítésében ?(Székelykeresztúr, 1910); A dunai és balkáni államok szövetsége (Kv., 1910); A modern unitárizmus bírálat (Kv., 1910); Kivándorlás Amerikába (Bp., 1910); Kivándorlóink az Egyesült Államokban (Bp., 1910); A társadalmi megújulás bölcsészete (Bp., 1916). <br /><strong>Irod.:</strong> Gulyás</br></p>

<p>Ikland, 1877. nov. 27., † Bury (Brazilia), 1929. jan. 3.: dr. jur., fil., teol., szektáriánus teológus. – Középiskoláit Nagyenyeden, Kv.-on, a jogot Bp.-en, Kv.-on végezte (1901). Pesti joghallgató korában ismerkedett meg Schmidt Jenővel az ideálista anarchistával, aki nagy hatással volt rá. Ügyvédi irodában praktizált. A kv.-i unit. teológia hallgatója (1901-03); Oxfordban tanult, a szűnidőt Bournemouthban [&hellip;]</p>
