{"id":9336,"date":"2025-06-29T10:57:13","date_gmt":"2025-06-29T08:57:13","guid":{"rendered":"https:\/\/uj.adatbank.ro\/lexikon\/termek\/gyorgy-jozsef\/"},"modified":"2025-06-29T10:57:13","modified_gmt":"2025-06-29T08:57:13","slug":"gyorgy-jozsef","status":"publish","type":"product","link":"https:\/\/uj.adatbank.ro\/lexikon\/termek\/gyorgy-jozsef\/","title":{"rendered":"GY\u00d6RGY J\u00f3zsef"},"content":{"rendered":"<p>Ikland, 1874. okt. 14., \u2020 ? : dr., \u00fcgyv\u00e9d, ogy.-i k\u00e9pvisel\u0151, t\u00e1blab\u00edr\u00f3. \u2013 Iklandi birtokos. Ikland ogy.-i k\u00e9pvisel\u0151je, nevezetes szem\u00e9lyis\u00e9ge. Mv. -n \u00fcgyv\u00e9d, a marosmenti politikai mozgalmak egyik vez\u00e9ralakja; az OMP megyei tagozat\u00e1nak eln\u00f6ke (1927\u201332), majd aleln\u00f6ke. Megyei tan\u00e1csos (1929, 1937). A p\u00e1rtban lelkes munk\u00e1t v\u00e9gzett \u00e9s azt az elvet vallotta, hogy az erd\u00e9lyi magyars\u00e1g kem\u00e9ny, harcos, meg nem alkuv\u00f3 kisebbs\u00e9gi politik\u00e1t kell hogy folytasson. A sz\u00f6vetkezeti gondolat r\u00e9gi h\u00edve, a Marossz\u00e9ki \u00c1ltal\u00e1nos Gazdas\u00e1gi Sz\u00f6vets\u00e9g eln\u00f6ke (1933). Mv.-en a rend, fegyelem \u00e9s a magyar javak biztons\u00e1g\u00e1t fel\u00fcgyel\u0151 Rendfenntart\u00f3 Bizotts\u00e1g egyik tagja (1940\u2013). A Mv.-i Kaszin\u00f3 tagja, a vit\u00e9zs\u00e9gi \u00e9rem \u00e9s a K\u00e1roly cs A mv.-i t\u00f6rv\u00e9nysz\u00e9k eln\u00f6ke lett (1940\u2013), 1940 el\u0151tt a rom\u00e1n, 1940 ut\u00e1n a m. parlament k\u00e9pvisel\u0151je volt. kir\u00e1lyi \u00fcgy\u00e9sz (1941). A M. Rendfenntart\u00f3 Bizotts\u00e1g tagja (1940. aug.). <br \/><strong>Irod.:<\/strong> Berekm\u00e9ri 2015; Id\u0151t\u00e1r 3; Kelemen; Kelemen Imre; Molter 3.; Sipos; Visnai<\/br><\/p>\n","protected":false},"excerpt":{"rendered":"<p>Ikland, 1874. okt. 14., \u2020 ? : dr., \u00fcgyv\u00e9d, ogy.-i k\u00e9pvisel\u0151, t\u00e1blab\u00edr\u00f3. \u2013 Iklandi birtokos. Ikland ogy.-i k\u00e9pvisel\u0151je, nevezetes szem\u00e9lyis\u00e9ge. Mv. -n \u00fcgyv\u00e9d, a marosmenti politikai mozgalmak egyik vez\u00e9ralakja; az OMP megyei tagozat\u00e1nak eln\u00f6ke (1927\u201332), majd aleln\u00f6ke. Megyei tan\u00e1csos (1929, 1937). A p\u00e1rtban lelkes munk\u00e1t v\u00e9gzett \u00e9s azt az elvet vallotta, hogy az erd\u00e9lyi magyars\u00e1g [&hellip;]<\/p>\n","protected":false},"featured_media":0,"comment_status":"open","ping_status":"closed","template":"","meta":[],"product_brand":[],"product_cat":[137],"product_tag":[],"class_list":{"0":"post-9336","1":"product","2":"type-product","3":"status-publish","5":"product_cat-maros-megyei-eletrajzi-lexikon","7":"first","8":"instock","9":"shipping-taxable","10":"product-type-simple"},"_links":{"self":[{"href":"https:\/\/uj.adatbank.ro\/lexikon\/wp-json\/wp\/v2\/product\/9336","targetHints":{"allow":["GET"]}}],"collection":[{"href":"https:\/\/uj.adatbank.ro\/lexikon\/wp-json\/wp\/v2\/product"}],"about":[{"href":"https:\/\/uj.adatbank.ro\/lexikon\/wp-json\/wp\/v2\/types\/product"}],"replies":[{"embeddable":true,"href":"https:\/\/uj.adatbank.ro\/lexikon\/wp-json\/wp\/v2\/comments?post=9336"}],"wp:attachment":[{"href":"https:\/\/uj.adatbank.ro\/lexikon\/wp-json\/wp\/v2\/media?parent=9336"}],"wp:term":[{"taxonomy":"product_brand","embeddable":true,"href":"https:\/\/uj.adatbank.ro\/lexikon\/wp-json\/wp\/v2\/product_brand?post=9336"},{"taxonomy":"product_cat","embeddable":true,"href":"https:\/\/uj.adatbank.ro\/lexikon\/wp-json\/wp\/v2\/product_cat?post=9336"},{"taxonomy":"product_tag","embeddable":true,"href":"https:\/\/uj.adatbank.ro\/lexikon\/wp-json\/wp\/v2\/product_tag?post=9336"}],"curies":[{"name":"wp","href":"https:\/\/api.w.org\/{rel}","templated":true}]}}

GYÖRGY József

<p>Ikland, 1874. okt. 14., † ? : dr., ügyvéd, ogy.-i képviselő, táblabíró. – Iklandi birtokos. Ikland ogy.-i képviselője, nevezetes személyisége. Mv. -n ügyvéd, a marosmenti politikai mozgalmak egyik vezéralakja; az OMP megyei tagozatának elnöke (1927–32), majd alelnöke. Megyei tanácsos (1929, 1937). A pártban lelkes munkát végzett és azt az elvet vallotta, hogy az erdélyi magyarság kemény, harcos, meg nem alkuvó kisebbségi politikát kell hogy folytasson. A szövetkezeti gondolat régi híve, a Marosszéki Általános Gazdasági Szövetség elnöke (1933). Mv.-en a rend, fegyelem és a magyar javak biztonságát felügyelő Rendfenntartó Bizottság egyik tagja (1940–). A Mv.-i Kaszinó tagja, a vitézségi érem és a Károly cs A mv.-i törvényszék elnöke lett (1940–), 1940 előtt a román, 1940 után a m. parlament képviselője volt. királyi ügyész (1941). A M. Rendfenntartó Bizottság tagja (1940. aug.). <br /><strong>Irod.:</strong> Berekméri 2015; Időtár 3; Kelemen; Kelemen Imre; Molter 3.; Sipos; Visnai</br></p>

<p>Ikland, 1874. okt. 14., † ? : dr., ügyvéd, ogy.-i képviselő, táblabíró. – Iklandi birtokos. Ikland ogy.-i képviselője, nevezetes személyisége. Mv. -n ügyvéd, a marosmenti politikai mozgalmak egyik vezéralakja; az OMP megyei tagozatának elnöke (1927–32), majd alelnöke. Megyei tanácsos (1929, 1937). A pártban lelkes munkát végzett és azt az elvet vallotta, hogy az erdélyi magyarság [&hellip;]</p>
