{"id":9337,"date":"2025-06-29T10:57:15","date_gmt":"2025-06-29T08:57:15","guid":{"rendered":"https:\/\/uj.adatbank.ro\/lexikon\/termek\/gyorgy-jozsef-lajos-p-%c2%a7\/"},"modified":"2025-06-29T10:57:15","modified_gmt":"2025-06-29T08:57:15","slug":"gyorgy-jozsef-lajos-p-%c2%a7","status":"publish","type":"product","link":"https:\/\/uj.adatbank.ro\/lexikon\/termek\/gyorgy-jozsef-lajos-p-%c2%a7\/","title":{"rendered":"GY\u00d6RGY J\u00f3zsef Lajos, P., \u00a7"},"content":{"rendered":"<p>K\u00e9zdiszentkereszt, 1870. j\u00fal. 1., \u2020 Kv., 1945. dec. 9.: ferencrendi szerzetes, O. F. M. \u2013 Be\u00f6lt\u00f6z\u00f6tt (1888. aug. 20.), egyszer\u0171 fogadalmat tett (1889. aug. 20.), \u00fcnnep\u00e9lyes fogadalmat tett (1892. aug. 20.) \u00e9s felszentelt\u00e9k (1892. dec. 31.). Ferences rendh\u00e1zf\u0151n\u00f6k volt Nagyszebenben (1896\u2013), Mikh\u00e1z\u00e1n (1898\u2013), Sz\u00e9kelyudvarhelyen titk\u00e1r (1900\u2013), Vajdahunyadon (1908) \u00e9s D\u00e9sen (1921\u2013), definitor (1924\u2013), brass\u00f3i z\u00e1rdaf\u0151n\u00f6k (1927\u2013), custos (1930\u2013), Sz\u00e9kelyudvarhely-en, Vajdahunyadon, D\u00e9sen \u00e9s Nagyszebenben. Forr\u00e1s\u00e9rt\u00e9k\u0171 egyh\u00e1zt\u00f6rt\u00e9neti munk\u00e1t \u00edrt. \u2013 <strong>F. m.:<\/strong> A ferencrendiek \u00e9lete \u00e9s m\u0171k\u00f6d\u00e9se Erd\u00e9lyben (Kv., 1930.). <br \/><strong>Irod.:<\/strong> P. Buzog\u00e1ny \u00c1rp\u00e1d: Udvarhelysz\u00e9ki helyismereti \u00e9vfordul\u00f3k<\/br><\/p>\n","protected":false},"excerpt":{"rendered":"<p>K\u00e9zdiszentkereszt, 1870. j\u00fal. 1., \u2020 Kv., 1945. dec. 9.: ferencrendi szerzetes, O. F. M. \u2013 Be\u00f6lt\u00f6z\u00f6tt (1888. aug. 20.), egyszer\u0171 fogadalmat tett (1889. aug. 20.), \u00fcnnep\u00e9lyes fogadalmat tett (1892. aug. 20.) \u00e9s felszentelt\u00e9k (1892. dec. 31.). Ferences rendh\u00e1zf\u0151n\u00f6k volt Nagyszebenben (1896\u2013), Mikh\u00e1z\u00e1n (1898\u2013), Sz\u00e9kelyudvarhelyen titk\u00e1r (1900\u2013), Vajdahunyadon (1908) \u00e9s D\u00e9sen (1921\u2013), definitor (1924\u2013), brass\u00f3i z\u00e1rdaf\u0151n\u00f6k [&hellip;]<\/p>\n","protected":false},"featured_media":0,"comment_status":"open","ping_status":"closed","template":"","meta":[],"product_brand":[],"product_cat":[137],"product_tag":[],"class_list":{"0":"post-9337","1":"product","2":"type-product","3":"status-publish","5":"product_cat-maros-megyei-eletrajzi-lexikon","7":"first","8":"instock","9":"shipping-taxable","10":"product-type-simple"},"_links":{"self":[{"href":"https:\/\/uj.adatbank.ro\/lexikon\/wp-json\/wp\/v2\/product\/9337","targetHints":{"allow":["GET"]}}],"collection":[{"href":"https:\/\/uj.adatbank.ro\/lexikon\/wp-json\/wp\/v2\/product"}],"about":[{"href":"https:\/\/uj.adatbank.ro\/lexikon\/wp-json\/wp\/v2\/types\/product"}],"replies":[{"embeddable":true,"href":"https:\/\/uj.adatbank.ro\/lexikon\/wp-json\/wp\/v2\/comments?post=9337"}],"wp:attachment":[{"href":"https:\/\/uj.adatbank.ro\/lexikon\/wp-json\/wp\/v2\/media?parent=9337"}],"wp:term":[{"taxonomy":"product_brand","embeddable":true,"href":"https:\/\/uj.adatbank.ro\/lexikon\/wp-json\/wp\/v2\/product_brand?post=9337"},{"taxonomy":"product_cat","embeddable":true,"href":"https:\/\/uj.adatbank.ro\/lexikon\/wp-json\/wp\/v2\/product_cat?post=9337"},{"taxonomy":"product_tag","embeddable":true,"href":"https:\/\/uj.adatbank.ro\/lexikon\/wp-json\/wp\/v2\/product_tag?post=9337"}],"curies":[{"name":"wp","href":"https:\/\/api.w.org\/{rel}","templated":true}]}}