{"id":9342,"date":"2025-06-29T10:57:27","date_gmt":"2025-06-29T08:57:27","guid":{"rendered":"https:\/\/uj.adatbank.ro\/lexikon\/termek\/gyorgy-laszlo-iklandi\/"},"modified":"2025-06-29T10:57:27","modified_gmt":"2025-06-29T08:57:27","slug":"gyorgy-laszlo-iklandi","status":"publish","type":"product","link":"https:\/\/uj.adatbank.ro\/lexikon\/termek\/gyorgy-laszlo-iklandi\/","title":{"rendered":"GY\u00d6RGY L\u00e1szl\u00f3, iklandi"},"content":{"rendered":"<p>? \u2020\u00a0? : j\u00f3sz\u00e1gigazgat\u00f3, k\u00f6lt\u0151. \u2013 Gr. Bethlen J\u00e1nos dob\u00f3kamegyei \u00e1rokalja-i birtok\u00e1n volt j\u00f3sz\u00e1gigazgat\u00f3. \u2013 <strong>F. m.:<\/strong> \u00c1rokalyi \u00e9nekek: az az m\u00e9lt. Gr. Bethlen J\u00e1nos \u00far \u0151 nagys. ns. Dob\u00f3ka v\u00e1rmegye \u00e1rokalyi j\u00f3sz\u00e1ga ritkas\u00e1gainak sz\u00e9ps\u00e9geinek, \u00e9s n\u00e9mely t\u00f6rt\u00e9neteinek versekbe foglalt le\u00edr\u00e1sa 1801. esztend\u0151n kezdve (Kv. 1811); Tal\u00e1lm\u00e1nyok, a tizenegyedik sz\u00e1zadb\u00e9li hazai t\u00f6rt\u00e9netekb\u0151l fel-tal\u00e1lta iklandi Gy. L. (Kv., 1811). <br \/><strong>Irod.:<\/strong> Pesty 2014; Szinnyei<\/br><\/p>\n","protected":false},"excerpt":{"rendered":"<p>? \u2020\u00a0? : j\u00f3sz\u00e1gigazgat\u00f3, k\u00f6lt\u0151. \u2013 Gr. Bethlen J\u00e1nos dob\u00f3kamegyei \u00e1rokalja-i birtok\u00e1n volt j\u00f3sz\u00e1gigazgat\u00f3. \u2013 F. m.: \u00c1rokalyi \u00e9nekek: az az m\u00e9lt. Gr. Bethlen J\u00e1nos \u00far \u0151 nagys. ns. Dob\u00f3ka v\u00e1rmegye \u00e1rokalyi j\u00f3sz\u00e1ga ritkas\u00e1gainak sz\u00e9ps\u00e9geinek, \u00e9s n\u00e9mely t\u00f6rt\u00e9neteinek versekbe foglalt le\u00edr\u00e1sa 1801. esztend\u0151n kezdve (Kv. 1811); Tal\u00e1lm\u00e1nyok, a tizenegyedik sz\u00e1zadb\u00e9li hazai t\u00f6rt\u00e9netekb\u0151l fel-tal\u00e1lta iklandi Gy. [&hellip;]<\/p>\n","protected":false},"featured_media":0,"comment_status":"open","ping_status":"closed","template":"","meta":[],"product_brand":[],"product_cat":[137],"product_tag":[],"class_list":{"0":"post-9342","1":"product","2":"type-product","3":"status-publish","5":"product_cat-maros-megyei-eletrajzi-lexikon","7":"first","8":"instock","9":"shipping-taxable","10":"product-type-simple"},"_links":{"self":[{"href":"https:\/\/uj.adatbank.ro\/lexikon\/wp-json\/wp\/v2\/product\/9342","targetHints":{"allow":["GET"]}}],"collection":[{"href":"https:\/\/uj.adatbank.ro\/lexikon\/wp-json\/wp\/v2\/product"}],"about":[{"href":"https:\/\/uj.adatbank.ro\/lexikon\/wp-json\/wp\/v2\/types\/product"}],"replies":[{"embeddable":true,"href":"https:\/\/uj.adatbank.ro\/lexikon\/wp-json\/wp\/v2\/comments?post=9342"}],"wp:attachment":[{"href":"https:\/\/uj.adatbank.ro\/lexikon\/wp-json\/wp\/v2\/media?parent=9342"}],"wp:term":[{"taxonomy":"product_brand","embeddable":true,"href":"https:\/\/uj.adatbank.ro\/lexikon\/wp-json\/wp\/v2\/product_brand?post=9342"},{"taxonomy":"product_cat","embeddable":true,"href":"https:\/\/uj.adatbank.ro\/lexikon\/wp-json\/wp\/v2\/product_cat?post=9342"},{"taxonomy":"product_tag","embeddable":true,"href":"https:\/\/uj.adatbank.ro\/lexikon\/wp-json\/wp\/v2\/product_tag?post=9342"}],"curies":[{"name":"wp","href":"https:\/\/api.w.org\/{rel}","templated":true}]}}

GYÖRGY László, iklandi

<p>? † ? : jószágigazgató, költő. – Gr. Bethlen János dobókamegyei árokalja-i birtokán volt jószágigazgató. – <strong>F. m.:</strong> Árokalyi énekek: az az mélt. Gr. Bethlen János úr ő nagys. ns. Dobóka vármegye árokalyi jószága ritkaságainak szépségeinek, és némely történeteinek versekbe foglalt leírása 1801. esztendőn kezdve (Kv. 1811); Találmányok, a tizenegyedik századbéli hazai történetekből fel-találta iklandi Gy. L. (Kv., 1811). <br /><strong>Irod.:</strong> Pesty 2014; Szinnyei</br></p>

<p>? † ? : jószágigazgató, költő. – Gr. Bethlen János dobókamegyei árokalja-i birtokán volt jószágigazgató. – F. m.: Árokalyi énekek: az az mélt. Gr. Bethlen János úr ő nagys. ns. Dobóka vármegye árokalyi jószága ritkaságainak szépségeinek, és némely történeteinek versekbe foglalt leírása 1801. esztendőn kezdve (Kv. 1811); Találmányok, a tizenegyedik századbéli hazai történetekből fel-találta iklandi Gy. [&hellip;]</p>
