{"id":9343,"date":"2025-06-29T10:57:30","date_gmt":"2025-06-29T08:57:30","guid":{"rendered":"https:\/\/uj.adatbank.ro\/lexikon\/termek\/gyorgy-lazar\/"},"modified":"2025-06-29T10:57:30","modified_gmt":"2025-06-29T08:57:30","slug":"gyorgy-lazar","status":"publish","type":"product","link":"https:\/\/uj.adatbank.ro\/lexikon\/termek\/gyorgy-lazar\/","title":{"rendered":"GY\u00d6RGY L\u00e1z\u00e1r"},"content":{"rendered":"<p>? \u2020\u00a0? : tan\u00edt\u00f3. \u2013 Szenth\u00e1roms\u00e1gon a r. k. felekezeti iskola tan\u00edt\u00f3ja volt (1870\u2013), ezdetben a k\u00e1ntortan\u00edt\u00f3i lak\u00e1s ny\u00e1ri konyh\u00e1j\u00e1ban l\u00e1tta el feladat\u00e1t, Szent Mih\u00e1ly napj\u00e1t\u00f3l Szent Gy\u00f6rgy napig mind d\u00e9lel\u0151tt mind d\u00e9lut\u00e1n. Kezdem\u00e9nyez\u00e9s\u00e9re meg\u00e9p\u00edtett\u00e9k az els\u0151 iskolatermet Szenth\u00e1roms\u00e1gon (1877), amit k\u00e9s\u0151bb kib\u0151v\u00edtett\u00e9k \u00e9s sok\u00e1ig m\u0171k\u00f6d\u00f6tt (1969). <br \/><strong>Irod.:<\/strong> Szenth\u00e1roms\u00e1g; Maros-k\u00fck\u00fcll\u0151i f\u0151esp.<\/br><\/p>\n","protected":false},"excerpt":{"rendered":"<p>? \u2020\u00a0? : tan\u00edt\u00f3. \u2013 Szenth\u00e1roms\u00e1gon a r. k. felekezeti iskola tan\u00edt\u00f3ja volt (1870\u2013), ezdetben a k\u00e1ntortan\u00edt\u00f3i lak\u00e1s ny\u00e1ri konyh\u00e1j\u00e1ban l\u00e1tta el feladat\u00e1t, Szent Mih\u00e1ly napj\u00e1t\u00f3l Szent Gy\u00f6rgy napig mind d\u00e9lel\u0151tt mind d\u00e9lut\u00e1n. Kezdem\u00e9nyez\u00e9s\u00e9re meg\u00e9p\u00edtett\u00e9k az els\u0151 iskolatermet Szenth\u00e1roms\u00e1gon (1877), amit k\u00e9s\u0151bb kib\u0151v\u00edtett\u00e9k \u00e9s sok\u00e1ig m\u0171k\u00f6d\u00f6tt (1969). Irod.: Szenth\u00e1roms\u00e1g; Maros-k\u00fck\u00fcll\u0151i f\u0151esp.<\/p>\n","protected":false},"featured_media":0,"comment_status":"open","ping_status":"closed","template":"","meta":[],"product_brand":[],"product_cat":[137],"product_tag":[],"class_list":{"0":"post-9343","1":"product","2":"type-product","3":"status-publish","5":"product_cat-maros-megyei-eletrajzi-lexikon","7":"first","8":"instock","9":"shipping-taxable","10":"product-type-simple"},"_links":{"self":[{"href":"https:\/\/uj.adatbank.ro\/lexikon\/wp-json\/wp\/v2\/product\/9343","targetHints":{"allow":["GET"]}}],"collection":[{"href":"https:\/\/uj.adatbank.ro\/lexikon\/wp-json\/wp\/v2\/product"}],"about":[{"href":"https:\/\/uj.adatbank.ro\/lexikon\/wp-json\/wp\/v2\/types\/product"}],"replies":[{"embeddable":true,"href":"https:\/\/uj.adatbank.ro\/lexikon\/wp-json\/wp\/v2\/comments?post=9343"}],"wp:attachment":[{"href":"https:\/\/uj.adatbank.ro\/lexikon\/wp-json\/wp\/v2\/media?parent=9343"}],"wp:term":[{"taxonomy":"product_brand","embeddable":true,"href":"https:\/\/uj.adatbank.ro\/lexikon\/wp-json\/wp\/v2\/product_brand?post=9343"},{"taxonomy":"product_cat","embeddable":true,"href":"https:\/\/uj.adatbank.ro\/lexikon\/wp-json\/wp\/v2\/product_cat?post=9343"},{"taxonomy":"product_tag","embeddable":true,"href":"https:\/\/uj.adatbank.ro\/lexikon\/wp-json\/wp\/v2\/product_tag?post=9343"}],"curies":[{"name":"wp","href":"https:\/\/api.w.org\/{rel}","templated":true}]}}

GYÖRGY Lázár

<p>? † ? : tanító. – Szentháromságon a r. k. felekezeti iskola tanítója volt (1870–), ezdetben a kántortanítói lakás nyári konyhájában látta el feladatát, Szent Mihály napjától Szent György napig mind délelőtt mind délután. Kezdeményezésére megépítették az első iskolatermet Szentháromságon (1877), amit később kibővítették és sokáig működött (1969). <br /><strong>Irod.:</strong> Szentháromság; Maros-küküllői főesp.</br></p>

<p>? † ? : tanító. – Szentháromságon a r. k. felekezeti iskola tanítója volt (1870–), ezdetben a kántortanítói lakás nyári konyhájában látta el feladatát, Szent Mihály napjától Szent György napig mind délelőtt mind délután. Kezdeményezésére megépítették az első iskolatermet Szentháromságon (1877), amit később kibővítették és sokáig működött (1969). Irod.: Szentháromság; Maros-küküllői főesp.</p>
