{"id":9346,"date":"2025-06-29T10:57:36","date_gmt":"2025-06-29T08:57:36","guid":{"rendered":"https:\/\/uj.adatbank.ro\/lexikon\/termek\/gyorgy-pal-%c2%a7\/"},"modified":"2025-06-29T10:57:36","modified_gmt":"2025-06-29T08:57:36","slug":"gyorgy-pal-%c2%a7","status":"publish","type":"product","link":"https:\/\/uj.adatbank.ro\/lexikon\/termek\/gyorgy-pal-%c2%a7\/","title":{"rendered":"GY\u00d6RGY P\u00e1l, \u00a7"},"content":{"rendered":"<p>Kv., 1923. \u00e1pr. 1., \u2020\u00a0Mv., 2010. szept. 23.: orvos, belgy\u00f3gy\u00e1sz. \u2013 Feles\u00e9ge: M\u00e1th\u00e9 M\u00e1ria (1920\u201320 ). \u2013 \u00c9retts\u00e9gizett Kv.-on (1941), orvosi tanulm\u00e1nyait Kv.-on kezdte, diplom\u00e1t szerzett a MOGYI-n (1948) \u00e9s doktorr\u00e1 avatt\u00e1k. Mv. \u2013 en a Belgy\u00f3gy\u00e1szati klinik\u00e1n f\u0151orvos (1952\u2013), I. sz. Poliklinika vezet\u0151je (1957\u2013) majd f\u0151orvos, belgy\u00f3gy\u00e1sz szakorvos, nyugd\u00edjba vonult (1987. szept. 1. \u2013), ezt k\u00fcvet\u0151en m\u00e9g hossz\u00fa id\u0151n \u00e1t poliklinikai belgy\u00f3gy\u00e1sz f\u0151orvos. Kutat\u00e1si ter\u00fclete a betegs\u00e9gmegel\u0151z\u00e9s, a gy\u00f3gyf\u00fcrd\u0151k szerepe \u00e9s hat\u00e1sa gyomor \u2013 \u00e9s b\u00e9lbetegs\u00e9gekre, a gyomorr\u00e1ksz\u0171r\u00e9s megszervez\u00e9se. \u2013 <strong>F. m.:<\/strong> <strong>t\u00e1rssz.:<\/strong> Hargita megye term\u00e9szetes gy\u00f3gyt\u00e9nyez\u0151i (Cs\u00edkszereda, 1974). <br \/><strong>Irod.:<\/strong> Kiss-P. \u2013 P; [Nekrol\u00f3g] (N\u00fa., 2010. szept. 24.)<\/br><\/p>\n","protected":false},"excerpt":{"rendered":"<p>Kv., 1923. \u00e1pr. 1., \u2020\u00a0Mv., 2010. szept. 23.: orvos, belgy\u00f3gy\u00e1sz. \u2013 Feles\u00e9ge: M\u00e1th\u00e9 M\u00e1ria (1920\u201320 ). \u2013 \u00c9retts\u00e9gizett Kv.-on (1941), orvosi tanulm\u00e1nyait Kv.-on kezdte, diplom\u00e1t szerzett a MOGYI-n (1948) \u00e9s doktorr\u00e1 avatt\u00e1k. Mv. \u2013 en a Belgy\u00f3gy\u00e1szati klinik\u00e1n f\u0151orvos (1952\u2013), I. sz. Poliklinika vezet\u0151je (1957\u2013) majd f\u0151orvos, belgy\u00f3gy\u00e1sz szakorvos, nyugd\u00edjba vonult (1987. szept. 1. \u2013), [&hellip;]<\/p>\n","protected":false},"featured_media":0,"comment_status":"open","ping_status":"closed","template":"","meta":[],"product_brand":[],"product_cat":[137],"product_tag":[],"class_list":{"0":"post-9346","1":"product","2":"type-product","3":"status-publish","5":"product_cat-maros-megyei-eletrajzi-lexikon","7":"first","8":"instock","9":"shipping-taxable","10":"product-type-simple"},"_links":{"self":[{"href":"https:\/\/uj.adatbank.ro\/lexikon\/wp-json\/wp\/v2\/product\/9346","targetHints":{"allow":["GET"]}}],"collection":[{"href":"https:\/\/uj.adatbank.ro\/lexikon\/wp-json\/wp\/v2\/product"}],"about":[{"href":"https:\/\/uj.adatbank.ro\/lexikon\/wp-json\/wp\/v2\/types\/product"}],"replies":[{"embeddable":true,"href":"https:\/\/uj.adatbank.ro\/lexikon\/wp-json\/wp\/v2\/comments?post=9346"}],"wp:attachment":[{"href":"https:\/\/uj.adatbank.ro\/lexikon\/wp-json\/wp\/v2\/media?parent=9346"}],"wp:term":[{"taxonomy":"product_brand","embeddable":true,"href":"https:\/\/uj.adatbank.ro\/lexikon\/wp-json\/wp\/v2\/product_brand?post=9346"},{"taxonomy":"product_cat","embeddable":true,"href":"https:\/\/uj.adatbank.ro\/lexikon\/wp-json\/wp\/v2\/product_cat?post=9346"},{"taxonomy":"product_tag","embeddable":true,"href":"https:\/\/uj.adatbank.ro\/lexikon\/wp-json\/wp\/v2\/product_tag?post=9346"}],"curies":[{"name":"wp","href":"https:\/\/api.w.org\/{rel}","templated":true}]}}

GYÖRGY Pál, §

<p>Kv., 1923. ápr. 1., † Mv., 2010. szept. 23.: orvos, belgyógyász. – Felesége: Máthé Mária (1920–20 ). – Érettségizett Kv.-on (1941), orvosi tanulmányait Kv.-on kezdte, diplomát szerzett a MOGYI-n (1948) és doktorrá avatták. Mv. – en a Belgyógyászati klinikán főorvos (1952–), I. sz. Poliklinika vezetője (1957–) majd főorvos, belgyógyász szakorvos, nyugdíjba vonult (1987. szept. 1. –), ezt küvetően még hosszú időn át poliklinikai belgyógyász főorvos. Kutatási területe a betegségmegelőzés, a gyógyfürdők szerepe és hatása gyomor – és bélbetegségekre, a gyomorrákszűrés megszervezése. – <strong>F. m.:</strong> <strong>társsz.:</strong> Hargita megye természetes gyógytényezői (Csíkszereda, 1974). <br /><strong>Irod.:</strong> Kiss-P. – P; [Nekrológ] (Nú., 2010. szept. 24.)</br></p>

<p>Kv., 1923. ápr. 1., † Mv., 2010. szept. 23.: orvos, belgyógyász. – Felesége: Máthé Mária (1920–20 ). – Érettségizett Kv.-on (1941), orvosi tanulmányait Kv.-on kezdte, diplomát szerzett a MOGYI-n (1948) és doktorrá avatták. Mv. – en a Belgyógyászati klinikán főorvos (1952–), I. sz. Poliklinika vezetője (1957–) majd főorvos, belgyógyász szakorvos, nyugdíjba vonult (1987. szept. 1. –), [&hellip;]</p>
