{"id":9347,"date":"2025-06-29T10:57:37","date_gmt":"2025-06-29T08:57:37","guid":{"rendered":"https:\/\/uj.adatbank.ro\/lexikon\/termek\/gyorgy-pal-iklandi\/"},"modified":"2025-06-29T10:57:37","modified_gmt":"2025-06-29T08:57:37","slug":"gyorgy-pal-iklandi","status":"publish","type":"product","link":"https:\/\/uj.adatbank.ro\/lexikon\/termek\/gyorgy-pal-iklandi\/","title":{"rendered":"GY\u00d6RGY P\u00e1l, iklandi"},"content":{"rendered":"<p>Ny\u00e1r\u00e1ds\u00e1rd, 1843., \u2020 Mv., 1905. dec.: p\u00e9nz\u00fcgyigazgat\u00f3. \u2013 Feles\u00e9ge: Ferencz R\u00f3za (? \u2020 Mv., 1929. okt. 12.). Gyermekeik: Jen\u0151, feles\u00e9ge Baranyay R\u00e1chel; Ilona Pa\u00e1l Guszt\u00e1vn\u00e9; Margit dr. Langs\u00e1dl L\u00e1szl\u00f3n\u00e9. \u2013 K\u00f6z\u00e9piskol\u00e1it Mv.-en \u00e9s Sz\u00e9kelyudvarhelyt, a jogot Nagyszebenben v\u00e9gezte. Dolgozott a nagyszebeni p\u00e9nz\u00fcgyi fel\u00fcgyel\u0151s\u00e9gen mint gyakornok (1868\u2013), ad\u00f3tiszt, erzs\u00e9betv\u00e1rosi ad\u00f3ellen\u0151r. Mv.-en p\u00e9nz\u00fcgyi titk\u00e1r, az illet\u00e9kkiszab\u00e1si hivatal igazgat\u00f3ja (1875\u2013). Segesv\u00e1ron a p\u00e9nz\u00fcgyigazgat\u00f3s\u00e1g vezet\u0151je (1894\u2013), p\u00e9nz\u00fcgyi tan\u00e1csos. Mv.-en a kir. p\u00e9nz\u00fcgyigazgat\u00f3s\u00e1g igazgat\u00f3ja (1898), kir\u00e1lyi tan\u00e1csos c. -t kapott (1898. m\u00e1j. 27). <strong>Cikke:<\/strong> M. Tisztvisel\u0151. <br \/><strong>Irod.:<\/strong> Guly\u00e1s; Gy\u00e1szjelent\u0151; Id\u0151t\u00e1r 5 \/1.; P\u00e1lmay<\/br><\/p>\n","protected":false},"excerpt":{"rendered":"<p>Ny\u00e1r\u00e1ds\u00e1rd, 1843., \u2020 Mv., 1905. dec.: p\u00e9nz\u00fcgyigazgat\u00f3. \u2013 Feles\u00e9ge: Ferencz R\u00f3za (? \u2020 Mv., 1929. okt. 12.). Gyermekeik: Jen\u0151, feles\u00e9ge Baranyay R\u00e1chel; Ilona Pa\u00e1l Guszt\u00e1vn\u00e9; Margit dr. Langs\u00e1dl L\u00e1szl\u00f3n\u00e9. \u2013 K\u00f6z\u00e9piskol\u00e1it Mv.-en \u00e9s Sz\u00e9kelyudvarhelyt, a jogot Nagyszebenben v\u00e9gezte. Dolgozott a nagyszebeni p\u00e9nz\u00fcgyi fel\u00fcgyel\u0151s\u00e9gen mint gyakornok (1868\u2013), ad\u00f3tiszt, erzs\u00e9betv\u00e1rosi ad\u00f3ellen\u0151r. Mv.-en p\u00e9nz\u00fcgyi titk\u00e1r, az illet\u00e9kkiszab\u00e1si hivatal [&hellip;]<\/p>\n","protected":false},"featured_media":0,"comment_status":"open","ping_status":"closed","template":"","meta":[],"product_brand":[],"product_cat":[137],"product_tag":[],"class_list":{"0":"post-9347","1":"product","2":"type-product","3":"status-publish","5":"product_cat-maros-megyei-eletrajzi-lexikon","7":"first","8":"instock","9":"shipping-taxable","10":"product-type-simple"},"_links":{"self":[{"href":"https:\/\/uj.adatbank.ro\/lexikon\/wp-json\/wp\/v2\/product\/9347","targetHints":{"allow":["GET"]}}],"collection":[{"href":"https:\/\/uj.adatbank.ro\/lexikon\/wp-json\/wp\/v2\/product"}],"about":[{"href":"https:\/\/uj.adatbank.ro\/lexikon\/wp-json\/wp\/v2\/types\/product"}],"replies":[{"embeddable":true,"href":"https:\/\/uj.adatbank.ro\/lexikon\/wp-json\/wp\/v2\/comments?post=9347"}],"wp:attachment":[{"href":"https:\/\/uj.adatbank.ro\/lexikon\/wp-json\/wp\/v2\/media?parent=9347"}],"wp:term":[{"taxonomy":"product_brand","embeddable":true,"href":"https:\/\/uj.adatbank.ro\/lexikon\/wp-json\/wp\/v2\/product_brand?post=9347"},{"taxonomy":"product_cat","embeddable":true,"href":"https:\/\/uj.adatbank.ro\/lexikon\/wp-json\/wp\/v2\/product_cat?post=9347"},{"taxonomy":"product_tag","embeddable":true,"href":"https:\/\/uj.adatbank.ro\/lexikon\/wp-json\/wp\/v2\/product_tag?post=9347"}],"curies":[{"name":"wp","href":"https:\/\/api.w.org\/{rel}","templated":true}]}}

GYÖRGY Pál, iklandi

<p>Nyárádsárd, 1843., † Mv., 1905. dec.: pénzügyigazgató. – Felesége: Ferencz Róza (? † Mv., 1929. okt. 12.). Gyermekeik: Jenő, felesége Baranyay Ráchel; Ilona Paál Gusztávné; Margit dr. Langsádl Lászlóné. – Középiskoláit Mv.-en és Székelyudvarhelyt, a jogot Nagyszebenben végezte. Dolgozott a nagyszebeni pénzügyi felügyelőségen mint gyakornok (1868–), adótiszt, erzsébetvárosi adóellenőr. Mv.-en pénzügyi titkár, az illetékkiszabási hivatal igazgatója (1875–). Segesváron a pénzügyigazgatóság vezetője (1894–), pénzügyi tanácsos. Mv.-en a kir. pénzügyigazgatóság igazgatója (1898), királyi tanácsos c. -t kapott (1898. máj. 27). <strong>Cikke:</strong> M. Tisztviselő. <br /><strong>Irod.:</strong> Gulyás; Gyászjelentő; Időtár 5 /1.; Pálmay</br></p>

<p>Nyárádsárd, 1843., † Mv., 1905. dec.: pénzügyigazgató. – Felesége: Ferencz Róza (? † Mv., 1929. okt. 12.). Gyermekeik: Jenő, felesége Baranyay Ráchel; Ilona Paál Gusztávné; Margit dr. Langsádl Lászlóné. – Középiskoláit Mv.-en és Székelyudvarhelyt, a jogot Nagyszebenben végezte. Dolgozott a nagyszebeni pénzügyi felügyelőségen mint gyakornok (1868–), adótiszt, erzsébetvárosi adóellenőr. Mv.-en pénzügyi titkár, az illetékkiszabási hivatal [&hellip;]</p>
