{"id":9354,"date":"2025-06-29T10:57:53","date_gmt":"2025-06-29T08:57:53","guid":{"rendered":"https:\/\/uj.adatbank.ro\/lexikon\/termek\/gyorgy-zsigmond-iklandi\/"},"modified":"2025-06-29T10:57:53","modified_gmt":"2025-06-29T08:57:53","slug":"gyorgy-zsigmond-iklandi","status":"publish","type":"product","link":"https:\/\/uj.adatbank.ro\/lexikon\/termek\/gyorgy-zsigmond-iklandi\/","title":{"rendered":"GY\u00d6RGY Zsigmond, iklandi"},"content":{"rendered":"<p>Medgyes, 1889., \u2020 ?: \u00fcgyv\u00e9d. \u2013 Apja vm.-i irodaigazgat\u00f3. Feles\u00e9ge: kisbaconi Benk\u0151 Anna (1824.? \u2020 Mv., 1854. aug. 4. Apja j\u00f3sz\u00e1g\u00e1n, Mez\u0151k\u00f6vesden temett\u00e9k). \u2013 Kv.-on jog \u2013 \u00e9s \u00e1llamtudom\u00e1nyi doktor\u00e1tust szerzett. Segesv\u00e1ron gyakorl\u00f3 \u00fcgyv\u00e9d (1920\u2013) \u00e9s t\u00f6bb c\u00e9g \u00fcgy\u00e9sze volt. \u00c9l\u00e9nk k\u00f6z\u00e9leti tev\u00e9kenys\u00e9get folytatott. A MP nagyk\u00fck\u00fcll\u0151megyei tagozat\u00e1nak \u00fcgyvezet\u0151 aleln\u00f6ke, a vm.-i \u00e1ll. tan\u00e1cs v\u00e1lasztott tagja, az unit. egyh\u00e1z, a helybeli kaszin\u00f3 \u00e9s t\u00f6bb t\u00e1rsadalmi \u00e9s kultur\u00e1lis egyes\u00fclet tagja volt. R\u00e9szt vett az els\u0151 vh.-ban kit\u00fcntett\u00e9k. <br \/><strong>Irod.:<\/strong> Gy\u00e1szjelent\u0151; Ki kicsoda\u00a0?<\/br><\/p>\n","protected":false},"excerpt":{"rendered":"<p>Medgyes, 1889., \u2020 ?: \u00fcgyv\u00e9d. \u2013 Apja vm.-i irodaigazgat\u00f3. Feles\u00e9ge: kisbaconi Benk\u0151 Anna (1824.? \u2020 Mv., 1854. aug. 4. Apja j\u00f3sz\u00e1g\u00e1n, Mez\u0151k\u00f6vesden temett\u00e9k). \u2013 Kv.-on jog \u2013 \u00e9s \u00e1llamtudom\u00e1nyi doktor\u00e1tust szerzett. Segesv\u00e1ron gyakorl\u00f3 \u00fcgyv\u00e9d (1920\u2013) \u00e9s t\u00f6bb c\u00e9g \u00fcgy\u00e9sze volt. \u00c9l\u00e9nk k\u00f6z\u00e9leti tev\u00e9kenys\u00e9get folytatott. A MP nagyk\u00fck\u00fcll\u0151megyei tagozat\u00e1nak \u00fcgyvezet\u0151 aleln\u00f6ke, a vm.-i \u00e1ll. tan\u00e1cs v\u00e1lasztott [&hellip;]<\/p>\n","protected":false},"featured_media":0,"comment_status":"open","ping_status":"closed","template":"","meta":[],"product_brand":[],"product_cat":[137],"product_tag":[],"class_list":{"0":"post-9354","1":"product","2":"type-product","3":"status-publish","5":"product_cat-maros-megyei-eletrajzi-lexikon","7":"first","8":"instock","9":"shipping-taxable","10":"product-type-simple"},"_links":{"self":[{"href":"https:\/\/uj.adatbank.ro\/lexikon\/wp-json\/wp\/v2\/product\/9354","targetHints":{"allow":["GET"]}}],"collection":[{"href":"https:\/\/uj.adatbank.ro\/lexikon\/wp-json\/wp\/v2\/product"}],"about":[{"href":"https:\/\/uj.adatbank.ro\/lexikon\/wp-json\/wp\/v2\/types\/product"}],"replies":[{"embeddable":true,"href":"https:\/\/uj.adatbank.ro\/lexikon\/wp-json\/wp\/v2\/comments?post=9354"}],"wp:attachment":[{"href":"https:\/\/uj.adatbank.ro\/lexikon\/wp-json\/wp\/v2\/media?parent=9354"}],"wp:term":[{"taxonomy":"product_brand","embeddable":true,"href":"https:\/\/uj.adatbank.ro\/lexikon\/wp-json\/wp\/v2\/product_brand?post=9354"},{"taxonomy":"product_cat","embeddable":true,"href":"https:\/\/uj.adatbank.ro\/lexikon\/wp-json\/wp\/v2\/product_cat?post=9354"},{"taxonomy":"product_tag","embeddable":true,"href":"https:\/\/uj.adatbank.ro\/lexikon\/wp-json\/wp\/v2\/product_tag?post=9354"}],"curies":[{"name":"wp","href":"https:\/\/api.w.org\/{rel}","templated":true}]}}

GYÖRGY Zsigmond, iklandi

<p>Medgyes, 1889., † ?: ügyvéd. – Apja vm.-i irodaigazgató. Felesége: kisbaconi Benkő Anna (1824.? † Mv., 1854. aug. 4. Apja jószágán, Mezőkövesden temették). – Kv.-on jog – és államtudományi doktorátust szerzett. Segesváron gyakorló ügyvéd (1920–) és több cég ügyésze volt. Élénk közéleti tevékenységet folytatott. A MP nagyküküllőmegyei tagozatának ügyvezető alelnöke, a vm.-i áll. tanács választott tagja, az unit. egyház, a helybeli kaszinó és több társadalmi és kulturális egyesület tagja volt. Részt vett az első vh.-ban kitüntették. <br /><strong>Irod.:</strong> Gyászjelentő; Ki kicsoda ?</br></p>

<p>Medgyes, 1889., † ?: ügyvéd. – Apja vm.-i irodaigazgató. Felesége: kisbaconi Benkő Anna (1824.? † Mv., 1854. aug. 4. Apja jószágán, Mezőkövesden temették). – Kv.-on jog – és államtudományi doktorátust szerzett. Segesváron gyakorló ügyvéd (1920–) és több cég ügyésze volt. Élénk közéleti tevékenységet folytatott. A MP nagyküküllőmegyei tagozatának ügyvezető alelnöke, a vm.-i áll. tanács választott [&hellip;]</p>
