{"id":9358,"date":"2025-06-29T10:58:00","date_gmt":"2025-06-29T08:58:00","guid":{"rendered":"https:\/\/uj.adatbank.ro\/lexikon\/termek\/gyori-bela-gyory-bela\/"},"modified":"2025-06-29T10:58:00","modified_gmt":"2025-06-29T08:58:00","slug":"gyori-bela-gyory-bela","status":"publish","type":"product","link":"https:\/\/uj.adatbank.ro\/lexikon\/termek\/gyori-bela-gyory-bela\/","title":{"rendered":"GY\u0150RI B\u00e9la, Gy\u0151ry B\u00e9la"},"content":{"rendered":"<p>1914.? \u2020\u00a0? : tan\u00e1r. \u2013 A II. vh. ut\u00e1n fiatal tan\u00e1rk\u00e9nt nevezt\u00e9k ki a mv.-i Ref. Koll. f\u00f6ldrajz tansz\u00e9k\u00e9re (1944\u201348), k\u00e9t \u00e9vi megszak\u00edt\u00e1ssal nyugd\u00edjaz\u00e1s\u00e1ig dolgozott az akkori Ranghe\u0163 Fi\u00fal\u00edc. -, a mai Bolyai Farkas L\u00edc-ban (1950\u201378). Di\u00e1kjainak gyakorlati f\u00f6ldrajzi ismereteket ny\u00fajtott. \u00c9vente egy-k\u00e9thetes kir\u00e1ndul\u00e1sokat szervezett az orsz\u00e1g megismertet\u00e9se \u00e9rdek\u00e9ben. Az iskola adminisztrat\u00edv-igazgat\u00f3ja (1956\u2013), \u00e9s k\u00e9s\u0151bb is, a gazdas\u00e1gi \u00fcgyek int\u00e9z\u00e9s\u00e9ben is r\u00e9szt vett. Nyugd\u00edjaz\u00e1sa ut\u00e1n \u00f6sszegy\u0171jt\u00f6tte, fellelt\u00e1rozta az iskol\u00e1ban fellelhet\u0151 maturandus tabl\u00f3kat, \u00e9s gondoskodott azok elrakt\u00e1roz\u00e1s\u00e1r\u00f3l, rendszerez\u00e9s\u00e9r\u0151l. <br \/><strong>Irod.:<\/strong> Madaras; Mv. t\u00f6rt. 2.; Sk\u00f3la<\/br><\/p>\n","protected":false},"excerpt":{"rendered":"<p>1914.? \u2020\u00a0? : tan\u00e1r. \u2013 A II. vh. ut\u00e1n fiatal tan\u00e1rk\u00e9nt nevezt\u00e9k ki a mv.-i Ref. Koll. f\u00f6ldrajz tansz\u00e9k\u00e9re (1944\u201348), k\u00e9t \u00e9vi megszak\u00edt\u00e1ssal nyugd\u00edjaz\u00e1s\u00e1ig dolgozott az akkori Ranghe\u0163 Fi\u00fal\u00edc. -, a mai Bolyai Farkas L\u00edc-ban (1950\u201378). Di\u00e1kjainak gyakorlati f\u00f6ldrajzi ismereteket ny\u00fajtott. \u00c9vente egy-k\u00e9thetes kir\u00e1ndul\u00e1sokat szervezett az orsz\u00e1g megismertet\u00e9se \u00e9rdek\u00e9ben. Az iskola adminisztrat\u00edv-igazgat\u00f3ja (1956\u2013), \u00e9s k\u00e9s\u0151bb [&hellip;]<\/p>\n","protected":false},"featured_media":0,"comment_status":"open","ping_status":"closed","template":"","meta":[],"product_brand":[],"product_cat":[137],"product_tag":[],"class_list":{"0":"post-9358","1":"product","2":"type-product","3":"status-publish","5":"product_cat-maros-megyei-eletrajzi-lexikon","7":"first","8":"instock","9":"shipping-taxable","10":"product-type-simple"},"_links":{"self":[{"href":"https:\/\/uj.adatbank.ro\/lexikon\/wp-json\/wp\/v2\/product\/9358","targetHints":{"allow":["GET"]}}],"collection":[{"href":"https:\/\/uj.adatbank.ro\/lexikon\/wp-json\/wp\/v2\/product"}],"about":[{"href":"https:\/\/uj.adatbank.ro\/lexikon\/wp-json\/wp\/v2\/types\/product"}],"replies":[{"embeddable":true,"href":"https:\/\/uj.adatbank.ro\/lexikon\/wp-json\/wp\/v2\/comments?post=9358"}],"wp:attachment":[{"href":"https:\/\/uj.adatbank.ro\/lexikon\/wp-json\/wp\/v2\/media?parent=9358"}],"wp:term":[{"taxonomy":"product_brand","embeddable":true,"href":"https:\/\/uj.adatbank.ro\/lexikon\/wp-json\/wp\/v2\/product_brand?post=9358"},{"taxonomy":"product_cat","embeddable":true,"href":"https:\/\/uj.adatbank.ro\/lexikon\/wp-json\/wp\/v2\/product_cat?post=9358"},{"taxonomy":"product_tag","embeddable":true,"href":"https:\/\/uj.adatbank.ro\/lexikon\/wp-json\/wp\/v2\/product_tag?post=9358"}],"curies":[{"name":"wp","href":"https:\/\/api.w.org\/{rel}","templated":true}]}}

GYŐRI Béla, Győry Béla

<p>1914.? † ? : tanár. – A II. vh. után fiatal tanárként nevezték ki a mv.-i Ref. Koll. földrajz tanszékére (1944–48), két évi megszakítással nyugdíjazásáig dolgozott az akkori Rangheţ Fiúlíc. -, a mai Bolyai Farkas Líc-ban (1950–78). Diákjainak gyakorlati földrajzi ismereteket nyújtott. Évente egy-kéthetes kirándulásokat szervezett az ország megismertetése érdekében. Az iskola adminisztratív-igazgatója (1956–), és később is, a gazdasági ügyek intézésében is részt vett. Nyugdíjazása után összegyűjtötte, felleltározta az iskolában fellelhető maturandus tablókat, és gondoskodott azok elraktározásáról, rendszerezéséről. <br /><strong>Irod.:</strong> Madaras; Mv. tört. 2.; Skóla</br></p>

<p>1914.? † ? : tanár. – A II. vh. után fiatal tanárként nevezték ki a mv.-i Ref. Koll. földrajz tanszékére (1944–48), két évi megszakítással nyugdíjazásáig dolgozott az akkori Rangheţ Fiúlíc. -, a mai Bolyai Farkas Líc-ban (1950–78). Diákjainak gyakorlati földrajzi ismereteket nyújtott. Évente egy-kéthetes kirándulásokat szervezett az ország megismertetése érdekében. Az iskola adminisztratív-igazgatója (1956–), és később [&hellip;]</p>
