{"id":9363,"date":"2025-06-29T10:58:13","date_gmt":"2025-06-29T08:58:13","guid":{"rendered":"https:\/\/uj.adatbank.ro\/lexikon\/termek\/gyori-odon-marjalaki\/"},"modified":"2025-06-29T10:58:13","modified_gmt":"2025-06-29T08:58:13","slug":"gyori-odon-marjalaki","status":"publish","type":"product","link":"https:\/\/uj.adatbank.ro\/lexikon\/termek\/gyori-odon-marjalaki\/","title":{"rendered":"GY\u0150RI \u00d6d\u00f6n, marjalaki"},"content":{"rendered":"<p>Eh\u00e9d, 1915., \u2020\u00a0? : tan\u00edt\u00f3. \u2013Tanulm\u00e1nyait a mv.-i Ref. Koll.-ban v\u00e9gezte, a tan\u00edt\u00f3i oklev\u00e9l megszerz\u00e9se ut\u00e1n Magyar\u00f3 k\u00f6zs\u00e9gbe nevezt\u00e9k ki, ahol az \u00e1llami elemi n\u00e9piskola igazgat\u00f3-tan\u00edt\u00f3ja volt. <br \/><strong>Irod.:<\/strong> Sz\u00e9kelyf\u00f6ld \u00ed. k.<\/br><\/p>\n","protected":false},"excerpt":{"rendered":"<p>Eh\u00e9d, 1915., \u2020\u00a0? : tan\u00edt\u00f3. \u2013Tanulm\u00e1nyait a mv.-i Ref. Koll.-ban v\u00e9gezte, a tan\u00edt\u00f3i oklev\u00e9l megszerz\u00e9se ut\u00e1n Magyar\u00f3 k\u00f6zs\u00e9gbe nevezt\u00e9k ki, ahol az \u00e1llami elemi n\u00e9piskola igazgat\u00f3-tan\u00edt\u00f3ja volt. Irod.: Sz\u00e9kelyf\u00f6ld \u00ed. k.<\/p>\n","protected":false},"featured_media":0,"comment_status":"open","ping_status":"closed","template":"","meta":[],"product_brand":[],"product_cat":[137],"product_tag":[],"class_list":{"0":"post-9363","1":"product","2":"type-product","3":"status-publish","5":"product_cat-maros-megyei-eletrajzi-lexikon","7":"first","8":"instock","9":"shipping-taxable","10":"product-type-simple"},"_links":{"self":[{"href":"https:\/\/uj.adatbank.ro\/lexikon\/wp-json\/wp\/v2\/product\/9363","targetHints":{"allow":["GET"]}}],"collection":[{"href":"https:\/\/uj.adatbank.ro\/lexikon\/wp-json\/wp\/v2\/product"}],"about":[{"href":"https:\/\/uj.adatbank.ro\/lexikon\/wp-json\/wp\/v2\/types\/product"}],"replies":[{"embeddable":true,"href":"https:\/\/uj.adatbank.ro\/lexikon\/wp-json\/wp\/v2\/comments?post=9363"}],"wp:attachment":[{"href":"https:\/\/uj.adatbank.ro\/lexikon\/wp-json\/wp\/v2\/media?parent=9363"}],"wp:term":[{"taxonomy":"product_brand","embeddable":true,"href":"https:\/\/uj.adatbank.ro\/lexikon\/wp-json\/wp\/v2\/product_brand?post=9363"},{"taxonomy":"product_cat","embeddable":true,"href":"https:\/\/uj.adatbank.ro\/lexikon\/wp-json\/wp\/v2\/product_cat?post=9363"},{"taxonomy":"product_tag","embeddable":true,"href":"https:\/\/uj.adatbank.ro\/lexikon\/wp-json\/wp\/v2\/product_tag?post=9363"}],"curies":[{"name":"wp","href":"https:\/\/api.w.org\/{rel}","templated":true}]}}