{"id":9364,"date":"2025-06-29T10:58:15","date_gmt":"2025-06-29T08:58:15","guid":{"rendered":"https:\/\/uj.adatbank.ro\/lexikon\/termek\/gyorke-bela\/"},"modified":"2025-06-29T10:58:15","modified_gmt":"2025-06-29T08:58:15","slug":"gyorke-bela","status":"publish","type":"product","link":"https:\/\/uj.adatbank.ro\/lexikon\/termek\/gyorke-bela\/","title":{"rendered":"GY\u00d6RKE B\u00e9la"},"content":{"rendered":"<p>Meggyes, 1899., \u2020\u00a0?: m\u0171b\u00fatorasztalos mester. \u2013 K\u00f6z\u00e9piskol\u00e1i elv\u00e9gz\u00e9se ut\u00e1n ipariskol\u00e1t v\u00e9gzett, ahol a m\u0171b\u00fatorasztalos iparban szaktud\u00e1sra tett szert, \u00e9s Mv.-en folytatta ipar\u00e1t. A M. Iparos Tanoncotthon fel\u00fcgyel\u0151 bizotts\u00e1ga \u2013 \u00e9s az Ipartest\u00fclet tagja. Az els\u0151 vh. alatt a 38. roham-z\u00e1szl\u00f3aljban harcolt, megsebes\u00fclt \u00e9s mint hadapr\u00f3d\u0151rmester szerelt le, a bronz vit. \u00e9rem, a n\u00e9met vaskereszt \u00e9s a K\u00e1roly Csapatkereszt tulajdonosa. <br \/><strong>Irod.:<\/strong> Sz\u00e9kelyf\u00f6ld \u00ed. k.<\/br><\/p>\n","protected":false},"excerpt":{"rendered":"<p>Meggyes, 1899., \u2020\u00a0?: m\u0171b\u00fatorasztalos mester. \u2013 K\u00f6z\u00e9piskol\u00e1i elv\u00e9gz\u00e9se ut\u00e1n ipariskol\u00e1t v\u00e9gzett, ahol a m\u0171b\u00fatorasztalos iparban szaktud\u00e1sra tett szert, \u00e9s Mv.-en folytatta ipar\u00e1t. A M. Iparos Tanoncotthon fel\u00fcgyel\u0151 bizotts\u00e1ga \u2013 \u00e9s az Ipartest\u00fclet tagja. Az els\u0151 vh. alatt a 38. roham-z\u00e1szl\u00f3aljban harcolt, megsebes\u00fclt \u00e9s mint hadapr\u00f3d\u0151rmester szerelt le, a bronz vit. \u00e9rem, a n\u00e9met vaskereszt \u00e9s [&hellip;]<\/p>\n","protected":false},"featured_media":0,"comment_status":"open","ping_status":"closed","template":"","meta":[],"product_brand":[],"product_cat":[137],"product_tag":[],"class_list":{"0":"post-9364","1":"product","2":"type-product","3":"status-publish","5":"product_cat-maros-megyei-eletrajzi-lexikon","7":"first","8":"instock","9":"shipping-taxable","10":"product-type-simple"},"_links":{"self":[{"href":"https:\/\/uj.adatbank.ro\/lexikon\/wp-json\/wp\/v2\/product\/9364","targetHints":{"allow":["GET"]}}],"collection":[{"href":"https:\/\/uj.adatbank.ro\/lexikon\/wp-json\/wp\/v2\/product"}],"about":[{"href":"https:\/\/uj.adatbank.ro\/lexikon\/wp-json\/wp\/v2\/types\/product"}],"replies":[{"embeddable":true,"href":"https:\/\/uj.adatbank.ro\/lexikon\/wp-json\/wp\/v2\/comments?post=9364"}],"wp:attachment":[{"href":"https:\/\/uj.adatbank.ro\/lexikon\/wp-json\/wp\/v2\/media?parent=9364"}],"wp:term":[{"taxonomy":"product_brand","embeddable":true,"href":"https:\/\/uj.adatbank.ro\/lexikon\/wp-json\/wp\/v2\/product_brand?post=9364"},{"taxonomy":"product_cat","embeddable":true,"href":"https:\/\/uj.adatbank.ro\/lexikon\/wp-json\/wp\/v2\/product_cat?post=9364"},{"taxonomy":"product_tag","embeddable":true,"href":"https:\/\/uj.adatbank.ro\/lexikon\/wp-json\/wp\/v2\/product_tag?post=9364"}],"curies":[{"name":"wp","href":"https:\/\/api.w.org\/{rel}","templated":true}]}}