{"id":9365,"date":"2025-06-29T10:58:16","date_gmt":"2025-06-29T08:58:16","guid":{"rendered":"https:\/\/uj.adatbank.ro\/lexikon\/termek\/gyorke-erno\/"},"modified":"2025-06-29T10:58:16","modified_gmt":"2025-06-29T08:58:16","slug":"gyorke-erno","status":"publish","type":"product","link":"https:\/\/uj.adatbank.ro\/lexikon\/termek\/gyorke-erno\/","title":{"rendered":"GY\u00d6RKE Ern\u0151"},"content":{"rendered":"<p>Sz\u00e9kelyudvarhely, 1891., \u2020\u00a0?: erd\u0151m\u00e9rn\u00f6k. \u2013 Iskol\u00e1it Sz\u00e9kelyudvarhelyen, Kv.-on \u00e9s a selmecb\u00e1nyai f\u0151iskol\u00e1n v\u00e9gezte, ahol erd\u0151m\u00e9rn\u00f6ki oklevelet szerzett. A Kov\u00e1sznai Erd\u0151gondnoks\u00e1g vezet\u0151je volt onnan ker\u00fclt Sepsiszentgy\u00f6rgyre (\u20131921). A h\u0171s\u00e9gesk\u0171 megtagad\u00e1sa miatt elbocs\u00e1tott\u00e1k \u00e9s a Transsylvania Faiparhoz ker\u00fclt K\u00e9zdiv\u00e1s\u00e1rhelyre; a b\u00e1r\u00f3 B\u00e1nffy csal\u00e1d g\u00f6demesterh\u00e1zi uradalm\u00e1nak volt erd\u0151m\u00e9rn\u00f6ke (1924\u201332), onnan b\u00e1r\u00f3 Kem\u00e9ny J\u00e1noshoz ker\u00fclt, majd a b\u00e1r\u00f3 B\u00e1nffy D\u00e1niel erd\u0151birtok\u00e1nak vezet\u0151je volt Palotailv\u00e1n (1939\u2013). <br \/><strong>Irod.:<\/strong> Sz\u00e9kelyf\u00f6ld \u00ed. k.<\/br><\/p>\n","protected":false},"excerpt":{"rendered":"<p>Sz\u00e9kelyudvarhely, 1891., \u2020\u00a0?: erd\u0151m\u00e9rn\u00f6k. \u2013 Iskol\u00e1it Sz\u00e9kelyudvarhelyen, Kv.-on \u00e9s a selmecb\u00e1nyai f\u0151iskol\u00e1n v\u00e9gezte, ahol erd\u0151m\u00e9rn\u00f6ki oklevelet szerzett. A Kov\u00e1sznai Erd\u0151gondnoks\u00e1g vezet\u0151je volt onnan ker\u00fclt Sepsiszentgy\u00f6rgyre (\u20131921). A h\u0171s\u00e9gesk\u0171 megtagad\u00e1sa miatt elbocs\u00e1tott\u00e1k \u00e9s a Transsylvania Faiparhoz ker\u00fclt K\u00e9zdiv\u00e1s\u00e1rhelyre; a b\u00e1r\u00f3 B\u00e1nffy csal\u00e1d g\u00f6demesterh\u00e1zi uradalm\u00e1nak volt erd\u0151m\u00e9rn\u00f6ke (1924\u201332), onnan b\u00e1r\u00f3 Kem\u00e9ny J\u00e1noshoz ker\u00fclt, majd a b\u00e1r\u00f3 B\u00e1nffy [&hellip;]<\/p>\n","protected":false},"featured_media":0,"comment_status":"open","ping_status":"closed","template":"","meta":[],"product_brand":[],"product_cat":[137],"product_tag":[],"class_list":{"0":"post-9365","1":"product","2":"type-product","3":"status-publish","5":"product_cat-maros-megyei-eletrajzi-lexikon","7":"first","8":"instock","9":"shipping-taxable","10":"product-type-simple"},"_links":{"self":[{"href":"https:\/\/uj.adatbank.ro\/lexikon\/wp-json\/wp\/v2\/product\/9365","targetHints":{"allow":["GET"]}}],"collection":[{"href":"https:\/\/uj.adatbank.ro\/lexikon\/wp-json\/wp\/v2\/product"}],"about":[{"href":"https:\/\/uj.adatbank.ro\/lexikon\/wp-json\/wp\/v2\/types\/product"}],"replies":[{"embeddable":true,"href":"https:\/\/uj.adatbank.ro\/lexikon\/wp-json\/wp\/v2\/comments?post=9365"}],"wp:attachment":[{"href":"https:\/\/uj.adatbank.ro\/lexikon\/wp-json\/wp\/v2\/media?parent=9365"}],"wp:term":[{"taxonomy":"product_brand","embeddable":true,"href":"https:\/\/uj.adatbank.ro\/lexikon\/wp-json\/wp\/v2\/product_brand?post=9365"},{"taxonomy":"product_cat","embeddable":true,"href":"https:\/\/uj.adatbank.ro\/lexikon\/wp-json\/wp\/v2\/product_cat?post=9365"},{"taxonomy":"product_tag","embeddable":true,"href":"https:\/\/uj.adatbank.ro\/lexikon\/wp-json\/wp\/v2\/product_tag?post=9365"}],"curies":[{"name":"wp","href":"https:\/\/api.w.org\/{rel}","templated":true}]}}

GYÖRKE Ernő

<p>Székelyudvarhely, 1891., † ?: erdőmérnök. – Iskoláit Székelyudvarhelyen, Kv.-on és a selmecbányai főiskolán végezte, ahol erdőmérnöki oklevelet szerzett. A Kovásznai Erdőgondnokság vezetője volt onnan került Sepsiszentgyörgyre (–1921). A hűségeskű megtagadása miatt elbocsátották és a Transsylvania Faiparhoz került Kézdivásárhelyre; a báró Bánffy család gödemesterházi uradalmának volt erdőmérnöke (1924–32), onnan báró Kemény Jánoshoz került, majd a báró Bánffy Dániel erdőbirtokának vezetője volt Palotailván (1939–). <br /><strong>Irod.:</strong> Székelyföld í. k.</br></p>

<p>Székelyudvarhely, 1891., † ?: erdőmérnök. – Iskoláit Székelyudvarhelyen, Kv.-on és a selmecbányai főiskolán végezte, ahol erdőmérnöki oklevelet szerzett. A Kovásznai Erdőgondnokság vezetője volt onnan került Sepsiszentgyörgyre (–1921). A hűségeskű megtagadása miatt elbocsátották és a Transsylvania Faiparhoz került Kézdivásárhelyre; a báró Bánffy család gödemesterházi uradalmának volt erdőmérnöke (1924–32), onnan báró Kemény Jánoshoz került, majd a báró Bánffy [&hellip;]</p>
