{"id":9370,"date":"2025-06-29T10:58:30","date_gmt":"2025-06-29T08:58:30","guid":{"rendered":"https:\/\/uj.adatbank.ro\/lexikon\/termek\/gyory-gyorgy\/"},"modified":"2025-06-29T10:58:30","modified_gmt":"2025-06-29T08:58:30","slug":"gyory-gyorgy","status":"publish","type":"product","link":"https:\/\/uj.adatbank.ro\/lexikon\/termek\/gyory-gyorgy\/","title":{"rendered":"GY\u0150RY Gy\u00f6rgy"},"content":{"rendered":"<p>Szeksz\u00e1rd, 1906. febr. 26., \u2020 Bp., 1994. m\u00e1rc. 24.: orvos, sz\u00fcl\u00e9sz-n\u0151gy\u00f3gy\u00e1sz. \u2013 Orvosi diplom\u00e1j\u00e1t Bp.-en szerezte (1931). Az orvostudom\u00e1ny kandid\u00e1tusa (1952), doktora (1992). A balassagyarmati k\u00f3rh\u00e1z seb\u00e9szeti oszt\u00e1ly\u00e1nak seg\u00e9dorvosa (1930\u20133l), a bp.-i egy. I. sz. n\u0151i klinik\u00e1j\u00e1n gyakornok (1931\u201334), k\u00f6zben sz\u00fcl\u00e9sz-n\u0151gy\u00f3gy\u00e1sz szakorvosi vizsg\u00e1t tett (1933); a bp.-i Szt. R\u00f3kus K\u00f3rh\u00e1z sz\u00fcl\u00e9szeti-n\u0151gy\u00f3gy\u00e1szati oszt\u00e1ly\u00e1n adjunktus (1934\u201340), a kv.-i egy. sz\u00fcl\u00e9szeti klinika I. sz. sz\u00fcl\u00e9szeti-n\u0151gy\u00f3gy\u00e1szati klinik\u00e1j\u00e1n adjunktus (1940\u201344), a sz\u00fcl\u00e9szeti n\u0151gy\u00f3gy\u00e1szati m\u0171t\u00e9ttan c. t\u00e1rgyk\u00f6r mag\u00e1ntan\u00e1ra (1942 \u2013), a sz\u00fcl\u00e9szet tansz\u00e9k professzora (1947. dec. 13. \u2013), a Bp.-i B\u00e1bak\u00e9pz\u0151 Int. adjunktusa (1946\u201347). A mv.-i OGYI Gyermekgy\u00f3gy\u00e1szati \u00e9s a K\u00f6zeg\u00e9szs\u00e9g-tud. kar\u00e1n el\u0151ad\u00f3 tan\u00e1r (1947\u201353), majd az egyes\u00edtett klinikai k\u00f3rh\u00e1z operat\u00edv n\u0151gy\u00f3gy\u00e1szati r\u00e9szlegvezet\u0151 f\u0151orvosa. A securitate megfigyeltette. Visszat\u00e9rt Mo.-ra, mert a buk.-i hat\u00f3s\u00e1gok nem hosszabb\u00edtott\u00e1k meg a szerz\u0151d\u00e9s\u00e9t (1953), az Orvostov\u00e1bbk\u00e9pz\u0151 Int. I. sz. sz\u00fcl\u00e9szeti-n\u0151gy\u00f3gy\u00e1szati klinik\u00e1j\u00e1n docens, tansz\u00e9kvezet\u0151 egy.-i tan\u00e1r nyugd\u00edjaz\u00e1s\u00e1ig (1962\u201376). Tagja a Deutsche Gesellschaft f\u00fcr Gynekologie (r. 1960), Gesellschaft Deutschsprechende Dozenten, Hochschullehrer t\u00e1rsas\u00e1goknak (1972). Cikkei a Wiener Klinische Wochenschrift, Wirvhow \u2018s Archiv, Frankfurter Zeitschrift f\u00fcr Pathologie, Acta (Kv.), M. N\u0151orvosok Lapja, Orvosi Hetilap. \u2013 <strong>F. m.:<\/strong> A gerincoszlop ferd\u00fcl\u00e9s sz\u00fcl\u00e9szeti jelent\u0151s\u00e9ge (Bp., 1942); A drainez\u00e9s sz\u00fcl\u00e9szeti \u00e9s n\u0151gy\u00f3gy\u00e1szati vonatkoz\u00e1sban (Bp., 1943); Az emberi v\u00e9r gy\u00f3gy\u00edt\u00f3 szerepe a sz\u00fcl\u00e9szetben \u00e9s n\u0151gy\u00f3gy\u00e1szatban (Bp. 1943); A fog\u00f3m\u0171t\u00e9t gyakoris\u00e1ga \u00e9s javallati k\u00f6r\u00e9nek v\u00e1ltoz\u00e1sa (Bp., 1943); Sz\u00fcl\u00e9szeti m\u0171t\u00e9ttan (egy. jegyz.; Mv., 1947; 1948; 1949); Hogyan \u00e9ljen a terhes n\u0151 (Buk., 1949, 1950); N\u0151gy\u00f3gy\u00e1szat (Mv., 1949, 1950); A gyakorl\u00f3 orvos n\u0151gy\u00f3gy\u00e1szati endokrinol\u00f3gi\u00e1ja (Bp., 1963); Sz\u00fcl\u00e9szet \u00e9s n\u0151gy\u00f3gy\u00e1szati m\u0171t\u00e9ttan. M\u0171t\u00e9ti elj\u00e1r\u00e1sok (Bp., 1990); <strong>t\u00e1rssz.:<\/strong> Sz\u00fcl\u00e9szeti, n\u0151gy\u00f3gy\u00e1szati jegyzetek (Mv., 1951); A sz\u0151r\u00f6s\u00f6d\u00e9s rendelleness\u00e9gei n\u0151gy\u00f3gy\u00e1szati szempontb\u00f3l. A Stein-Leventhal-syndroma. L\u00e1szl\u00f3 J\u00e1nossal (Ritka k\u00f3rk\u00e9pek. Bp., 1964). <br \/><strong>Irod.:<\/strong> Auton\u00f3m magyarok; Bartos 2012; Id\u0151t\u00e1r 4.; P\u00e9terffy \u00c1. \u2013 P. P.; RMIL; Todea\u2013F\u00fcl\u00f6p\u2013Avram; T\u00f3th\u2013G\u00e1bor; \u00daM\u00c9L<\/br><\/p>\n","protected":false},"excerpt":{"rendered":"<p>Szeksz\u00e1rd, 1906. febr. 26., \u2020 Bp., 1994. m\u00e1rc. 24.: orvos, sz\u00fcl\u00e9sz-n\u0151gy\u00f3gy\u00e1sz. \u2013 Orvosi diplom\u00e1j\u00e1t Bp.-en szerezte (1931). Az orvostudom\u00e1ny kandid\u00e1tusa (1952), doktora (1992). A balassagyarmati k\u00f3rh\u00e1z seb\u00e9szeti oszt\u00e1ly\u00e1nak seg\u00e9dorvosa (1930\u20133l), a bp.-i egy. I. sz. n\u0151i klinik\u00e1j\u00e1n gyakornok (1931\u201334), k\u00f6zben sz\u00fcl\u00e9sz-n\u0151gy\u00f3gy\u00e1sz szakorvosi vizsg\u00e1t tett (1933); a bp.-i Szt. R\u00f3kus K\u00f3rh\u00e1z sz\u00fcl\u00e9szeti-n\u0151gy\u00f3gy\u00e1szati oszt\u00e1ly\u00e1n adjunktus (1934\u201340), a [&hellip;]<\/p>\n","protected":false},"featured_media":0,"comment_status":"open","ping_status":"closed","template":"","meta":[],"product_brand":[],"product_cat":[137],"product_tag":[],"class_list":{"0":"post-9370","1":"product","2":"type-product","3":"status-publish","5":"product_cat-maros-megyei-eletrajzi-lexikon","7":"first","8":"instock","9":"shipping-taxable","10":"product-type-simple"},"_links":{"self":[{"href":"https:\/\/uj.adatbank.ro\/lexikon\/wp-json\/wp\/v2\/product\/9370","targetHints":{"allow":["GET"]}}],"collection":[{"href":"https:\/\/uj.adatbank.ro\/lexikon\/wp-json\/wp\/v2\/product"}],"about":[{"href":"https:\/\/uj.adatbank.ro\/lexikon\/wp-json\/wp\/v2\/types\/product"}],"replies":[{"embeddable":true,"href":"https:\/\/uj.adatbank.ro\/lexikon\/wp-json\/wp\/v2\/comments?post=9370"}],"wp:attachment":[{"href":"https:\/\/uj.adatbank.ro\/lexikon\/wp-json\/wp\/v2\/media?parent=9370"}],"wp:term":[{"taxonomy":"product_brand","embeddable":true,"href":"https:\/\/uj.adatbank.ro\/lexikon\/wp-json\/wp\/v2\/product_brand?post=9370"},{"taxonomy":"product_cat","embeddable":true,"href":"https:\/\/uj.adatbank.ro\/lexikon\/wp-json\/wp\/v2\/product_cat?post=9370"},{"taxonomy":"product_tag","embeddable":true,"href":"https:\/\/uj.adatbank.ro\/lexikon\/wp-json\/wp\/v2\/product_tag?post=9370"}],"curies":[{"name":"wp","href":"https:\/\/api.w.org\/{rel}","templated":true}]}}

GYŐRY György

<p>Szekszárd, 1906. febr. 26., † Bp., 1994. márc. 24.: orvos, szülész-nőgyógyász. – Orvosi diplomáját Bp.-en szerezte (1931). Az orvostudomány kandidátusa (1952), doktora (1992). A balassagyarmati kórház sebészeti osztályának segédorvosa (1930–3l), a bp.-i egy. I. sz. női klinikáján gyakornok (1931–34), közben szülész-nőgyógyász szakorvosi vizsgát tett (1933); a bp.-i Szt. Rókus Kórház szülészeti-nőgyógyászati osztályán adjunktus (1934–40), a kv.-i egy. szülészeti klinika I. sz. szülészeti-nőgyógyászati klinikáján adjunktus (1940–44), a szülészeti nőgyógyászati műtéttan c. tárgykör magántanára (1942 –), a szülészet tanszék professzora (1947. dec. 13. –), a Bp.-i Bábaképző Int. adjunktusa (1946–47). A mv.-i OGYI Gyermekgyógyászati és a Közegészség-tud. karán előadó tanár (1947–53), majd az egyesített klinikai kórház operatív nőgyógyászati részlegvezető főorvosa. A securitate megfigyeltette. Visszatért Mo.-ra, mert a buk.-i hatóságok nem hosszabbították meg a szerződését (1953), az Orvostovábbképző Int. I. sz. szülészeti-nőgyógyászati klinikáján docens, tanszékvezető egy.-i tanár nyugdíjazásáig (1962–76). Tagja a Deutsche Gesellschaft für Gynekologie (r. 1960), Gesellschaft Deutschsprechende Dozenten, Hochschullehrer társaságoknak (1972). Cikkei a Wiener Klinische Wochenschrift, Wirvhow ‘s Archiv, Frankfurter Zeitschrift für Pathologie, Acta (Kv.), M. Nőorvosok Lapja, Orvosi Hetilap. – <strong>F. m.:</strong> A gerincoszlop ferdülés szülészeti jelentősége (Bp., 1942); A drainezés szülészeti és nőgyógyászati vonatkozásban (Bp., 1943); Az emberi vér gyógyító szerepe a szülészetben és nőgyógyászatban (Bp. 1943); A fogóműtét gyakorisága és javallati körének változása (Bp., 1943); Szülészeti műtéttan (egy. jegyz.; Mv., 1947; 1948; 1949); Hogyan éljen a terhes nő (Buk., 1949, 1950); Nőgyógyászat (Mv., 1949, 1950); A gyakorló orvos nőgyógyászati endokrinológiája (Bp., 1963); Szülészet és nőgyógyászati műtéttan. Műtéti eljárások (Bp., 1990); <strong>társsz.:</strong> Szülészeti, nőgyógyászati jegyzetek (Mv., 1951); A szőrösödés rendellenességei nőgyógyászati szempontból. A Stein-Leventhal-syndroma. László Jánossal (Ritka kórképek. Bp., 1964). <br /><strong>Irod.:</strong> Autonóm magyarok; Bartos 2012; Időtár 4.; Péterffy Á. – P. P.; RMIL; Todea–Fülöp–Avram; Tóth–Gábor; ÚMÉL</br></p>

<p>Szekszárd, 1906. febr. 26., † Bp., 1994. márc. 24.: orvos, szülész-nőgyógyász. – Orvosi diplomáját Bp.-en szerezte (1931). Az orvostudomány kandidátusa (1952), doktora (1992). A balassagyarmati kórház sebészeti osztályának segédorvosa (1930–3l), a bp.-i egy. I. sz. női klinikáján gyakornok (1931–34), közben szülész-nőgyógyász szakorvosi vizsgát tett (1933); a bp.-i Szt. Rókus Kórház szülészeti-nőgyógyászati osztályán adjunktus (1934–40), a [&hellip;]</p>
