{"id":9372,"date":"2025-06-29T10:58:35","date_gmt":"2025-06-29T08:58:35","guid":{"rendered":"https:\/\/uj.adatbank.ro\/lexikon\/termek\/gyujto-sandor\/"},"modified":"2025-06-29T10:58:35","modified_gmt":"2025-06-29T08:58:35","slug":"gyujto-sandor","status":"publish","type":"product","link":"https:\/\/uj.adatbank.ro\/lexikon\/termek\/gyujto-sandor\/","title":{"rendered":"GY\u00daJT\u00d3 S\u00e1ndor"},"content":{"rendered":"<p>? \u2020\u00a0? : tan\u00e1r, k\u00f6lt\u0151. \u2013 K\u00f6ltem\u00e9nyeket \u00edrt, k\u00f6z\u00f6lte az Agl\u00e1j\u00e1ban, (II. 1830), a K\u00f6ltem\u00e9nyek (Kv., 1833) c. gy\u0171jtem\u00e9nyben \u00e9s a Nemzeti Almanach-ban (I. 1841). \u2013 <strong>F. m.:<\/strong> <strong>t\u00e1rssz.:<\/strong> Sz\u00edve ki\u00f6ml\u00e9se a\u2019 Maros V\u00e1s\u00e1rhelyi Ref. Koll\u00e9gyomb\u00e9li ifi\u00fas\u00e1g\u00e1nak egy kedves attya hal\u00e1l\u00e1n [Gr. Kem\u00e9ny Mikl\u00f3s]. (Mv., 1829); N\u00e9hai nemes ifj\u00fa Torboszl\u00f3i Beretzki Ferenc volt kedves tan\u00edtv\u00e1nyunk szomor\u00fa s\u00edrhalm\u00e1ra szentelt\u00fck 10. -dik octoberben 1830. a Mv.-i Collegiumban. Albert M\u00e1rtonnal. (Mv., 1830). <br \/><strong>Irod.:<\/strong> F\u00fcl\u00f6p\u2013Ferencz; Szinnyei<\/br><\/p>\n","protected":false},"excerpt":{"rendered":"<p>? \u2020\u00a0? : tan\u00e1r, k\u00f6lt\u0151. \u2013 K\u00f6ltem\u00e9nyeket \u00edrt, k\u00f6z\u00f6lte az Agl\u00e1j\u00e1ban, (II. 1830), a K\u00f6ltem\u00e9nyek (Kv., 1833) c. gy\u0171jtem\u00e9nyben \u00e9s a Nemzeti Almanach-ban (I. 1841). \u2013 F. m.: t\u00e1rssz.: Sz\u00edve ki\u00f6ml\u00e9se a\u2019 Maros V\u00e1s\u00e1rhelyi Ref. Koll\u00e9gyomb\u00e9li ifi\u00fas\u00e1g\u00e1nak egy kedves attya hal\u00e1l\u00e1n [Gr. Kem\u00e9ny Mikl\u00f3s]. (Mv., 1829); N\u00e9hai nemes ifj\u00fa Torboszl\u00f3i Beretzki Ferenc volt kedves tan\u00edtv\u00e1nyunk [&hellip;]<\/p>\n","protected":false},"featured_media":0,"comment_status":"open","ping_status":"closed","template":"","meta":[],"product_brand":[],"product_cat":[137],"product_tag":[],"class_list":{"0":"post-9372","1":"product","2":"type-product","3":"status-publish","5":"product_cat-maros-megyei-eletrajzi-lexikon","7":"first","8":"instock","9":"shipping-taxable","10":"product-type-simple"},"_links":{"self":[{"href":"https:\/\/uj.adatbank.ro\/lexikon\/wp-json\/wp\/v2\/product\/9372","targetHints":{"allow":["GET"]}}],"collection":[{"href":"https:\/\/uj.adatbank.ro\/lexikon\/wp-json\/wp\/v2\/product"}],"about":[{"href":"https:\/\/uj.adatbank.ro\/lexikon\/wp-json\/wp\/v2\/types\/product"}],"replies":[{"embeddable":true,"href":"https:\/\/uj.adatbank.ro\/lexikon\/wp-json\/wp\/v2\/comments?post=9372"}],"wp:attachment":[{"href":"https:\/\/uj.adatbank.ro\/lexikon\/wp-json\/wp\/v2\/media?parent=9372"}],"wp:term":[{"taxonomy":"product_brand","embeddable":true,"href":"https:\/\/uj.adatbank.ro\/lexikon\/wp-json\/wp\/v2\/product_brand?post=9372"},{"taxonomy":"product_cat","embeddable":true,"href":"https:\/\/uj.adatbank.ro\/lexikon\/wp-json\/wp\/v2\/product_cat?post=9372"},{"taxonomy":"product_tag","embeddable":true,"href":"https:\/\/uj.adatbank.ro\/lexikon\/wp-json\/wp\/v2\/product_tag?post=9372"}],"curies":[{"name":"wp","href":"https:\/\/api.w.org\/{rel}","templated":true}]}}

GYÚJTÓ Sándor

<p>? † ? : tanár, költő. – Költeményeket írt, közölte az Aglájában, (II. 1830), a Költemények (Kv., 1833) c. gyűjteményben és a Nemzeti Almanach-ban (I. 1841). – <strong>F. m.:</strong> <strong>társsz.:</strong> Szíve kiömlése a’ Maros Vásárhelyi Ref. Kollégyombéli ifiúságának egy kedves attya halálán [Gr. Kemény Miklós]. (Mv., 1829); Néhai nemes ifjú Torboszlói Beretzki Ferenc volt kedves tanítványunk szomorú sírhalmára szenteltük 10. -dik octoberben 1830. a Mv.-i Collegiumban. Albert Mártonnal. (Mv., 1830). <br /><strong>Irod.:</strong> Fülöp–Ferencz; Szinnyei</br></p>

<p>? † ? : tanár, költő. – Költeményeket írt, közölte az Aglájában, (II. 1830), a Költemények (Kv., 1833) c. gyűjteményben és a Nemzeti Almanach-ban (I. 1841). – F. m.: társsz.: Szíve kiömlése a’ Maros Vásárhelyi Ref. Kollégyombéli ifiúságának egy kedves attya halálán [Gr. Kemény Miklós]. (Mv., 1829); Néhai nemes ifjú Torboszlói Beretzki Ferenc volt kedves tanítványunk [&hellip;]</p>
