{"id":9373,"date":"2025-06-29T10:58:36","date_gmt":"2025-06-29T08:58:36","guid":{"rendered":"https:\/\/uj.adatbank.ro\/lexikon\/termek\/gyulaffi-laszlo-gyulaffy-laszlo-ratoti\/"},"modified":"2025-06-29T10:58:36","modified_gmt":"2025-06-29T08:58:36","slug":"gyulaffi-laszlo-gyulaffy-laszlo-ratoti","status":"publish","type":"product","link":"https:\/\/uj.adatbank.ro\/lexikon\/termek\/gyulaffi-laszlo-gyulaffy-laszlo-ratoti\/","title":{"rendered":"GYULAFFI L\u00e1szl\u00f3, Gyulaffy L\u00e1szl\u00f3, r\u00e1t\u00f3ti"},"content":{"rendered":"<p>Csob\u00e1nc, 1520. k., \u2020\u00a0Udvarhely, 1579. m\u00e1j. 13.: kapit\u00e1ny. \u2013 J\u00e1nos Zsigmond h\u00edv\u00e1s\u00e1ra j\u00f6tt Erd\u00e9lybe (1568). Az erd\u00e9lyi sereg f\u0151kapit\u00e1nya, B\u00e1thory Istv\u00e1n kerel\u0151szentp\u00e1li csat\u00e1j\u00e1ban a hadak gener\u00e1lisa (1575). Adom\u00e1nyul kapta Szil\u00e1gycseh v\u00e1r\u00e1t \u00e9s a hozz\u00e1tartoz\u00f3 birtokokat, 63 falut. Birtokai \u00e9s kast\u00e9lyai vannak Szentdemeteren, Abosfalv\u00e1n. <br \/><strong>Irod.:<\/strong> Apor P\u00e9ter: Metamorphosis Transilvaniae (Buk, 1978); Bicsok-Orb\u00e1n; Id\u0151t\u00e1r; Keresztes 1995; K\u0151v\u00e1ry 1866; Erd\u00e9ly \u00f6r\u00f6ks\u00e9ge; P\u00e1lmay; Vass Anta; Wessel\u00e9nyi Istv\u00e1n<\/br><\/p>\n","protected":false},"excerpt":{"rendered":"<p>Csob\u00e1nc, 1520. k., \u2020\u00a0Udvarhely, 1579. m\u00e1j. 13.: kapit\u00e1ny. \u2013 J\u00e1nos Zsigmond h\u00edv\u00e1s\u00e1ra j\u00f6tt Erd\u00e9lybe (1568). Az erd\u00e9lyi sereg f\u0151kapit\u00e1nya, B\u00e1thory Istv\u00e1n kerel\u0151szentp\u00e1li csat\u00e1j\u00e1ban a hadak gener\u00e1lisa (1575). Adom\u00e1nyul kapta Szil\u00e1gycseh v\u00e1r\u00e1t \u00e9s a hozz\u00e1tartoz\u00f3 birtokokat, 63 falut. Birtokai \u00e9s kast\u00e9lyai vannak Szentdemeteren, Abosfalv\u00e1n. Irod.: Apor P\u00e9ter: Metamorphosis Transilvaniae (Buk, 1978); Bicsok-Orb\u00e1n; Id\u0151t\u00e1r; Keresztes 1995; K\u0151v\u00e1ry [&hellip;]<\/p>\n","protected":false},"featured_media":0,"comment_status":"open","ping_status":"closed","template":"","meta":[],"product_brand":[],"product_cat":[137],"product_tag":[],"class_list":{"0":"post-9373","1":"product","2":"type-product","3":"status-publish","5":"product_cat-maros-megyei-eletrajzi-lexikon","7":"first","8":"instock","9":"shipping-taxable","10":"product-type-simple"},"_links":{"self":[{"href":"https:\/\/uj.adatbank.ro\/lexikon\/wp-json\/wp\/v2\/product\/9373","targetHints":{"allow":["GET"]}}],"collection":[{"href":"https:\/\/uj.adatbank.ro\/lexikon\/wp-json\/wp\/v2\/product"}],"about":[{"href":"https:\/\/uj.adatbank.ro\/lexikon\/wp-json\/wp\/v2\/types\/product"}],"replies":[{"embeddable":true,"href":"https:\/\/uj.adatbank.ro\/lexikon\/wp-json\/wp\/v2\/comments?post=9373"}],"wp:attachment":[{"href":"https:\/\/uj.adatbank.ro\/lexikon\/wp-json\/wp\/v2\/media?parent=9373"}],"wp:term":[{"taxonomy":"product_brand","embeddable":true,"href":"https:\/\/uj.adatbank.ro\/lexikon\/wp-json\/wp\/v2\/product_brand?post=9373"},{"taxonomy":"product_cat","embeddable":true,"href":"https:\/\/uj.adatbank.ro\/lexikon\/wp-json\/wp\/v2\/product_cat?post=9373"},{"taxonomy":"product_tag","embeddable":true,"href":"https:\/\/uj.adatbank.ro\/lexikon\/wp-json\/wp\/v2\/product_tag?post=9373"}],"curies":[{"name":"wp","href":"https:\/\/api.w.org\/{rel}","templated":true}]}}

GYULAFFI László, Gyulaffy László, rátóti

<p>Csobánc, 1520. k., † Udvarhely, 1579. máj. 13.: kapitány. – János Zsigmond hívására jött Erdélybe (1568). Az erdélyi sereg főkapitánya, Báthory István kerelőszentpáli csatájában a hadak generálisa (1575). Adományul kapta Szilágycseh várát és a hozzátartozó birtokokat, 63 falut. Birtokai és kastélyai vannak Szentdemeteren, Abosfalván. <br /><strong>Irod.:</strong> Apor Péter: Metamorphosis Transilvaniae (Buk, 1978); Bicsok-Orbán; Időtár; Keresztes 1995; Kőváry 1866; Erdély öröksége; Pálmay; Vass Anta; Wesselényi István</br></p>

<p>Csobánc, 1520. k., † Udvarhely, 1579. máj. 13.: kapitány. – János Zsigmond hívására jött Erdélybe (1568). Az erdélyi sereg főkapitánya, Báthory István kerelőszentpáli csatájában a hadak generálisa (1575). Adományul kapta Szilágycseh várát és a hozzátartozó birtokokat, 63 falut. Birtokai és kastélyai vannak Szentdemeteren, Abosfalván. Irod.: Apor Péter: Metamorphosis Transilvaniae (Buk, 1978); Bicsok-Orbán; Időtár; Keresztes 1995; Kőváry [&hellip;]</p>
