{"id":9374,"date":"2025-06-29T10:58:38","date_gmt":"2025-06-29T08:58:38","guid":{"rendered":"https:\/\/uj.adatbank.ro\/lexikon\/termek\/gyulaffi-laszlo-gyulafi-gyulaffy-ratothi-gr\/"},"modified":"2025-06-29T10:58:38","modified_gmt":"2025-06-29T08:58:38","slug":"gyulaffi-laszlo-gyulafi-gyulaffy-ratothi-gr","status":"publish","type":"product","link":"https:\/\/uj.adatbank.ro\/lexikon\/termek\/gyulaffi-laszlo-gyulafi-gyulaffy-ratothi-gr\/","title":{"rendered":"GYULAFFI L\u00e1szl\u00f3, Gyulafi, Gyulaffy, r\u00e1t\u00f3thi gr."},"content":{"rendered":"<p>1699 \u2020\u00a0B\u00e9cs, 1754.: f\u00f6ldbirtokos. \u2013 L\u00e1szl\u00f3 (\u2020 1699) \u00e9s gyer\u0151monostori Gyer\u0151fi Borb\u00e1la (1684\u20131727) fia. Feles\u00e9ge hallerk\u0151i Haller \u00c9va, kapjoni \u00e1g. Le\u00e1nya Borb\u00e1la. \u2013 A szentdemeteri birtok \u00e9s kast\u00e9ly (\u00e9p. 1617\u201335) tulajdonosa. Hal\u00e1la ut\u00e1n a kapjoni \u00e1gb\u00f3l sz\u00e1rmaz\u00f3 Haller le\u00e1nyok r\u00e9v\u00e9n \u00f6r\u00f6kl\u0151d\u00f6tt tov\u00e1bb. Ma m\u00e1r nincs meg a kast\u00e9ly. Habsburgp\u00e1rti f\u0151nemes, Udvarhelysz\u00e9k f\u0151kapit\u00e1nya, Erd\u00e9ly udvari kancell\u00e1rja. Vele kihalt a csal\u00e1d f\u00e9rfi\u00e1ga. A szentdemeteri kast\u00e9ly \u00e9s birtokot a Haller csal\u00e1d \u00f6r\u00f6k\u00f6lte. <br \/><strong>Irod.:<\/strong> Apor P\u00e9ter; Bics\u00f3k-Orb\u00e1n; Erd\u00e9ly r\u00e9gis\u00e9gei; Id\u0151t\u00e1r 1; Keresztes 1995; Kov\u00e1ry L\u00e1szl\u00f3; Nagy-Bod\u00f3 Tibor: Az erd\u00e9lyi \u00e9p\u00edt\u00e9szett\u00f6rt\u00e9net\u00fcnk egyik nagy vesztess\u00e9ge (K\u00f6zpont, 2016. \u00e1pr. 14\u201320.); P\u00e1lmay; Wessel\u00e9nyi Istv\u00e1n<\/br><\/p>\n","protected":false},"excerpt":{"rendered":"<p>1699 \u2020\u00a0B\u00e9cs, 1754.: f\u00f6ldbirtokos. \u2013 L\u00e1szl\u00f3 (\u2020 1699) \u00e9s gyer\u0151monostori Gyer\u0151fi Borb\u00e1la (1684\u20131727) fia. Feles\u00e9ge hallerk\u0151i Haller \u00c9va, kapjoni \u00e1g. Le\u00e1nya Borb\u00e1la. \u2013 A szentdemeteri birtok \u00e9s kast\u00e9ly (\u00e9p. 1617\u201335) tulajdonosa. Hal\u00e1la ut\u00e1n a kapjoni \u00e1gb\u00f3l sz\u00e1rmaz\u00f3 Haller le\u00e1nyok r\u00e9v\u00e9n \u00f6r\u00f6kl\u0151d\u00f6tt tov\u00e1bb. Ma m\u00e1r nincs meg a kast\u00e9ly. Habsburgp\u00e1rti f\u0151nemes, Udvarhelysz\u00e9k f\u0151kapit\u00e1nya, Erd\u00e9ly udvari kancell\u00e1rja. [&hellip;]<\/p>\n","protected":false},"featured_media":0,"comment_status":"open","ping_status":"closed","template":"","meta":[],"product_brand":[],"product_cat":[137],"product_tag":[],"class_list":{"0":"post-9374","1":"product","2":"type-product","3":"status-publish","5":"product_cat-maros-megyei-eletrajzi-lexikon","7":"first","8":"instock","9":"shipping-taxable","10":"product-type-simple"},"_links":{"self":[{"href":"https:\/\/uj.adatbank.ro\/lexikon\/wp-json\/wp\/v2\/product\/9374","targetHints":{"allow":["GET"]}}],"collection":[{"href":"https:\/\/uj.adatbank.ro\/lexikon\/wp-json\/wp\/v2\/product"}],"about":[{"href":"https:\/\/uj.adatbank.ro\/lexikon\/wp-json\/wp\/v2\/types\/product"}],"replies":[{"embeddable":true,"href":"https:\/\/uj.adatbank.ro\/lexikon\/wp-json\/wp\/v2\/comments?post=9374"}],"wp:attachment":[{"href":"https:\/\/uj.adatbank.ro\/lexikon\/wp-json\/wp\/v2\/media?parent=9374"}],"wp:term":[{"taxonomy":"product_brand","embeddable":true,"href":"https:\/\/uj.adatbank.ro\/lexikon\/wp-json\/wp\/v2\/product_brand?post=9374"},{"taxonomy":"product_cat","embeddable":true,"href":"https:\/\/uj.adatbank.ro\/lexikon\/wp-json\/wp\/v2\/product_cat?post=9374"},{"taxonomy":"product_tag","embeddable":true,"href":"https:\/\/uj.adatbank.ro\/lexikon\/wp-json\/wp\/v2\/product_tag?post=9374"}],"curies":[{"name":"wp","href":"https:\/\/api.w.org\/{rel}","templated":true}]}}

GYULAFFI László, Gyulafi, Gyulaffy, rátóthi gr.

<p>1699 † Bécs, 1754.: földbirtokos. – László († 1699) és gyerőmonostori Gyerőfi Borbála (1684–1727) fia. Felesége hallerkői Haller Éva, kapjoni ág. Leánya Borbála. – A szentdemeteri birtok és kastély (ép. 1617–35) tulajdonosa. Halála után a kapjoni ágból származó Haller leányok révén öröklődött tovább. Ma már nincs meg a kastély. Habsburgpárti főnemes, Udvarhelyszék főkapitánya, Erdély udvari kancellárja. Vele kihalt a család férfiága. A szentdemeteri kastély és birtokot a Haller család örökölte. <br /><strong>Irod.:</strong> Apor Péter; Bicsók-Orbán; Erdély régiségei; Időtár 1; Keresztes 1995; Kováry László; Nagy-Bodó Tibor: Az erdélyi építészettörténetünk egyik nagy vesztessége (Központ, 2016. ápr. 14–20.); Pálmay; Wesselényi István</br></p>

<p>1699 † Bécs, 1754.: földbirtokos. – László († 1699) és gyerőmonostori Gyerőfi Borbála (1684–1727) fia. Felesége hallerkői Haller Éva, kapjoni ág. Leánya Borbála. – A szentdemeteri birtok és kastély (ép. 1617–35) tulajdonosa. Halála után a kapjoni ágból származó Haller leányok révén öröklődött tovább. Ma már nincs meg a kastély. Habsburgpárti főnemes, Udvarhelyszék főkapitánya, Erdély udvari kancellárja. [&hellip;]</p>
