{"id":9375,"date":"2025-06-29T10:58:40","date_gmt":"2025-06-29T08:58:40","guid":{"rendered":"https:\/\/uj.adatbank.ro\/lexikon\/termek\/gyulaffi-laszlo-rathoti-gr-gyulaffy-laszlo-gyulafi-laszlo\/"},"modified":"2025-06-29T10:58:40","modified_gmt":"2025-06-29T08:58:40","slug":"gyulaffi-laszlo-rathoti-gr-gyulaffy-laszlo-gyulafi-laszlo","status":"publish","type":"product","link":"https:\/\/uj.adatbank.ro\/lexikon\/termek\/gyulaffi-laszlo-rathoti-gr-gyulaffy-laszlo-gyulafi-laszlo\/","title":{"rendered":"GYULAFFI L\u00e1szl\u00f3, r\u00e1th\u00f3ti, gr. Gyulaffy L\u00e1szl\u00f3, Gyulafi L\u00e1szl\u00f3"},"content":{"rendered":"<p>? \u2020 1699.: abosfalvi birtokos, t\u00e1bornok, guberniumi tan\u00e1csos, Marossz\u00e9k f\u0151kapit\u00e1nya. \u2013 Gy. L\u00e1szl\u00f3 (\u2020 1661) \u00e9s szentdemeteri Balassi Erzs\u00e9bet (1664) fia. Feles\u00e9ge gyer\u0151monostori Gyer\u0151ffi Borb\u00e1la (1684\u20131727). Fia L\u00e1szl\u00f3 (1699\u20131754). \u2013 Apafi marossz\u00e9ki f\u0151kapit\u00e1nny\u00e1 teszi, \u0151 volt Marosz\u00e9k utols\u00f3el\u0151tti f\u0151kapit\u00e1nya. (1683\u201393). Gr\u00f3fi c\u00edmet kapott (1693), korm\u00e1nysz\u00e9ki tan\u00e1csos (1691), Kolozs vm. f\u0151isp\u00e1nja (1694), orsz\u00e1gos gener\u00e1lis (1698). Ny\u00e1r\u00e1dandr\u00e1sfalva a tulajdona volt (1696). A feles\u00e9ge \u00f6r\u00f6k\u00f6lte az unit. Abosfalv\u00e1t, ahol a f\u00f6ldszintes klasszicista-empire \u00f6tszob\u00e1s kast\u00e9lyt \u00e9p\u00edttett, ezt majd \u00e1t\u00e9p\u00edtett\u00e9k az Aporok (19. sz.). Ma csak az \u00f6regtorony van meg bel\u0151le. <br \/><strong>Irod.:<\/strong> \u00c1rva Bethlen K.; Bicsok-Orb\u00e1n; Keresztes 1995; K\u00e9nosi-Uzoni 2.; Ny\u00e1r\u00e1dszereda k\u00f6zs\u00e9g; P\u00e1l-Antal 2002; Tr\u00f3cs\u00e1nyi 1988<\/br><\/p>\n","protected":false},"excerpt":{"rendered":"<p>? \u2020 1699.: abosfalvi birtokos, t\u00e1bornok, guberniumi tan\u00e1csos, Marossz\u00e9k f\u0151kapit\u00e1nya. \u2013 Gy. L\u00e1szl\u00f3 (\u2020 1661) \u00e9s szentdemeteri Balassi Erzs\u00e9bet (1664) fia. Feles\u00e9ge gyer\u0151monostori Gyer\u0151ffi Borb\u00e1la (1684\u20131727). Fia L\u00e1szl\u00f3 (1699\u20131754). \u2013 Apafi marossz\u00e9ki f\u0151kapit\u00e1nny\u00e1 teszi, \u0151 volt Marosz\u00e9k utols\u00f3el\u0151tti f\u0151kapit\u00e1nya. (1683\u201393). Gr\u00f3fi c\u00edmet kapott (1693), korm\u00e1nysz\u00e9ki tan\u00e1csos (1691), Kolozs vm. f\u0151isp\u00e1nja (1694), orsz\u00e1gos gener\u00e1lis (1698). Ny\u00e1r\u00e1dandr\u00e1sfalva [&hellip;]<\/p>\n","protected":false},"featured_media":0,"comment_status":"open","ping_status":"closed","template":"","meta":[],"product_brand":[],"product_cat":[137],"product_tag":[],"class_list":{"0":"post-9375","1":"product","2":"type-product","3":"status-publish","5":"product_cat-maros-megyei-eletrajzi-lexikon","7":"first","8":"instock","9":"shipping-taxable","10":"product-type-simple"},"_links":{"self":[{"href":"https:\/\/uj.adatbank.ro\/lexikon\/wp-json\/wp\/v2\/product\/9375","targetHints":{"allow":["GET"]}}],"collection":[{"href":"https:\/\/uj.adatbank.ro\/lexikon\/wp-json\/wp\/v2\/product"}],"about":[{"href":"https:\/\/uj.adatbank.ro\/lexikon\/wp-json\/wp\/v2\/types\/product"}],"replies":[{"embeddable":true,"href":"https:\/\/uj.adatbank.ro\/lexikon\/wp-json\/wp\/v2\/comments?post=9375"}],"wp:attachment":[{"href":"https:\/\/uj.adatbank.ro\/lexikon\/wp-json\/wp\/v2\/media?parent=9375"}],"wp:term":[{"taxonomy":"product_brand","embeddable":true,"href":"https:\/\/uj.adatbank.ro\/lexikon\/wp-json\/wp\/v2\/product_brand?post=9375"},{"taxonomy":"product_cat","embeddable":true,"href":"https:\/\/uj.adatbank.ro\/lexikon\/wp-json\/wp\/v2\/product_cat?post=9375"},{"taxonomy":"product_tag","embeddable":true,"href":"https:\/\/uj.adatbank.ro\/lexikon\/wp-json\/wp\/v2\/product_tag?post=9375"}],"curies":[{"name":"wp","href":"https:\/\/api.w.org\/{rel}","templated":true}]}}