{"id":9376,"date":"2025-06-29T10:58:42","date_gmt":"2025-06-29T08:58:42","guid":{"rendered":"https:\/\/uj.adatbank.ro\/lexikon\/termek\/gyulaffi-laszlo-ratothi-gyulafi-laszlo-gyulaffy-laszlo\/"},"modified":"2025-06-29T10:58:42","modified_gmt":"2025-06-29T08:58:42","slug":"gyulaffi-laszlo-ratothi-gyulafi-laszlo-gyulaffy-laszlo","status":"publish","type":"product","link":"https:\/\/uj.adatbank.ro\/lexikon\/termek\/gyulaffi-laszlo-ratothi-gyulafi-laszlo-gyulaffy-laszlo\/","title":{"rendered":"GYULAFFI L\u00e1szl\u00f3, r\u00e1t\u00f3thi, Gyulafi L\u00e1szl\u00f3, Gyulaffy L\u00e1szl\u00f3"},"content":{"rendered":"<p>? \u2020\u00a01661.: szentdemeteri f\u00f6ldbirtokos. \u2013 Krist\u00f3f \u00e9s nemesk\u00fcrthi Pogr\u00e1nyi Zs\u00f3fia fia. Feles\u00e9ge Balassi Erzs\u00e9bet (\u2020 1664). Gyermekei: L\u00e1szl\u00f3 (\u2020 1699), Kl\u00e1ra, Zs\u00f3fia. \u2013 Els\u0151k\u00e9nt telepedett le Szentdemeteren, h\u00e1zass\u00e1g r\u00e9v\u00e9n \u00f6r\u00f6k\u00f6lte a Balassi kast\u00e9lyt. Ma m\u00e1r nincs meg. <br \/><strong>Irod.:<\/strong> Erd\u00e9lyi eml\u00e9k\u00edr\u00f3k; Keresztes Gyula 1995; K\u0151v\u00e1ry; Wessel\u00e9nyi Istv\u00e1n<\/br><\/p>\n","protected":false},"excerpt":{"rendered":"<p>? \u2020\u00a01661.: szentdemeteri f\u00f6ldbirtokos. \u2013 Krist\u00f3f \u00e9s nemesk\u00fcrthi Pogr\u00e1nyi Zs\u00f3fia fia. Feles\u00e9ge Balassi Erzs\u00e9bet (\u2020 1664). Gyermekei: L\u00e1szl\u00f3 (\u2020 1699), Kl\u00e1ra, Zs\u00f3fia. \u2013 Els\u0151k\u00e9nt telepedett le Szentdemeteren, h\u00e1zass\u00e1g r\u00e9v\u00e9n \u00f6r\u00f6k\u00f6lte a Balassi kast\u00e9lyt. Ma m\u00e1r nincs meg. Irod.: Erd\u00e9lyi eml\u00e9k\u00edr\u00f3k; Keresztes Gyula 1995; K\u0151v\u00e1ry; Wessel\u00e9nyi Istv\u00e1n<\/p>\n","protected":false},"featured_media":0,"comment_status":"open","ping_status":"closed","template":"","meta":[],"product_brand":[],"product_cat":[137],"product_tag":[],"class_list":{"0":"post-9376","1":"product","2":"type-product","3":"status-publish","5":"product_cat-maros-megyei-eletrajzi-lexikon","7":"first","8":"instock","9":"shipping-taxable","10":"product-type-simple"},"_links":{"self":[{"href":"https:\/\/uj.adatbank.ro\/lexikon\/wp-json\/wp\/v2\/product\/9376","targetHints":{"allow":["GET"]}}],"collection":[{"href":"https:\/\/uj.adatbank.ro\/lexikon\/wp-json\/wp\/v2\/product"}],"about":[{"href":"https:\/\/uj.adatbank.ro\/lexikon\/wp-json\/wp\/v2\/types\/product"}],"replies":[{"embeddable":true,"href":"https:\/\/uj.adatbank.ro\/lexikon\/wp-json\/wp\/v2\/comments?post=9376"}],"wp:attachment":[{"href":"https:\/\/uj.adatbank.ro\/lexikon\/wp-json\/wp\/v2\/media?parent=9376"}],"wp:term":[{"taxonomy":"product_brand","embeddable":true,"href":"https:\/\/uj.adatbank.ro\/lexikon\/wp-json\/wp\/v2\/product_brand?post=9376"},{"taxonomy":"product_cat","embeddable":true,"href":"https:\/\/uj.adatbank.ro\/lexikon\/wp-json\/wp\/v2\/product_cat?post=9376"},{"taxonomy":"product_tag","embeddable":true,"href":"https:\/\/uj.adatbank.ro\/lexikon\/wp-json\/wp\/v2\/product_tag?post=9376"}],"curies":[{"name":"wp","href":"https:\/\/api.w.org\/{rel}","templated":true}]}}

GYULAFFI László, rátóthi, Gyulafi László, Gyulaffy László

<p>? † 1661.: szentdemeteri földbirtokos. – Kristóf és nemeskürthi Pogrányi Zsófia fia. Felesége Balassi Erzsébet († 1664). Gyermekei: László († 1699), Klára, Zsófia. – Elsőként telepedett le Szentdemeteren, házasság révén örökölte a Balassi kastélyt. Ma már nincs meg. <br /><strong>Irod.:</strong> Erdélyi emlékírók; Keresztes Gyula 1995; Kőváry; Wesselényi István</br></p>

<p>? † 1661.: szentdemeteri földbirtokos. – Kristóf és nemeskürthi Pogrányi Zsófia fia. Felesége Balassi Erzsébet († 1664). Gyermekei: László († 1699), Klára, Zsófia. – Elsőként telepedett le Szentdemeteren, házasság révén örökölte a Balassi kastélyt. Ma már nincs meg. Irod.: Erdélyi emlékírók; Keresztes Gyula 1995; Kőváry; Wesselényi István</p>
