{"id":9377,"date":"2025-06-29T10:58:44","date_gmt":"2025-06-29T08:58:44","guid":{"rendered":"https:\/\/uj.adatbank.ro\/lexikon\/termek\/gyulaffi-laszlo-ratoti-gyulafi-laszlo-gyulaffy-laszlo\/"},"modified":"2025-06-29T10:58:44","modified_gmt":"2025-06-29T08:58:44","slug":"gyulaffi-laszlo-ratoti-gyulafi-laszlo-gyulaffy-laszlo","status":"publish","type":"product","link":"https:\/\/uj.adatbank.ro\/lexikon\/termek\/gyulaffi-laszlo-ratoti-gyulafi-laszlo-gyulaffy-laszlo\/","title":{"rendered":"GYULAFFI L\u00e1szl\u00f3, r\u00e1t\u00f3ti, Gyulafi L\u00e1szl\u00f3, Gyulaffy L\u00e1szl\u00f3"},"content":{"rendered":"<p>? \u2020\u00a0K\u00f6pec, 1605. j\u00fal. 25 v. 28.: f\u0151kapit\u00e1ny, fejedelmi tan\u00e1csos, helytart\u00f3. \u2013 L\u00e1szl\u00f3 \u00e9s Forg\u00e1ch Margit fia. Feles\u00e9ge: Sz\u00e9chy Kata. \u2013 Bocskai fejedelemnek erd\u00e9lyi gener\u00e1lisa, Erd\u00e9ly korm\u00e1nyz\u00f3ja. A mv.-i v\u00e1rtemplomban tartott ogy. -t (1605. m\u00e1j. 8), innen Kelementelk\u00e9re helyezt\u00e9k \u00e1t a tan\u00e1cskoz\u00e1st f\u00e9lve a R\u00e1cz Gy\u00f6rgy hajd\u00fainak t\u00e1mad\u00e1s\u00e1t\u00f3l. A sz\u00e1szok \u00e9s r\u00e1cok nem ismert\u00e9k el Bocskai fejedelems\u00e9g\u00e9t, ez\u00e9rt a v\u00e1ros tarthatott a t\u00e1mad\u00e1sukt\u00f3l. Visszafoglalta Szatm\u00e1r v\u00e1r\u00e1t (1605). V\u00e1s\u00e1rhelyre Szatm\u00e1rr\u00f3l \u00e1gy\u00fakat hozatott, amelyeket a v\u00e1ros piac\u00e1n \u00e1ll\u00edtottak fel. Ellent\u00e1mad\u00e1sa kudarcba fulladt a hajd\u00fak megvert\u00e9k Holdvil\u00e1gn\u00e1l. <br \/><strong>Irod.:<\/strong> Id\u0151t\u00e1r 1<\/br><\/p>\n","protected":false},"excerpt":{"rendered":"<p>? \u2020\u00a0K\u00f6pec, 1605. j\u00fal. 25 v. 28.: f\u0151kapit\u00e1ny, fejedelmi tan\u00e1csos, helytart\u00f3. \u2013 L\u00e1szl\u00f3 \u00e9s Forg\u00e1ch Margit fia. Feles\u00e9ge: Sz\u00e9chy Kata. \u2013 Bocskai fejedelemnek erd\u00e9lyi gener\u00e1lisa, Erd\u00e9ly korm\u00e1nyz\u00f3ja. A mv.-i v\u00e1rtemplomban tartott ogy. -t (1605. m\u00e1j. 8), innen Kelementelk\u00e9re helyezt\u00e9k \u00e1t a tan\u00e1cskoz\u00e1st f\u00e9lve a R\u00e1cz Gy\u00f6rgy hajd\u00fainak t\u00e1mad\u00e1s\u00e1t\u00f3l. A sz\u00e1szok \u00e9s r\u00e1cok nem ismert\u00e9k el [&hellip;]<\/p>\n","protected":false},"featured_media":0,"comment_status":"open","ping_status":"closed","template":"","meta":[],"product_brand":[],"product_cat":[137],"product_tag":[],"class_list":{"0":"post-9377","1":"product","2":"type-product","3":"status-publish","5":"product_cat-maros-megyei-eletrajzi-lexikon","7":"first","8":"instock","9":"shipping-taxable","10":"product-type-simple"},"_links":{"self":[{"href":"https:\/\/uj.adatbank.ro\/lexikon\/wp-json\/wp\/v2\/product\/9377","targetHints":{"allow":["GET"]}}],"collection":[{"href":"https:\/\/uj.adatbank.ro\/lexikon\/wp-json\/wp\/v2\/product"}],"about":[{"href":"https:\/\/uj.adatbank.ro\/lexikon\/wp-json\/wp\/v2\/types\/product"}],"replies":[{"embeddable":true,"href":"https:\/\/uj.adatbank.ro\/lexikon\/wp-json\/wp\/v2\/comments?post=9377"}],"wp:attachment":[{"href":"https:\/\/uj.adatbank.ro\/lexikon\/wp-json\/wp\/v2\/media?parent=9377"}],"wp:term":[{"taxonomy":"product_brand","embeddable":true,"href":"https:\/\/uj.adatbank.ro\/lexikon\/wp-json\/wp\/v2\/product_brand?post=9377"},{"taxonomy":"product_cat","embeddable":true,"href":"https:\/\/uj.adatbank.ro\/lexikon\/wp-json\/wp\/v2\/product_cat?post=9377"},{"taxonomy":"product_tag","embeddable":true,"href":"https:\/\/uj.adatbank.ro\/lexikon\/wp-json\/wp\/v2\/product_tag?post=9377"}],"curies":[{"name":"wp","href":"https:\/\/api.w.org\/{rel}","templated":true}]}}

GYULAFFI László, rátóti, Gyulafi László, Gyulaffy László

<p>? † Köpec, 1605. júl. 25 v. 28.: főkapitány, fejedelmi tanácsos, helytartó. – László és Forgách Margit fia. Felesége: Széchy Kata. – Bocskai fejedelemnek erdélyi generálisa, Erdély kormányzója. A mv.-i vártemplomban tartott ogy. -t (1605. máj. 8), innen Kelementelkére helyezték át a tanácskozást félve a Rácz György hajdúinak támadásától. A szászok és rácok nem ismerték el Bocskai fejedelemségét, ezért a város tarthatott a támadásuktól. Visszafoglalta Szatmár várát (1605). Vásárhelyre Szatmárról ágyúkat hozatott, amelyeket a város piacán állítottak fel. Ellentámadása kudarcba fulladt a hajdúk megverték Holdvilágnál. <br /><strong>Irod.:</strong> Időtár 1</br></p>

<p>? † Köpec, 1605. júl. 25 v. 28.: főkapitány, fejedelmi tanácsos, helytartó. – László és Forgách Margit fia. Felesége: Széchy Kata. – Bocskai fejedelemnek erdélyi generálisa, Erdély kormányzója. A mv.-i vártemplomban tartott ogy. -t (1605. máj. 8), innen Kelementelkére helyezték át a tanácskozást félve a Rácz György hajdúinak támadásától. A szászok és rácok nem ismerték el [&hellip;]</p>
