{"id":9378,"date":"2025-06-29T10:58:45","date_gmt":"2025-06-29T08:58:45","guid":{"rendered":"https:\/\/uj.adatbank.ro\/lexikon\/termek\/gyulai-demeter-kalman-demeter-1884-demeter-kalman-gyulai-d-istvan-gyulai-d-kalman\/"},"modified":"2025-06-29T10:58:45","modified_gmt":"2025-06-29T08:58:45","slug":"gyulai-demeter-kalman-demeter-1884-demeter-kalman-gyulai-d-istvan-gyulai-d-kalman","status":"publish","type":"product","link":"https:\/\/uj.adatbank.ro\/lexikon\/termek\/gyulai-demeter-kalman-demeter-1884-demeter-kalman-gyulai-d-istvan-gyulai-d-kalman\/","title":{"rendered":"GYULAI DEMETER K\u00e1lm\u00e1n, Demeter (\u20131884), Demeter K\u00e1lm\u00e1n, Gyulai D. Istv\u00e1n; Gyulai D. K\u00e1lm\u00e1n"},"content":{"rendered":"<p>Kolozsgyula, 1853. j\u00fan. 17., \u2020\u00a0Mv., 1922. febr. 3.: tan\u00e1r. \u2013 Testv\u00e9re: Gy. D. J\u00f3zsef. Feles\u00e9ge: M\u00e1ty\u00e1s Etelka. Gyermekeik: Gy. D. K\u00e1lm\u00e1n, Aranka, Viola, Olga. \u2013 Tanulm\u00e1nyait Kv.-on v\u00e9gezte (1883). Teleki Gy\u00f6rgy gr. le\u00e1nyai mellett nevel\u0151 (1879\u201380); tan\u00e1r a nagyenyedi Bethlen Koll.-ban (1880\u201388), H\u00f3dmez\u0151v\u00e1s\u00e1rhelyen (1888\u2013), Mv.-en a Ref. Koll.-ban term\u00e9szetrajz-f\u00f6ldrajz szakos tan\u00e1r hal\u00e1l\u00e1ig (1892. okt. 15. \u201322). A koll. el\u0151lj\u00e1r\u00f3s\u00e1gi gy\u0171l\u00e9sek jegyz\u0151je; a term\u00e9szetrajz gy\u0171jtem\u00e9ny \u0151re; a helybeli \u00c1llami Fa \u2013 F\u00e9m \u2013 \u00e9s Agyagipari szakiskola vegy \u2013 \u00e9s agyagszert\u00e1r\u00e1nak fel\u00fcgyel\u0151je, a mv.-i ref. egyh\u00e1ztan\u00e1csnak, egyh\u00e1zmegyei k\u00e9pvisel\u0151 test\u00fcletnek tagja, presbiter, az egyh\u00e1z iskolasz\u00e9k\u00e9nek, a ref. egyh\u00e1zi polg\u00e1ri le\u00e1nyiskola iskolasz\u00e9k\u00e9nek tagja, a Mv.-i Takar\u00e9kp\u00e9nzt\u00e1r Rt. Fel\u00fcgyel\u0151bizotts\u00e1ga \u00e9s a Term\u00e9szettudom\u00e1nyi T\u00e1rsulat tagja, az Alkoholellenes Sz\u00f6vets\u00e9g helyi aleln\u00f6ke, a Nemzeti Munkap\u00e1rt helyi aleln\u00f6ke, az iparosok meg seg\u00e9dek oktat\u00e1s\u00e1ra alakult bizotts\u00e1g rendes tagja. A munk\u00e1sok \u00e9s iparosok sz\u00e1m\u00e1ra szervezett d\u00e9lut\u00e1ni szabaiskolai rendezv\u00e9nyek egyik el\u0151ad\u00f3ja (1894\u201395). Tanulm\u00e1nyai: A folyami r\u00e1k makroskopos bonctana; Az erd\u00e9lyi krist\u00e1lyos pal\u00e1k megjelentek a kv.-i Orvosterm\u00e9szettud. \u00c9rt (1878\u201380); S\u00e1sk\u00e1ink; A term\u00e9szet h\u00e1ztart\u00e1sa a H\u00f3dmez\u0151v\u00e1s\u00e1rhelyi Ref. Gimn. \u00c9rtes\u00edt\u0151j\u00e9ben, majd a Mv.-i Ref. Koll. \u00e9rtes\u00edt\u0151j\u00e9ben (1888\u201389; 1893\u201394). Ir\u00e1sait k\u00f6z\u00f6lte m\u00e9g a Mv.-i \u00c1llami Fa \u2013 \u00e9s F\u00e9mipari Szakiskola \u00c9rtes\u00edt\u0151je, Az Alkoholizmus Ellen, Vas\u00e1rnap. \u2013 <strong>F. m.:<\/strong> A fiumei kir\u00e1ndul\u00e1s f\u00f6ld \u2013 \u00e9s term\u00e9szetrajzi, \u00e9s t\u00f6rt\u00e9nelmi le\u00edr\u00e1sa 1912. \u00e9vi m\u00e1jus h\u00f3 24\u201331 (Mv., 1912); Losonczy B\u00e1nffy Dezs\u0151 br. \u00e9lete (Mv., 1913); Tanulm\u00e1ny\u00fat a Zichy \u2013 barlanghoz Kv. megismer\u00e9s\u00e9vel (Mv., 1914); <strong>K\u00e9ziratban:<\/strong> A h\u00e1zi \u00e1llataink ellens\u00e9gei \u00e9s betegs\u00e9gei. <br \/><strong>Irod.:<\/strong> Er\u0151s v\u00e1runk; F\u00fcl\u00f6p\u2013Ferencz; Guly\u00e1s; Gy\u00e1szjelent\u0151; Hermann Antal hat\u00e1rozati javaslatai a sz\u00e9kely n\u00e9prajz \u00fcgy\u00e9ben (Mv., 1913); Id\u0151t\u00e1r 2, 5\/1.; Koncz; Mv. t\u00f6rt. 2.; Par\u00e1di; Sebesty\u00e9n<\/br><\/p>\n","protected":false},"excerpt":{"rendered":"<p>Kolozsgyula, 1853. j\u00fan. 17., \u2020\u00a0Mv., 1922. febr. 3.: tan\u00e1r. \u2013 Testv\u00e9re: Gy. D. J\u00f3zsef. Feles\u00e9ge: M\u00e1ty\u00e1s Etelka. Gyermekeik: Gy. D. K\u00e1lm\u00e1n, Aranka, Viola, Olga. \u2013 Tanulm\u00e1nyait Kv.-on v\u00e9gezte (1883). Teleki Gy\u00f6rgy gr. le\u00e1nyai mellett nevel\u0151 (1879\u201380); tan\u00e1r a nagyenyedi Bethlen Koll.-ban (1880\u201388), H\u00f3dmez\u0151v\u00e1s\u00e1rhelyen (1888\u2013), Mv.-en a Ref. Koll.-ban term\u00e9szetrajz-f\u00f6ldrajz szakos tan\u00e1r hal\u00e1l\u00e1ig (1892. okt. 15. [&hellip;]<\/p>\n","protected":false},"featured_media":0,"comment_status":"open","ping_status":"closed","template":"","meta":[],"product_brand":[],"product_cat":[137],"product_tag":[],"class_list":{"0":"post-9378","1":"product","2":"type-product","3":"status-publish","5":"product_cat-maros-megyei-eletrajzi-lexikon","7":"first","8":"instock","9":"shipping-taxable","10":"product-type-simple"},"_links":{"self":[{"href":"https:\/\/uj.adatbank.ro\/lexikon\/wp-json\/wp\/v2\/product\/9378","targetHints":{"allow":["GET"]}}],"collection":[{"href":"https:\/\/uj.adatbank.ro\/lexikon\/wp-json\/wp\/v2\/product"}],"about":[{"href":"https:\/\/uj.adatbank.ro\/lexikon\/wp-json\/wp\/v2\/types\/product"}],"replies":[{"embeddable":true,"href":"https:\/\/uj.adatbank.ro\/lexikon\/wp-json\/wp\/v2\/comments?post=9378"}],"wp:attachment":[{"href":"https:\/\/uj.adatbank.ro\/lexikon\/wp-json\/wp\/v2\/media?parent=9378"}],"wp:term":[{"taxonomy":"product_brand","embeddable":true,"href":"https:\/\/uj.adatbank.ro\/lexikon\/wp-json\/wp\/v2\/product_brand?post=9378"},{"taxonomy":"product_cat","embeddable":true,"href":"https:\/\/uj.adatbank.ro\/lexikon\/wp-json\/wp\/v2\/product_cat?post=9378"},{"taxonomy":"product_tag","embeddable":true,"href":"https:\/\/uj.adatbank.ro\/lexikon\/wp-json\/wp\/v2\/product_tag?post=9378"}],"curies":[{"name":"wp","href":"https:\/\/api.w.org\/{rel}","templated":true}]}}

GYULAI DEMETER Kálmán, Demeter (–1884), Demeter Kálmán, Gyulai D. István; Gyulai D. Kálmán

<p>Kolozsgyula, 1853. jún. 17., † Mv., 1922. febr. 3.: tanár. – Testvére: Gy. D. József. Felesége: Mátyás Etelka. Gyermekeik: Gy. D. Kálmán, Aranka, Viola, Olga. – Tanulmányait Kv.-on végezte (1883). Teleki György gr. leányai mellett nevelő (1879–80); tanár a nagyenyedi Bethlen Koll.-ban (1880–88), Hódmezővásárhelyen (1888–), Mv.-en a Ref. Koll.-ban természetrajz-földrajz szakos tanár haláláig (1892. okt. 15. –22). A koll. előljárósági gyűlések jegyzője; a természetrajz gyűjtemény őre; a helybeli Állami Fa – Fém – és Agyagipari szakiskola vegy – és agyagszertárának felügyelője, a mv.-i ref. egyháztanácsnak, egyházmegyei képviselő testületnek tagja, presbiter, az egyház iskolaszékének, a ref. egyházi polgári leányiskola iskolaszékének tagja, a Mv.-i Takarékpénztár Rt. Felügyelőbizottsága és a Természettudományi Társulat tagja, az Alkoholellenes Szövetség helyi alelnöke, a Nemzeti Munkapárt helyi alelnöke, az iparosok meg segédek oktatására alakult bizottság rendes tagja. A munkások és iparosok számára szervezett délutáni szabaiskolai rendezvények egyik előadója (1894–95). Tanulmányai: A folyami rák makroskopos bonctana; Az erdélyi kristályos palák megjelentek a kv.-i Orvostermészettud. Ért (1878–80); Sáskáink; A természet háztartása a Hódmezővásárhelyi Ref. Gimn. Értesítőjében, majd a Mv.-i Ref. Koll. értesítőjében (1888–89; 1893–94). Irásait közölte még a Mv.-i Állami Fa – és Fémipari Szakiskola Értesítője, Az Alkoholizmus Ellen, Vasárnap. – <strong>F. m.:</strong> A fiumei kirándulás föld – és természetrajzi, és történelmi leírása 1912. évi május hó 24–31 (Mv., 1912); Losonczy Bánffy Dezső br. élete (Mv., 1913); Tanulmányút a Zichy – barlanghoz Kv. megismerésével (Mv., 1914); <strong>Kéziratban:</strong> A házi állataink ellenségei és betegségei. <br /><strong>Irod.:</strong> Erős várunk; Fülöp–Ferencz; Gulyás; Gyászjelentő; Hermann Antal határozati javaslatai a székely néprajz ügyében (Mv., 1913); Időtár 2, 5/1.; Koncz; Mv. tört. 2.; Parádi; Sebestyén</br></p>

<p>Kolozsgyula, 1853. jún. 17., † Mv., 1922. febr. 3.: tanár. – Testvére: Gy. D. József. Felesége: Mátyás Etelka. Gyermekeik: Gy. D. Kálmán, Aranka, Viola, Olga. – Tanulmányait Kv.-on végezte (1883). Teleki György gr. leányai mellett nevelő (1879–80); tanár a nagyenyedi Bethlen Koll.-ban (1880–88), Hódmezővásárhelyen (1888–), Mv.-en a Ref. Koll.-ban természetrajz-földrajz szakos tanár haláláig (1892. okt. 15. [&hellip;]</p>
