{"id":9380,"date":"2025-06-29T10:58:48","date_gmt":"2025-06-29T08:58:48","guid":{"rendered":"https:\/\/uj.adatbank.ro\/lexikon\/termek\/gyulai-denes-beatus-dionysius\/"},"modified":"2025-06-29T10:58:48","modified_gmt":"2025-06-29T08:58:48","slug":"gyulai-denes-beatus-dionysius","status":"publish","type":"product","link":"https:\/\/uj.adatbank.ro\/lexikon\/termek\/gyulai-denes-beatus-dionysius\/","title":{"rendered":"GYULAI D\u00e9nes, Beatus Dionysius"},"content":{"rendered":"<p>? \u2020\u00a0Marosszentkir\u00e1ly, 1525. a kolostor kript\u00e1j\u00e1ba temett\u00e9k (1525), s\u00edrj\u00e1t diszes eml\u00e9kk\u0151 jelzi.: \u00e9nekl\u0151 kanonok, p\u00fcsp\u00f6k. \u2013 Feh\u00e9rv\u00e1ri \u00e9nekl\u0151 kanonok, felszentelt p\u00fcsp\u00f6k, ott hagyta \u00e1ll\u00e1s\u00e1t, a p\u00e1los rendbe l\u00e9pett \u00e9s a Marosszentkir\u00e1ly \u00e9s Remeteszeg hat\u00e1r\u00e1ba l\u00e9v\u0151 p\u00e1los kolostorba k\u00f6lt\u00f6z\u00f6tt (1514). A priors\u00e1g \u00e9l\u00e9re ker\u00fclt. a rend k\u00f6nyv\u00e9ben Beatus Dionysius n\u00e9ven szerepelt. Hat \u00e9vi priors\u00e1ga alatt megnagy\u00edttatta \u00e9s fel\u00faj\u00edttatta a kolostort. Tev\u00e9keny munk\u00e1j\u00e1ban a hal\u00e1l akad\u00e1lyozta meg. <br \/><strong>Irod.:<\/strong> Kr\u00f3n. F\u00fcz. (1936. 17\/18.; 1937. 2\/6)<\/br><\/p>\n","protected":false},"excerpt":{"rendered":"<p>? \u2020\u00a0Marosszentkir\u00e1ly, 1525. a kolostor kript\u00e1j\u00e1ba temett\u00e9k (1525), s\u00edrj\u00e1t diszes eml\u00e9kk\u0151 jelzi.: \u00e9nekl\u0151 kanonok, p\u00fcsp\u00f6k. \u2013 Feh\u00e9rv\u00e1ri \u00e9nekl\u0151 kanonok, felszentelt p\u00fcsp\u00f6k, ott hagyta \u00e1ll\u00e1s\u00e1t, a p\u00e1los rendbe l\u00e9pett \u00e9s a Marosszentkir\u00e1ly \u00e9s Remeteszeg hat\u00e1r\u00e1ba l\u00e9v\u0151 p\u00e1los kolostorba k\u00f6lt\u00f6z\u00f6tt (1514). A priors\u00e1g \u00e9l\u00e9re ker\u00fclt. a rend k\u00f6nyv\u00e9ben Beatus Dionysius n\u00e9ven szerepelt. Hat \u00e9vi priors\u00e1ga alatt megnagy\u00edttatta [&hellip;]<\/p>\n","protected":false},"featured_media":0,"comment_status":"open","ping_status":"closed","template":"","meta":[],"product_brand":[],"product_cat":[137],"product_tag":[],"class_list":{"0":"post-9380","1":"product","2":"type-product","3":"status-publish","5":"product_cat-maros-megyei-eletrajzi-lexikon","7":"first","8":"instock","9":"shipping-taxable","10":"product-type-simple"},"_links":{"self":[{"href":"https:\/\/uj.adatbank.ro\/lexikon\/wp-json\/wp\/v2\/product\/9380","targetHints":{"allow":["GET"]}}],"collection":[{"href":"https:\/\/uj.adatbank.ro\/lexikon\/wp-json\/wp\/v2\/product"}],"about":[{"href":"https:\/\/uj.adatbank.ro\/lexikon\/wp-json\/wp\/v2\/types\/product"}],"replies":[{"embeddable":true,"href":"https:\/\/uj.adatbank.ro\/lexikon\/wp-json\/wp\/v2\/comments?post=9380"}],"wp:attachment":[{"href":"https:\/\/uj.adatbank.ro\/lexikon\/wp-json\/wp\/v2\/media?parent=9380"}],"wp:term":[{"taxonomy":"product_brand","embeddable":true,"href":"https:\/\/uj.adatbank.ro\/lexikon\/wp-json\/wp\/v2\/product_brand?post=9380"},{"taxonomy":"product_cat","embeddable":true,"href":"https:\/\/uj.adatbank.ro\/lexikon\/wp-json\/wp\/v2\/product_cat?post=9380"},{"taxonomy":"product_tag","embeddable":true,"href":"https:\/\/uj.adatbank.ro\/lexikon\/wp-json\/wp\/v2\/product_tag?post=9380"}],"curies":[{"name":"wp","href":"https:\/\/api.w.org\/{rel}","templated":true}]}}

GYULAI Dénes, Beatus Dionysius

<p>? † Marosszentkirály, 1525. a kolostor kriptájába temették (1525), sírját diszes emlékkő jelzi.: éneklő kanonok, püspök. – Fehérvári éneklő kanonok, felszentelt püspök, ott hagyta állását, a pálos rendbe lépett és a Marosszentkirály és Remeteszeg határába lévő pálos kolostorba költözött (1514). A priorság élére került. a rend könyvében Beatus Dionysius néven szerepelt. Hat évi priorsága alatt megnagyíttatta és felújíttatta a kolostort. Tevékeny munkájában a halál akadályozta meg. <br /><strong>Irod.:</strong> Krón. Füz. (1936. 17/18.; 1937. 2/6)</br></p>

<p>? † Marosszentkirály, 1525. a kolostor kriptájába temették (1525), sírját diszes emlékkő jelzi.: éneklő kanonok, püspök. – Fehérvári éneklő kanonok, felszentelt püspök, ott hagyta állását, a pálos rendbe lépett és a Marosszentkirály és Remeteszeg határába lévő pálos kolostorba költözött (1514). A priorság élére került. a rend könyvében Beatus Dionysius néven szerepelt. Hat évi priorsága alatt megnagyíttatta [&hellip;]</p>
