{"id":9383,"date":"2025-06-29T10:58:55","date_gmt":"2025-06-29T08:58:55","guid":{"rendered":"https:\/\/uj.adatbank.ro\/lexikon\/termek\/gyulai-ferenc\/"},"modified":"2025-06-29T10:58:55","modified_gmt":"2025-06-29T08:58:55","slug":"gyulai-ferenc","status":"publish","type":"product","link":"https:\/\/uj.adatbank.ro\/lexikon\/termek\/gyulai-ferenc\/","title":{"rendered":"GYULAI Ferenc"},"content":{"rendered":"<p>? \u2020 ? : f\u00f6ldbirtokos. \u2013 Gyermekei: Istv\u00e1n \u00e9s Kat\u00f3 Bethlen Adorj\u00e1nn\u00e9. \u2013 Cintoson birtokos. Fennmaradt v\u00e9grendelete szerint birtokait elosztotta gyermekei k\u00f6z\u00f6tt (1813). A v\u00e9grendeletben megnevezett hat\u00e1rr\u00e9szek ma m\u00e1r felismerhetetlenek, mert a lakoss\u00e1g megv\u00e1ltoztatta azok nev\u00e9t \u00e9s beoszt\u00e1s\u00e1t. <br \/><strong>Irod.:<\/strong> A\u0163inti\u015f<\/br><\/p>\n","protected":false},"excerpt":{"rendered":"<p>? \u2020 ? : f\u00f6ldbirtokos. \u2013 Gyermekei: Istv\u00e1n \u00e9s Kat\u00f3 Bethlen Adorj\u00e1nn\u00e9. \u2013 Cintoson birtokos. Fennmaradt v\u00e9grendelete szerint birtokait elosztotta gyermekei k\u00f6z\u00f6tt (1813). A v\u00e9grendeletben megnevezett hat\u00e1rr\u00e9szek ma m\u00e1r felismerhetetlenek, mert a lakoss\u00e1g megv\u00e1ltoztatta azok nev\u00e9t \u00e9s beoszt\u00e1s\u00e1t. Irod.: A\u0163inti\u015f<\/p>\n","protected":false},"featured_media":0,"comment_status":"open","ping_status":"closed","template":"","meta":[],"product_brand":[],"product_cat":[137],"product_tag":[],"class_list":{"0":"post-9383","1":"product","2":"type-product","3":"status-publish","5":"product_cat-maros-megyei-eletrajzi-lexikon","7":"first","8":"instock","9":"shipping-taxable","10":"product-type-simple"},"_links":{"self":[{"href":"https:\/\/uj.adatbank.ro\/lexikon\/wp-json\/wp\/v2\/product\/9383","targetHints":{"allow":["GET"]}}],"collection":[{"href":"https:\/\/uj.adatbank.ro\/lexikon\/wp-json\/wp\/v2\/product"}],"about":[{"href":"https:\/\/uj.adatbank.ro\/lexikon\/wp-json\/wp\/v2\/types\/product"}],"replies":[{"embeddable":true,"href":"https:\/\/uj.adatbank.ro\/lexikon\/wp-json\/wp\/v2\/comments?post=9383"}],"wp:attachment":[{"href":"https:\/\/uj.adatbank.ro\/lexikon\/wp-json\/wp\/v2\/media?parent=9383"}],"wp:term":[{"taxonomy":"product_brand","embeddable":true,"href":"https:\/\/uj.adatbank.ro\/lexikon\/wp-json\/wp\/v2\/product_brand?post=9383"},{"taxonomy":"product_cat","embeddable":true,"href":"https:\/\/uj.adatbank.ro\/lexikon\/wp-json\/wp\/v2\/product_cat?post=9383"},{"taxonomy":"product_tag","embeddable":true,"href":"https:\/\/uj.adatbank.ro\/lexikon\/wp-json\/wp\/v2\/product_tag?post=9383"}],"curies":[{"name":"wp","href":"https:\/\/api.w.org\/{rel}","templated":true}]}}