{"id":9386,"date":"2025-06-29T10:58:59","date_gmt":"2025-06-29T08:58:59","guid":{"rendered":"https:\/\/uj.adatbank.ro\/lexikon\/termek\/gyulai-gabriella\/"},"modified":"2025-06-29T10:58:59","modified_gmt":"2025-06-29T08:58:59","slug":"gyulai-gabriella","status":"publish","type":"product","link":"https:\/\/uj.adatbank.ro\/lexikon\/termek\/gyulai-gabriella\/","title":{"rendered":"GYULAI Gabriella"},"content":{"rendered":"<p>? \u2020\u00a0? : zen\u00e9sz. \u2013 Zongor\u00e1n k\u00f6zrem\u0171k\u00f6d\u00f6tt a mv.-i Sz\u00e9kely Sz\u00ednh\u00e1z Alexej Abruzov\u00a0: M\u00e1sodik szerelem c. al\u0151ad\u00e1s\u00e1n (1955). <br \/><strong>Irod.:<\/strong> Horv\u00e1th Bea<\/br><\/p>\n","protected":false},"excerpt":{"rendered":"<p>? \u2020\u00a0? : zen\u00e9sz. \u2013 Zongor\u00e1n k\u00f6zrem\u0171k\u00f6d\u00f6tt a mv.-i Sz\u00e9kely Sz\u00ednh\u00e1z Alexej Abruzov\u00a0: M\u00e1sodik szerelem c. al\u0151ad\u00e1s\u00e1n (1955). Irod.: Horv\u00e1th Bea<\/p>\n","protected":false},"featured_media":0,"comment_status":"open","ping_status":"closed","template":"","meta":[],"product_brand":[],"product_cat":[137],"product_tag":[],"class_list":{"0":"post-9386","1":"product","2":"type-product","3":"status-publish","5":"product_cat-maros-megyei-eletrajzi-lexikon","7":"first","8":"instock","9":"shipping-taxable","10":"product-type-simple"},"_links":{"self":[{"href":"https:\/\/uj.adatbank.ro\/lexikon\/wp-json\/wp\/v2\/product\/9386","targetHints":{"allow":["GET"]}}],"collection":[{"href":"https:\/\/uj.adatbank.ro\/lexikon\/wp-json\/wp\/v2\/product"}],"about":[{"href":"https:\/\/uj.adatbank.ro\/lexikon\/wp-json\/wp\/v2\/types\/product"}],"replies":[{"embeddable":true,"href":"https:\/\/uj.adatbank.ro\/lexikon\/wp-json\/wp\/v2\/comments?post=9386"}],"wp:attachment":[{"href":"https:\/\/uj.adatbank.ro\/lexikon\/wp-json\/wp\/v2\/media?parent=9386"}],"wp:term":[{"taxonomy":"product_brand","embeddable":true,"href":"https:\/\/uj.adatbank.ro\/lexikon\/wp-json\/wp\/v2\/product_brand?post=9386"},{"taxonomy":"product_cat","embeddable":true,"href":"https:\/\/uj.adatbank.ro\/lexikon\/wp-json\/wp\/v2\/product_cat?post=9386"},{"taxonomy":"product_tag","embeddable":true,"href":"https:\/\/uj.adatbank.ro\/lexikon\/wp-json\/wp\/v2\/product_tag?post=9386"}],"curies":[{"name":"wp","href":"https:\/\/api.w.org\/{rel}","templated":true}]}}