{"id":9390,"date":"2025-06-29T10:59:07","date_gmt":"2025-06-29T08:59:07","guid":{"rendered":"https:\/\/uj.adatbank.ro\/lexikon\/termek\/gyulai-kata-marosnemeti-gr-br-alvinczi-gaborne\/"},"modified":"2025-06-29T10:59:07","modified_gmt":"2025-06-29T08:59:07","slug":"gyulai-kata-marosnemeti-gr-br-alvinczi-gaborne","status":"publish","type":"product","link":"https:\/\/uj.adatbank.ro\/lexikon\/termek\/gyulai-kata-marosnemeti-gr-br-alvinczi-gaborne\/","title":{"rendered":"GYULAI Kata, marosn\u00e9meti gr, br. Alvinczi G\u00e1born\u00e9"},"content":{"rendered":"<p>? \u2020\u00a0? : patr\u00f3nus. \u2013 A marosbog\u00e1ti ref. egyh\u00e1znak aranyozott ez\u00fcst kelyhet, keny\u00e9roszt\u00f3 t\u00e1ny\u00e9rt \u00e9s boroskann\u00e1t adom\u00e1nyozott (1768). <br \/><strong>Irod.:<\/strong> K\u00fck\u00fcll\u0151i Ref. Egyh\u00e1zm. 3.<\/br><\/p>\n","protected":false},"excerpt":{"rendered":"<p>? \u2020\u00a0? : patr\u00f3nus. \u2013 A marosbog\u00e1ti ref. egyh\u00e1znak aranyozott ez\u00fcst kelyhet, keny\u00e9roszt\u00f3 t\u00e1ny\u00e9rt \u00e9s boroskann\u00e1t adom\u00e1nyozott (1768). Irod.: K\u00fck\u00fcll\u0151i Ref. Egyh\u00e1zm. 3.<\/p>\n","protected":false},"featured_media":0,"comment_status":"open","ping_status":"closed","template":"","meta":[],"product_brand":[],"product_cat":[137],"product_tag":[],"class_list":{"0":"post-9390","1":"product","2":"type-product","3":"status-publish","5":"product_cat-maros-megyei-eletrajzi-lexikon","7":"first","8":"instock","9":"shipping-taxable","10":"product-type-simple"},"_links":{"self":[{"href":"https:\/\/uj.adatbank.ro\/lexikon\/wp-json\/wp\/v2\/product\/9390","targetHints":{"allow":["GET"]}}],"collection":[{"href":"https:\/\/uj.adatbank.ro\/lexikon\/wp-json\/wp\/v2\/product"}],"about":[{"href":"https:\/\/uj.adatbank.ro\/lexikon\/wp-json\/wp\/v2\/types\/product"}],"replies":[{"embeddable":true,"href":"https:\/\/uj.adatbank.ro\/lexikon\/wp-json\/wp\/v2\/comments?post=9390"}],"wp:attachment":[{"href":"https:\/\/uj.adatbank.ro\/lexikon\/wp-json\/wp\/v2\/media?parent=9390"}],"wp:term":[{"taxonomy":"product_brand","embeddable":true,"href":"https:\/\/uj.adatbank.ro\/lexikon\/wp-json\/wp\/v2\/product_brand?post=9390"},{"taxonomy":"product_cat","embeddable":true,"href":"https:\/\/uj.adatbank.ro\/lexikon\/wp-json\/wp\/v2\/product_cat?post=9390"},{"taxonomy":"product_tag","embeddable":true,"href":"https:\/\/uj.adatbank.ro\/lexikon\/wp-json\/wp\/v2\/product_tag?post=9390"}],"curies":[{"name":"wp","href":"https:\/\/api.w.org\/{rel}","templated":true}]}}