{"id":9392,"date":"2025-06-29T10:59:10","date_gmt":"2025-06-29T08:59:10","guid":{"rendered":"https:\/\/uj.adatbank.ro\/lexikon\/termek\/gyulai-laszlo-akos\/"},"modified":"2025-06-29T10:59:10","modified_gmt":"2025-06-29T08:59:10","slug":"gyulai-laszlo-akos","status":"publish","type":"product","link":"https:\/\/uj.adatbank.ro\/lexikon\/termek\/gyulai-laszlo-akos\/","title":{"rendered":"GYULAI L\u00e1szl\u00f3 \u00c1kos"},"content":{"rendered":"<p>1916., \u2020\u00a0? : h\u00edrlap\u00edr\u00f3. \u2013 Mint a mv.-i Reggeli \u00dajs\u00e1g bels\u0151 munkat\u00e1rsa, tagja a Sajt\u00f3kamar\u00e1nak (1942\u201343). <br \/><strong>Irod.:<\/strong> Guly\u00e1s<\/br><\/p>\n","protected":false},"excerpt":{"rendered":"<p>1916., \u2020\u00a0? : h\u00edrlap\u00edr\u00f3. \u2013 Mint a mv.-i Reggeli \u00dajs\u00e1g bels\u0151 munkat\u00e1rsa, tagja a Sajt\u00f3kamar\u00e1nak (1942\u201343). Irod.: Guly\u00e1s<\/p>\n","protected":false},"featured_media":0,"comment_status":"open","ping_status":"closed","template":"","meta":[],"product_brand":[],"product_cat":[137],"product_tag":[],"class_list":{"0":"post-9392","1":"product","2":"type-product","3":"status-publish","5":"product_cat-maros-megyei-eletrajzi-lexikon","7":"first","8":"instock","9":"shipping-taxable","10":"product-type-simple"},"_links":{"self":[{"href":"https:\/\/uj.adatbank.ro\/lexikon\/wp-json\/wp\/v2\/product\/9392","targetHints":{"allow":["GET"]}}],"collection":[{"href":"https:\/\/uj.adatbank.ro\/lexikon\/wp-json\/wp\/v2\/product"}],"about":[{"href":"https:\/\/uj.adatbank.ro\/lexikon\/wp-json\/wp\/v2\/types\/product"}],"replies":[{"embeddable":true,"href":"https:\/\/uj.adatbank.ro\/lexikon\/wp-json\/wp\/v2\/comments?post=9392"}],"wp:attachment":[{"href":"https:\/\/uj.adatbank.ro\/lexikon\/wp-json\/wp\/v2\/media?parent=9392"}],"wp:term":[{"taxonomy":"product_brand","embeddable":true,"href":"https:\/\/uj.adatbank.ro\/lexikon\/wp-json\/wp\/v2\/product_brand?post=9392"},{"taxonomy":"product_cat","embeddable":true,"href":"https:\/\/uj.adatbank.ro\/lexikon\/wp-json\/wp\/v2\/product_cat?post=9392"},{"taxonomy":"product_tag","embeddable":true,"href":"https:\/\/uj.adatbank.ro\/lexikon\/wp-json\/wp\/v2\/product_tag?post=9392"}],"curies":[{"name":"wp","href":"https:\/\/api.w.org\/{rel}","templated":true}]}}