{"id":9394,"date":"2025-06-29T10:59:14","date_gmt":"2025-06-29T08:59:14","guid":{"rendered":"https:\/\/uj.adatbank.ro\/lexikon\/termek\/gyulai-pal-%c2%a7-nagyvaradi\/"},"modified":"2025-06-29T10:59:14","modified_gmt":"2025-06-29T08:59:14","slug":"gyulai-pal-%c2%a7-nagyvaradi","status":"publish","type":"product","link":"https:\/\/uj.adatbank.ro\/lexikon\/termek\/gyulai-pal-%c2%a7-nagyvaradi\/","title":{"rendered":"GYULAI P\u00e1l, \u00a7 nagyv\u00e1radi"},"content":{"rendered":"<p>Kv., 1826. jan. 25., \u2020\u00a0Bp., 1909. nov. 9.: irodalomt\u00f6rt\u00e9n\u00e9sz, eszt\u00e9tikus, k\u00f6lt\u0151. \u2013 Egyetemi tan\u00e1r, a Kisfaludy T\u00e1rsas\u00e1g eln\u00f6ke, a MTA igazgat\u00f3tan\u00e1cs\u00e1nak tagja, a m. f\u0151rendih\u00e1z tagja \u00e9s jegyz\u0151je. Teleki Domokos titk\u00e1ra volt (1848\u201352), majd a gernyeszegi Teleki kast\u00e9lyban dolgozott, mint k\u00f6nyvt\u00e1ros \u00e9s nevel\u0151. A Gernyeszegen c. vers szerz\u0151je. Levelet\u00e9se is t\u00fckr\u00f6zi a Gernyeszegen t\u00f6lt\u00f6tt id\u0151t (1851. m\u00e1j. 24. \u2013 1852. okt. 29.). \u2013 F. m. k\u00f6z\u00fcl: Gy. P. munk\u00e1i 1\u20134. k\u00f6t. (Bp., \u00e9n.); Kritikai dolgozatok, 1854\u2013186? (Bp., 1908); antolog.: Gy. P. Erd\u00e9lyi \u00fatinapl\u00f3ja = Erd\u00e9ly \u00f6r\u00f6ks\u00e9ge, 10.; Hazai utaz\u00f3k Erd\u00e9lyben. <br \/><strong>Irod.:<\/strong> F\u00fcl\u00f6p\u2013Ferencz; Gyulai P\u00e1l levelez\u00e9se 1843-t\u00f3l 1867-ig (Bp., 1961); Kem\u00e9ny Zs.; Kriza levelez\u00e9s; P\u00e1lffy; Testamentum; \u00daIL; \u00daM\u00c9L<\/br><\/p>\n","protected":false},"excerpt":{"rendered":"<p>Kv., 1826. jan. 25., \u2020\u00a0Bp., 1909. nov. 9.: irodalomt\u00f6rt\u00e9n\u00e9sz, eszt\u00e9tikus, k\u00f6lt\u0151. \u2013 Egyetemi tan\u00e1r, a Kisfaludy T\u00e1rsas\u00e1g eln\u00f6ke, a MTA igazgat\u00f3tan\u00e1cs\u00e1nak tagja, a m. f\u0151rendih\u00e1z tagja \u00e9s jegyz\u0151je. Teleki Domokos titk\u00e1ra volt (1848\u201352), majd a gernyeszegi Teleki kast\u00e9lyban dolgozott, mint k\u00f6nyvt\u00e1ros \u00e9s nevel\u0151. A Gernyeszegen c. vers szerz\u0151je. Levelet\u00e9se is t\u00fckr\u00f6zi a Gernyeszegen t\u00f6lt\u00f6tt id\u0151t [&hellip;]<\/p>\n","protected":false},"featured_media":0,"comment_status":"open","ping_status":"closed","template":"","meta":[],"product_brand":[],"product_cat":[137],"product_tag":[],"class_list":{"0":"post-9394","1":"product","2":"type-product","3":"status-publish","5":"product_cat-maros-megyei-eletrajzi-lexikon","7":"first","8":"instock","9":"shipping-taxable","10":"product-type-simple"},"_links":{"self":[{"href":"https:\/\/uj.adatbank.ro\/lexikon\/wp-json\/wp\/v2\/product\/9394","targetHints":{"allow":["GET"]}}],"collection":[{"href":"https:\/\/uj.adatbank.ro\/lexikon\/wp-json\/wp\/v2\/product"}],"about":[{"href":"https:\/\/uj.adatbank.ro\/lexikon\/wp-json\/wp\/v2\/types\/product"}],"replies":[{"embeddable":true,"href":"https:\/\/uj.adatbank.ro\/lexikon\/wp-json\/wp\/v2\/comments?post=9394"}],"wp:attachment":[{"href":"https:\/\/uj.adatbank.ro\/lexikon\/wp-json\/wp\/v2\/media?parent=9394"}],"wp:term":[{"taxonomy":"product_brand","embeddable":true,"href":"https:\/\/uj.adatbank.ro\/lexikon\/wp-json\/wp\/v2\/product_brand?post=9394"},{"taxonomy":"product_cat","embeddable":true,"href":"https:\/\/uj.adatbank.ro\/lexikon\/wp-json\/wp\/v2\/product_cat?post=9394"},{"taxonomy":"product_tag","embeddable":true,"href":"https:\/\/uj.adatbank.ro\/lexikon\/wp-json\/wp\/v2\/product_tag?post=9394"}],"curies":[{"name":"wp","href":"https:\/\/api.w.org\/{rel}","templated":true}]}}

GYULAI Pál, § nagyváradi

<p>Kv., 1826. jan. 25., † Bp., 1909. nov. 9.: irodalomtörténész, esztétikus, költő. – Egyetemi tanár, a Kisfaludy Társaság elnöke, a MTA igazgatótanácsának tagja, a m. főrendiház tagja és jegyzője. Teleki Domokos titkára volt (1848–52), majd a gernyeszegi Teleki kastélyban dolgozott, mint könyvtáros és nevelő. A Gernyeszegen c. vers szerzője. Leveletése is tükrözi a Gernyeszegen töltött időt (1851. máj. 24. – 1852. okt. 29.). – F. m. közül: Gy. P. munkái 1–4. köt. (Bp., én.); Kritikai dolgozatok, 1854–186? (Bp., 1908); antolog.: Gy. P. Erdélyi útinaplója = Erdély öröksége, 10.; Hazai utazók Erdélyben. <br /><strong>Irod.:</strong> Fülöp–Ferencz; Gyulai Pál levelezése 1843-tól 1867-ig (Bp., 1961); Kemény Zs.; Kriza levelezés; Pálffy; Testamentum; ÚIL; ÚMÉL</br></p>

<p>Kv., 1826. jan. 25., † Bp., 1909. nov. 9.: irodalomtörténész, esztétikus, költő. – Egyetemi tanár, a Kisfaludy Társaság elnöke, a MTA igazgatótanácsának tagja, a m. főrendiház tagja és jegyzője. Teleki Domokos titkára volt (1848–52), majd a gernyeszegi Teleki kastélyban dolgozott, mint könyvtáros és nevelő. A Gernyeszegen c. vers szerzője. Leveletése is tükrözi a Gernyeszegen töltött időt [&hellip;]</p>
