{"id":9397,"date":"2025-06-29T10:59:21","date_gmt":"2025-06-29T08:59:21","guid":{"rendered":"https:\/\/uj.adatbank.ro\/lexikon\/termek\/gyulai-zsigmond\/"},"modified":"2025-06-29T10:59:21","modified_gmt":"2025-06-29T08:59:21","slug":"gyulai-zsigmond","status":"publish","type":"product","link":"https:\/\/uj.adatbank.ro\/lexikon\/termek\/gyulai-zsigmond\/","title":{"rendered":"GYULAI Zsigmond"},"content":{"rendered":"<p>Gyula, 1879. j\u00fal. 30., \u2020\u00a0Mv., 1945. febr. 3.: \u00fajs\u00e1g\u00edr\u00f3, lapszerkeszt\u0151. \u2013 A Mv.-i \u00dajs\u00e1g\u00edr\u00f3 Egyes\u00fclet tagja (1921). Szerk. -tette a mv-i Ellen\u0151r-t, felel\u0151s szerk. je a Sz\u00ednh\u00e1zi \u00dajs\u00e1g (1910\u201311, 1924); H\u00e9tf\u0151i H\u00edrek (1921\u201329), tulajdonosa is; a Sz\u00e9kelyf\u00f6ld (1925\u201327); a Program-K\u00f6zl\u00f6ny (1929); a Reggeli \u00dajs\u00e1g (1931\u201340) c. lapoknak. Sajt\u00f3v\u00e9ts\u00e9g miatt f\u00e9l\u00e9vre \u00edt\u00e9lt\u00e9k (1939), kegyelmi k\u00e9rv\u00e9ny\u00e9t a Legfels\u0151bb Semmit\u0151sz\u00e9k elutas\u00edtotta \u00edgy n\u00e9gyh\u00f3napos b\u00f6rt\u00f6nb\u00fcntet\u00e9s\u00e9t le kellett \u00fclnie. <br \/><strong>Irod.:<\/strong> Berey; Guly\u00e1s; Id\u0151t\u00e1r 3; \u00d6kr\u00f6s; Popt\u0103ma\u015f\u2013M\u00f3zes; Szabad Sz\u00f3 (1945. febr. 4.)<\/br><\/p>\n","protected":false},"excerpt":{"rendered":"<p>Gyula, 1879. j\u00fal. 30., \u2020\u00a0Mv., 1945. febr. 3.: \u00fajs\u00e1g\u00edr\u00f3, lapszerkeszt\u0151. \u2013 A Mv.-i \u00dajs\u00e1g\u00edr\u00f3 Egyes\u00fclet tagja (1921). Szerk. -tette a mv-i Ellen\u0151r-t, felel\u0151s szerk. je a Sz\u00ednh\u00e1zi \u00dajs\u00e1g (1910\u201311, 1924); H\u00e9tf\u0151i H\u00edrek (1921\u201329), tulajdonosa is; a Sz\u00e9kelyf\u00f6ld (1925\u201327); a Program-K\u00f6zl\u00f6ny (1929); a Reggeli \u00dajs\u00e1g (1931\u201340) c. lapoknak. Sajt\u00f3v\u00e9ts\u00e9g miatt f\u00e9l\u00e9vre \u00edt\u00e9lt\u00e9k (1939), kegyelmi k\u00e9rv\u00e9ny\u00e9t a [&hellip;]<\/p>\n","protected":false},"featured_media":0,"comment_status":"open","ping_status":"closed","template":"","meta":[],"product_brand":[],"product_cat":[137],"product_tag":[],"class_list":{"0":"post-9397","1":"product","2":"type-product","3":"status-publish","5":"product_cat-maros-megyei-eletrajzi-lexikon","7":"first","8":"instock","9":"shipping-taxable","10":"product-type-simple"},"_links":{"self":[{"href":"https:\/\/uj.adatbank.ro\/lexikon\/wp-json\/wp\/v2\/product\/9397","targetHints":{"allow":["GET"]}}],"collection":[{"href":"https:\/\/uj.adatbank.ro\/lexikon\/wp-json\/wp\/v2\/product"}],"about":[{"href":"https:\/\/uj.adatbank.ro\/lexikon\/wp-json\/wp\/v2\/types\/product"}],"replies":[{"embeddable":true,"href":"https:\/\/uj.adatbank.ro\/lexikon\/wp-json\/wp\/v2\/comments?post=9397"}],"wp:attachment":[{"href":"https:\/\/uj.adatbank.ro\/lexikon\/wp-json\/wp\/v2\/media?parent=9397"}],"wp:term":[{"taxonomy":"product_brand","embeddable":true,"href":"https:\/\/uj.adatbank.ro\/lexikon\/wp-json\/wp\/v2\/product_brand?post=9397"},{"taxonomy":"product_cat","embeddable":true,"href":"https:\/\/uj.adatbank.ro\/lexikon\/wp-json\/wp\/v2\/product_cat?post=9397"},{"taxonomy":"product_tag","embeddable":true,"href":"https:\/\/uj.adatbank.ro\/lexikon\/wp-json\/wp\/v2\/product_tag?post=9397"}],"curies":[{"name":"wp","href":"https:\/\/api.w.org\/{rel}","templated":true}]}}

<p>Gyula, 1879. júl. 30., † Mv., 1945. febr. 3.: újságíró, lapszerkesztő. – A Mv.-i Újságíró Egyesület tagja (1921). Szerk. -tette a mv-i Ellenőr-t, felelős szerk. je a Színházi Újság (1910–11, 1924); Hétfői Hírek (1921–29), tulajdonosa is; a Székelyföld (1925–27); a Program-Közlöny (1929); a Reggeli Újság (1931–40) c. lapoknak. Sajtóvétség miatt félévre ítélték (1939), kegyelmi kérvényét a Legfelsőbb Semmitőszék elutasította így négyhónapos börtönbüntetését le kellett ülnie. <br /><strong>Irod.:</strong> Berey; Gulyás; Időtár 3; Ökrös; Poptămaş–Mózes; Szabad Szó (1945. febr. 4.)</br></p>

<p>Gyula, 1879. júl. 30., † Mv., 1945. febr. 3.: újságíró, lapszerkesztő. – A Mv.-i Újságíró Egyesület tagja (1921). Szerk. -tette a mv-i Ellenőr-t, felelős szerk. je a Színházi Újság (1910–11, 1924); Hétfői Hírek (1921–29), tulajdonosa is; a Székelyföld (1925–27); a Program-Közlöny (1929); a Reggeli Újság (1931–40) c. lapoknak. Sajtóvétség miatt félévre ítélték (1939), kegyelmi kérvényét a [&hellip;]</p>
