{"id":9399,"date":"2025-06-29T10:59:26","date_gmt":"2025-06-29T08:59:26","guid":{"rendered":"https:\/\/uj.adatbank.ro\/lexikon\/termek\/gyulay-ferenc-marosnemeti-es-nadaskai-gr\/"},"modified":"2025-06-29T10:59:26","modified_gmt":"2025-06-29T08:59:26","slug":"gyulay-ferenc-marosnemeti-es-nadaskai-gr","status":"publish","type":"product","link":"https:\/\/uj.adatbank.ro\/lexikon\/termek\/gyulay-ferenc-marosnemeti-es-nadaskai-gr\/","title":{"rendered":"GYULAY Ferenc, marosn\u00e9meti \u00e9s n\u00e1daskai gr"},"content":{"rendered":"<p>Torna, 1674. aug. 11. \u2020 Mantova, 1728. okt. 18.: f\u00f6ldbirtokos, cs. k. alt\u00e1bornagy. \u2013 Ferenc \u00e9s Barakonyi Kl\u00e1ra fia. Feles\u00e9ge losonczi B\u00e1nffy M\u00e1ria (P\u00e9terv\u00e1rad 1709). Gyermekei: Kl\u00e1ra Bethlen Imr\u00e9n\u00e9 (B\u00e9cs, 1710\u2013), Ferenc (Mantova, 1715\u2013), Katalin (Mantova, 1717\u2013), S\u00e1muel alt\u00e1bornagy (N\u00e1daska, 1723 \u2013 Sz\u00e9kelybere, 1802). \u2013 Katonai p\u00e1lyafut\u00e1sa 29 \u00e9ves kor\u00e1ban indult, amikor alezredes lett a Bagossy-hajd\u00faezredben (1703..). A spanyol \u00f6r\u00f6k\u00f6s\u00f6d\u00e9si h\u00e1bor\u00fa sor\u00e1n az it\u00e1liai hadsz\u00ednt\u00e9ren harcolt (1703\u20131704), francia hadifogs\u00e1gba esett (1704. szept. 29. \u2013 1706. v\u00e9ge). Ezredess\u00e9 l\u00e9ptett\u00e9k el\u0151 (1707), k\u00e9s\u0151bb a R\u00e1k\u00f3czihoz \u00e1t\u00e1llt Bagossy hely\u00e9ben ezredparancsnok \u00e9s tulajdonos lett; tov\u00e1bbra is az it\u00e1liai hadsz\u00ednt\u00e9ren hadakozott. Gener\u00e1lis str\u00e1zsamester (1716), alt\u00e1bornagy (1723). Az it\u00e1liai hadj\u00e1ratr\u00f3l \u00edrt m. nyelv\u0171 napl\u00f3ja fontos \u00e9s \u00e9rdekes forr\u00e1s. <br \/><strong>Irod.:<\/strong> Gudenus; Wikipedia<\/br><\/p>\n","protected":false},"excerpt":{"rendered":"<p>Torna, 1674. aug. 11. \u2020 Mantova, 1728. okt. 18.: f\u00f6ldbirtokos, cs. k. alt\u00e1bornagy. \u2013 Ferenc \u00e9s Barakonyi Kl\u00e1ra fia. Feles\u00e9ge losonczi B\u00e1nffy M\u00e1ria (P\u00e9terv\u00e1rad 1709). Gyermekei: Kl\u00e1ra Bethlen Imr\u00e9n\u00e9 (B\u00e9cs, 1710\u2013), Ferenc (Mantova, 1715\u2013), Katalin (Mantova, 1717\u2013), S\u00e1muel alt\u00e1bornagy (N\u00e1daska, 1723 \u2013 Sz\u00e9kelybere, 1802). \u2013 Katonai p\u00e1lyafut\u00e1sa 29 \u00e9ves kor\u00e1ban indult, amikor alezredes lett a [&hellip;]<\/p>\n","protected":false},"featured_media":0,"comment_status":"open","ping_status":"closed","template":"","meta":[],"product_brand":[],"product_cat":[137],"product_tag":[],"class_list":{"0":"post-9399","1":"product","2":"type-product","3":"status-publish","5":"product_cat-maros-megyei-eletrajzi-lexikon","7":"first","8":"instock","9":"shipping-taxable","10":"product-type-simple"},"_links":{"self":[{"href":"https:\/\/uj.adatbank.ro\/lexikon\/wp-json\/wp\/v2\/product\/9399","targetHints":{"allow":["GET"]}}],"collection":[{"href":"https:\/\/uj.adatbank.ro\/lexikon\/wp-json\/wp\/v2\/product"}],"about":[{"href":"https:\/\/uj.adatbank.ro\/lexikon\/wp-json\/wp\/v2\/types\/product"}],"replies":[{"embeddable":true,"href":"https:\/\/uj.adatbank.ro\/lexikon\/wp-json\/wp\/v2\/comments?post=9399"}],"wp:attachment":[{"href":"https:\/\/uj.adatbank.ro\/lexikon\/wp-json\/wp\/v2\/media?parent=9399"}],"wp:term":[{"taxonomy":"product_brand","embeddable":true,"href":"https:\/\/uj.adatbank.ro\/lexikon\/wp-json\/wp\/v2\/product_brand?post=9399"},{"taxonomy":"product_cat","embeddable":true,"href":"https:\/\/uj.adatbank.ro\/lexikon\/wp-json\/wp\/v2\/product_cat?post=9399"},{"taxonomy":"product_tag","embeddable":true,"href":"https:\/\/uj.adatbank.ro\/lexikon\/wp-json\/wp\/v2\/product_tag?post=9399"}],"curies":[{"name":"wp","href":"https:\/\/api.w.org\/{rel}","templated":true}]}}

GYULAY Ferenc, marosnémeti és nádaskai gr

<p>Torna, 1674. aug. 11. † Mantova, 1728. okt. 18.: földbirtokos, cs. k. altábornagy. – Ferenc és Barakonyi Klára fia. Felesége losonczi Bánffy Mária (Pétervárad 1709). Gyermekei: Klára Bethlen Imréné (Bécs, 1710–), Ferenc (Mantova, 1715–), Katalin (Mantova, 1717–), Sámuel altábornagy (Nádaska, 1723 – Székelybere, 1802). – Katonai pályafutása 29 éves korában indult, amikor alezredes lett a Bagossy-hajdúezredben (1703..). A spanyol örökösödési háború során az itáliai hadszíntéren harcolt (1703–1704), francia hadifogságba esett (1704. szept. 29. – 1706. vége). Ezredessé léptették elő (1707), később a Rákóczihoz átállt Bagossy helyében ezredparancsnok és tulajdonos lett; továbbra is az itáliai hadszíntéren hadakozott. Generális strázsamester (1716), altábornagy (1723). Az itáliai hadjáratról írt m. nyelvű naplója fontos és érdekes forrás. <br /><strong>Irod.:</strong> Gudenus; Wikipedia</br></p>

<p>Torna, 1674. aug. 11. † Mantova, 1728. okt. 18.: földbirtokos, cs. k. altábornagy. – Ferenc és Barakonyi Klára fia. Felesége losonczi Bánffy Mária (Pétervárad 1709). Gyermekei: Klára Bethlen Imréné (Bécs, 1710–), Ferenc (Mantova, 1715–), Katalin (Mantova, 1717–), Sámuel altábornagy (Nádaska, 1723 – Székelybere, 1802). – Katonai pályafutása 29 éves korában indult, amikor alezredes lett a [&hellip;]</p>
