{"id":9400,"date":"2025-06-29T10:59:27","date_gmt":"2025-06-29T08:59:27","guid":{"rendered":"https:\/\/uj.adatbank.ro\/lexikon\/termek\/gyulay-ferenc-marosnemeti-es-nadaskai-gr-2\/"},"modified":"2025-06-29T10:59:27","modified_gmt":"2025-06-29T08:59:27","slug":"gyulay-ferenc-marosnemeti-es-nadaskai-gr-2","status":"publish","type":"product","link":"https:\/\/uj.adatbank.ro\/lexikon\/termek\/gyulay-ferenc-marosnemeti-es-nadaskai-gr-2\/","title":{"rendered":"GYULAY Ferenc, marosn\u00e9meti \u00e9s n\u00e1daskai gr."},"content":{"rendered":"<p>Mantova, 1715., \u2020\u00a01786 v. 87.: t\u00e1bornok, f\u00f6ldbirtokos, cs. k. kamar\u00e1s. \u2013 Gy. Istv\u00e1n alt\u00e1bornagy \u00e9s B\u00e1nffy Judit fia. Feles\u00e9ge: hallerk\u0151i gr. Haller Karolina, szentp\u00e1li \u00e1g. (1738. \u2020 Kv., 1809. febr. 10, ) Szebenbe temett\u00e9k a ferencesek s\u00edrboltj\u00e1ba. \u00d6zvegye Tresti\u00e1n ferences papot tartotta (1793\u20131806). <br \/><strong>Irod.:<\/strong> Gy\u00e1szjelent\u0151; Gy\u00f6rgy: A ferencrendiek; Harmath F.; P\u00e1lmay 4; Szab\u00f3 J\u00e1nos: Halotti besz\u00e9d m. hallerk\u0151i gr. Haller Karolina, n\u00e9hai marosn\u00e9meti gr\u00f3f Gyulai Ferenc \u00f6zvegye felett (Kv., 1809); Wessel\u00e9nyi Istv\u00e1n<\/br><\/p>\n","protected":false},"excerpt":{"rendered":"<p>Mantova, 1715., \u2020\u00a01786 v. 87.: t\u00e1bornok, f\u00f6ldbirtokos, cs. k. kamar\u00e1s. \u2013 Gy. Istv\u00e1n alt\u00e1bornagy \u00e9s B\u00e1nffy Judit fia. Feles\u00e9ge: hallerk\u0151i gr. Haller Karolina, szentp\u00e1li \u00e1g. (1738. \u2020 Kv., 1809. febr. 10, ) Szebenbe temett\u00e9k a ferencesek s\u00edrboltj\u00e1ba. \u00d6zvegye Tresti\u00e1n ferences papot tartotta (1793\u20131806). Irod.: Gy\u00e1szjelent\u0151; Gy\u00f6rgy: A ferencrendiek; Harmath F.; P\u00e1lmay 4; Szab\u00f3 J\u00e1nos: Halotti [&hellip;]<\/p>\n","protected":false},"featured_media":0,"comment_status":"open","ping_status":"closed","template":"","meta":[],"product_brand":[],"product_cat":[137],"product_tag":[],"class_list":{"0":"post-9400","1":"product","2":"type-product","3":"status-publish","5":"product_cat-maros-megyei-eletrajzi-lexikon","7":"first","8":"instock","9":"shipping-taxable","10":"product-type-simple"},"_links":{"self":[{"href":"https:\/\/uj.adatbank.ro\/lexikon\/wp-json\/wp\/v2\/product\/9400","targetHints":{"allow":["GET"]}}],"collection":[{"href":"https:\/\/uj.adatbank.ro\/lexikon\/wp-json\/wp\/v2\/product"}],"about":[{"href":"https:\/\/uj.adatbank.ro\/lexikon\/wp-json\/wp\/v2\/types\/product"}],"replies":[{"embeddable":true,"href":"https:\/\/uj.adatbank.ro\/lexikon\/wp-json\/wp\/v2\/comments?post=9400"}],"wp:attachment":[{"href":"https:\/\/uj.adatbank.ro\/lexikon\/wp-json\/wp\/v2\/media?parent=9400"}],"wp:term":[{"taxonomy":"product_brand","embeddable":true,"href":"https:\/\/uj.adatbank.ro\/lexikon\/wp-json\/wp\/v2\/product_brand?post=9400"},{"taxonomy":"product_cat","embeddable":true,"href":"https:\/\/uj.adatbank.ro\/lexikon\/wp-json\/wp\/v2\/product_cat?post=9400"},{"taxonomy":"product_tag","embeddable":true,"href":"https:\/\/uj.adatbank.ro\/lexikon\/wp-json\/wp\/v2\/product_tag?post=9400"}],"curies":[{"name":"wp","href":"https:\/\/api.w.org\/{rel}","templated":true}]}}

GYULAY Ferenc, marosnémeti és nádaskai gr.

<p>Mantova, 1715., † 1786 v. 87.: tábornok, földbirtokos, cs. k. kamarás. – Gy. István altábornagy és Bánffy Judit fia. Felesége: hallerkői gr. Haller Karolina, szentpáli ág. (1738. † Kv., 1809. febr. 10, ) Szebenbe temették a ferencesek sírboltjába. Özvegye Trestián ferences papot tartotta (1793–1806). <br /><strong>Irod.:</strong> Gyászjelentő; György: A ferencrendiek; Harmath F.; Pálmay 4; Szabó János: Halotti beszéd m. hallerkői gr. Haller Karolina, néhai marosnémeti gróf Gyulai Ferenc özvegye felett (Kv., 1809); Wesselényi István</br></p>

<p>Mantova, 1715., † 1786 v. 87.: tábornok, földbirtokos, cs. k. kamarás. – Gy. István altábornagy és Bánffy Judit fia. Felesége: hallerkői gr. Haller Karolina, szentpáli ág. (1738. † Kv., 1809. febr. 10, ) Szebenbe temették a ferencesek sírboltjába. Özvegye Trestián ferences papot tartotta (1793–1806). Irod.: Gyászjelentő; György: A ferencrendiek; Harmath F.; Pálmay 4; Szabó János: Halotti [&hellip;]</p>
