{"id":9402,"date":"2025-06-29T10:59:30","date_gmt":"2025-06-29T08:59:30","guid":{"rendered":"https:\/\/uj.adatbank.ro\/lexikon\/termek\/gyulay-ferenc-marosnemeti-es-nafdaskai-gr\/"},"modified":"2025-06-29T10:59:30","modified_gmt":"2025-06-29T08:59:30","slug":"gyulay-ferenc-marosnemeti-es-nafdaskai-gr","status":"publish","type":"product","link":"https:\/\/uj.adatbank.ro\/lexikon\/termek\/gyulay-ferenc-marosnemeti-es-nafdaskai-gr\/","title":{"rendered":"GYULAY Ferenc, marosn\u00e9meti \u00e9s n\u00e1fdaskai gr."},"content":{"rendered":"<p>? \u2020\u00a0?: f\u0151isp\u00e1n, f\u0151kir\u00e1lyb\u00edr\u00f3. \u2013 Feles\u00e9ge: 1. Barakonyi Kl\u00e1ra, fi\u00fak Ferenc (1674\u20131728), 2. Kapy M\u00e1ria. Gyermekeik: Istv\u00e1n \u00e9s Katalin. \u2013 Apafi fejedelem udvarhelysz\u00e9ki kir\u00e1lyb\u00edr\u00f3ja (1689\u2013), majd a k\u00fck\u00fcll\u0151i f\u0151isp\u00e1ns\u00e1got nyerte el (1694) B\u00e1r\u00f3i rangot (1694. j\u00fan. 2) majd gr\u00f3fi rangot nyert (1701. jan. 13.). A marosn\u00e9meti birtok szerz\u0151je (1638), \u0151 \u00e9p\u00edtette az els\u0151 renesz\u00e1nsz kast\u00e9lyt. <br \/><strong>Irod.:<\/strong> Mo. f\u0151isp\u00e1njai; Nagy L\u00e1szl\u00f3<\/br><\/p>\n","protected":false},"excerpt":{"rendered":"<p>? \u2020\u00a0?: f\u0151isp\u00e1n, f\u0151kir\u00e1lyb\u00edr\u00f3. \u2013 Feles\u00e9ge: 1. Barakonyi Kl\u00e1ra, fi\u00fak Ferenc (1674\u20131728), 2. Kapy M\u00e1ria. Gyermekeik: Istv\u00e1n \u00e9s Katalin. \u2013 Apafi fejedelem udvarhelysz\u00e9ki kir\u00e1lyb\u00edr\u00f3ja (1689\u2013), majd a k\u00fck\u00fcll\u0151i f\u0151isp\u00e1ns\u00e1got nyerte el (1694) B\u00e1r\u00f3i rangot (1694. j\u00fan. 2) majd gr\u00f3fi rangot nyert (1701. jan. 13.). A marosn\u00e9meti birtok szerz\u0151je (1638), \u0151 \u00e9p\u00edtette az els\u0151 renesz\u00e1nsz kast\u00e9lyt. [&hellip;]<\/p>\n","protected":false},"featured_media":0,"comment_status":"open","ping_status":"closed","template":"","meta":[],"product_brand":[],"product_cat":[137],"product_tag":[],"class_list":{"0":"post-9402","1":"product","2":"type-product","3":"status-publish","5":"product_cat-maros-megyei-eletrajzi-lexikon","7":"first","8":"instock","9":"shipping-taxable","10":"product-type-simple"},"_links":{"self":[{"href":"https:\/\/uj.adatbank.ro\/lexikon\/wp-json\/wp\/v2\/product\/9402","targetHints":{"allow":["GET"]}}],"collection":[{"href":"https:\/\/uj.adatbank.ro\/lexikon\/wp-json\/wp\/v2\/product"}],"about":[{"href":"https:\/\/uj.adatbank.ro\/lexikon\/wp-json\/wp\/v2\/types\/product"}],"replies":[{"embeddable":true,"href":"https:\/\/uj.adatbank.ro\/lexikon\/wp-json\/wp\/v2\/comments?post=9402"}],"wp:attachment":[{"href":"https:\/\/uj.adatbank.ro\/lexikon\/wp-json\/wp\/v2\/media?parent=9402"}],"wp:term":[{"taxonomy":"product_brand","embeddable":true,"href":"https:\/\/uj.adatbank.ro\/lexikon\/wp-json\/wp\/v2\/product_brand?post=9402"},{"taxonomy":"product_cat","embeddable":true,"href":"https:\/\/uj.adatbank.ro\/lexikon\/wp-json\/wp\/v2\/product_cat?post=9402"},{"taxonomy":"product_tag","embeddable":true,"href":"https:\/\/uj.adatbank.ro\/lexikon\/wp-json\/wp\/v2\/product_tag?post=9402"}],"curies":[{"name":"wp","href":"https:\/\/api.w.org\/{rel}","templated":true}]}}

GYULAY Ferenc, marosnémeti és náfdaskai gr.

<p>? † ?: főispán, főkirálybíró. – Felesége: 1. Barakonyi Klára, fiúk Ferenc (1674–1728), 2. Kapy Mária. Gyermekeik: István és Katalin. – Apafi fejedelem udvarhelyszéki királybírója (1689–), majd a küküllői főispánságot nyerte el (1694) Bárói rangot (1694. jún. 2) majd grófi rangot nyert (1701. jan. 13.). A marosnémeti birtok szerzője (1638), ő építette az első reneszánsz kastélyt. <br /><strong>Irod.:</strong> Mo. főispánjai; Nagy László</br></p>

<p>? † ?: főispán, főkirálybíró. – Felesége: 1. Barakonyi Klára, fiúk Ferenc (1674–1728), 2. Kapy Mária. Gyermekeik: István és Katalin. – Apafi fejedelem udvarhelyszéki királybírója (1689–), majd a küküllői főispánságot nyerte el (1694) Bárói rangot (1694. jún. 2) majd grófi rangot nyert (1701. jan. 13.). A marosnémeti birtok szerzője (1638), ő építette az első reneszánsz kastélyt. [&hellip;]</p>
