{"id":9406,"date":"2025-06-29T10:59:39","date_gmt":"2025-06-29T08:59:39","guid":{"rendered":"https:\/\/uj.adatbank.ro\/lexikon\/termek\/gyulay-lajos-gr-gyulai-lajos\/"},"modified":"2025-06-29T10:59:39","modified_gmt":"2025-06-29T08:59:39","slug":"gyulay-lajos-gr-gyulai-lajos","status":"publish","type":"product","link":"https:\/\/uj.adatbank.ro\/lexikon\/termek\/gyulay-lajos-gr-gyulai-lajos\/","title":{"rendered":"GYULAY Lajos, gr., Gyulai Lajos"},"content":{"rendered":"<p>1800., \u2020\u00a01869.: marosbog\u00e1t-i. \u2013 Gy. Ferenc \u00e9s Kacs\u00e1ndy Zsuzs\u00e1nna fia. Testv\u00e9rei: Karolina, Franciska, Konstancia, Anna. \u2013 Kazinczy Ferenc l\u00e1togat\u00e1sakor egy\u00fctt kis\u00e9rt\u00e9k \u00fatj\u00e1n (1816. j\u00fan. 8\u20139.) D\u00f6brentei G\u00e1borral. Mv. -re \u00e9rkezett (1817. nov. 22.) k\u00f6z\u00f6sen tan\u00edtv\u00e1ny\u00e1val, a Kir. T\u00e1bl\u00e1n jogi tanulm\u00e1nyokat folytattak. A marosn\u00e9meti kast\u00e9lyt klasszicista st\u00edlusban \u00e1t\u00e9p\u00edtette. Kir. hivatalos az erd\u00e9lyi 1848. \u00e9vi utols\u00f3 rendi ogy.-en (Kv., 1848. m\u00e1j. 29. -j\u00fal. 18.). A kv.-i sz\u00ednh\u00e1z, az Erd\u00e9lyi M\u00fazeum-Egyes\u00fclet \u00e9s az Akad. egyik t\u00e1mogat\u00f3ja. Napl\u00f3t vezetett (1809-hal\u00e1l\u00e1ig, 126 k\u00f6t.), az EME \u0151r\u00edzte k\u00e9zirat\u00e1t. Avenarius portr\u00e9t festett r\u00f3la, amivel siker koron\u00e1zta fest\u00e9szet\u00e9t. Gyermeke nem volt a csal\u00e1d vele kihalt. \u00d6r\u00f6k\u00f6sei n\u0151v\u00e9rei: Ku\u00fan L\u00e1szl\u00f3n\u00e9 Konstancia \u00e9s Wass Gy\u00f6rgyn\u00e9 Anna \u00e9s lesz\u00e1rmazottai. <br \/><strong>Irod.:<\/strong> Bicsok-Orb\u00e1n; Gy. L. \u00e9lete \u00e9s m\u0171vei  =  Csetri Elek: Erd\u00e9ly az \u00e9bred\u0151 Eur\u00f3p\u00e1ban (1825\u20131848): Tanulm\u00e1nyok (Kv., 2009); Erd\u00e9lyi H\u00edrmond\u00f3k; Id\u0151t\u00e1r 5 \/1.; Kazinczy: Erd\u00e9lyi levelek; P\u00e1lffy<\/br><\/p>\n","protected":false},"excerpt":{"rendered":"<p>1800., \u2020\u00a01869.: marosbog\u00e1t-i. \u2013 Gy. Ferenc \u00e9s Kacs\u00e1ndy Zsuzs\u00e1nna fia. Testv\u00e9rei: Karolina, Franciska, Konstancia, Anna. \u2013 Kazinczy Ferenc l\u00e1togat\u00e1sakor egy\u00fctt kis\u00e9rt\u00e9k \u00fatj\u00e1n (1816. j\u00fan. 8\u20139.) D\u00f6brentei G\u00e1borral. Mv. -re \u00e9rkezett (1817. nov. 22.) k\u00f6z\u00f6sen tan\u00edtv\u00e1ny\u00e1val, a Kir. T\u00e1bl\u00e1n jogi tanulm\u00e1nyokat folytattak. A marosn\u00e9meti kast\u00e9lyt klasszicista st\u00edlusban \u00e1t\u00e9p\u00edtette. Kir. hivatalos az erd\u00e9lyi 1848. \u00e9vi utols\u00f3 rendi [&hellip;]<\/p>\n","protected":false},"featured_media":0,"comment_status":"open","ping_status":"closed","template":"","meta":[],"product_brand":[],"product_cat":[137],"product_tag":[],"class_list":{"0":"post-9406","1":"product","2":"type-product","3":"status-publish","5":"product_cat-maros-megyei-eletrajzi-lexikon","7":"first","8":"instock","9":"shipping-taxable","10":"product-type-simple"},"_links":{"self":[{"href":"https:\/\/uj.adatbank.ro\/lexikon\/wp-json\/wp\/v2\/product\/9406","targetHints":{"allow":["GET"]}}],"collection":[{"href":"https:\/\/uj.adatbank.ro\/lexikon\/wp-json\/wp\/v2\/product"}],"about":[{"href":"https:\/\/uj.adatbank.ro\/lexikon\/wp-json\/wp\/v2\/types\/product"}],"replies":[{"embeddable":true,"href":"https:\/\/uj.adatbank.ro\/lexikon\/wp-json\/wp\/v2\/comments?post=9406"}],"wp:attachment":[{"href":"https:\/\/uj.adatbank.ro\/lexikon\/wp-json\/wp\/v2\/media?parent=9406"}],"wp:term":[{"taxonomy":"product_brand","embeddable":true,"href":"https:\/\/uj.adatbank.ro\/lexikon\/wp-json\/wp\/v2\/product_brand?post=9406"},{"taxonomy":"product_cat","embeddable":true,"href":"https:\/\/uj.adatbank.ro\/lexikon\/wp-json\/wp\/v2\/product_cat?post=9406"},{"taxonomy":"product_tag","embeddable":true,"href":"https:\/\/uj.adatbank.ro\/lexikon\/wp-json\/wp\/v2\/product_tag?post=9406"}],"curies":[{"name":"wp","href":"https:\/\/api.w.org\/{rel}","templated":true}]}}

<p>1800., † 1869.: marosbogát-i. – Gy. Ferenc és Kacsándy Zsuzsánna fia. Testvérei: Karolina, Franciska, Konstancia, Anna. – Kazinczy Ferenc látogatásakor együtt kisérték útján (1816. jún. 8–9.) Döbrentei Gáborral. Mv. -re érkezett (1817. nov. 22.) közösen tanítványával, a Kir. Táblán jogi tanulmányokat folytattak. A marosnémeti kastélyt klasszicista stílusban átépítette. Kir. hivatalos az erdélyi 1848. évi utolsó rendi ogy.-en (Kv., 1848. máj. 29. -júl. 18.). A kv.-i színház, az Erdélyi Múzeum-Egyesület és az Akad. egyik támogatója. Naplót vezetett (1809-haláláig, 126 köt.), az EME őrízte kéziratát. Avenarius portrét festett róla, amivel siker koronázta festészetét. Gyermeke nem volt a család vele kihalt. Örökösei nővérei: Kuún Lászlóné Konstancia és Wass Györgyné Anna és leszármazottai. <br /><strong>Irod.:</strong> Bicsok-Orbán; Gy. L. élete és művei  =  Csetri Elek: Erdély az ébredő Európában (1825–1848): Tanulmányok (Kv., 2009); Erdélyi Hírmondók; Időtár 5 /1.; Kazinczy: Erdélyi levelek; Pálffy</br></p>

<p>1800., † 1869.: marosbogát-i. – Gy. Ferenc és Kacsándy Zsuzsánna fia. Testvérei: Karolina, Franciska, Konstancia, Anna. – Kazinczy Ferenc látogatásakor együtt kisérték útján (1816. jún. 8–9.) Döbrentei Gáborral. Mv. -re érkezett (1817. nov. 22.) közösen tanítványával, a Kir. Táblán jogi tanulmányokat folytattak. A marosnémeti kastélyt klasszicista stílusban átépítette. Kir. hivatalos az erdélyi 1848. évi utolsó rendi [&hellip;]</p>
