{"id":9410,"date":"2025-06-29T11:39:40","date_gmt":"2025-06-29T09:39:40","guid":{"rendered":"https:\/\/uj.adatbank.ro\/lexikon\/?post_type=product&#038;p=9410"},"modified":"2025-06-29T11:54:01","modified_gmt":"2025-06-29T09:54:01","slug":"beyer-gabor-%c2%a7","status":"publish","type":"product","link":"https:\/\/uj.adatbank.ro\/lexikon\/termek\/beyer-gabor-%c2%a7\/","title":{"rendered":"BEYER G\u00e1bor, \u00a7"},"content":{"rendered":"<p>Mv., 1946. szept. 10., \u2020 Mv., 2005. aug. 2.: m\u0171\u00e9p\u00edt\u00e9sz. \u2013 B. Tivadar \u00e9s Ugray Erzs\u00e9bet fia. Feles\u00e9ge: 1. D\u00f3czy M\u00e1rta; 2. Fall Zsuzs\u00e1nna. \u2013 A mv.-i Bolyai Farkas L\u00edc.-ban tanult, majd \u00c9p\u00edt\u00e9szeti Technikumot (1967) \u00e9s a bp.-i M\u0171egyetem \u00c9pit\u00e9szm\u00e9rn\u00f6ki tagozat\u00e1t v\u00e9gezte (1995). A Maros Megyei \u00c9p\u00edt\u00e9szkamara tagja. A Maros Megyei Tervez\u0151int\u00e9zet tervez\u0151 \u00e9p\u00edt\u00e9sztechnikusa (1967\u201393); v\u00e1llalkoz\u00f3 az Indelco Kft. \u00e9p\u00edt\u00e9szstudi\u00f3 vezet\u0151je (1993\u201399), a Beyer Proiect Kft. tervez\u0151je (1999\u20132005). Terveket k\u00e9sz\u00edtett a mv.-i \u00c1llatkert r\u00e9sz\u00e9re (1985\u201389), t\u00f6bb templom a kv.-i D\u00f3n\u00e1th \u00fati r. k. templom, a Szent Ferenc koll. \u00e9s k\u00e1polna (1996) terve, a detrehemtelepi ref. templom p\u00e1ly\u00e1zati terve (1991), a mv.-i Aquaserv Nevel\u00e9si \u00e9s Ki\u00e1ll\u00edt\u00f3-k\u00f6zpont, Jobb\u00e1gytelke \u00e9s Magyarb\u00f6lk\u00e9ny eg\u00e9szs\u00e9gh\u00e1za (1992, 1994), Jelent\u0151s munk\u00e1ja a mv.-i Evang\u00e9likus templom \u00e1talak\u00edt\u00e1sa (2000\u20132001).<br \/>\n<strong>Irod.:<\/strong> EMKK 2010; KKACs; Moln\u00e1r; RMKK<\/p>\n","protected":false},"excerpt":{"rendered":"<p>Mv., 1946. szept. 10., \u2020 Mv., 2005. aug. 2.: m\u0171\u00e9p\u00edt\u00e9sz. \u2013 B. Tivadar \u00e9s Ugray Erzs\u00e9bet fia. Feles\u00e9ge: 1. D\u00f3czy M\u00e1rta; 2. Fall Zsuzs\u00e1nna. \u2013 A mv.-i Bolyai Farkas L\u00edc.-ban tanult, majd \u00c9p\u00edt\u00e9szeti Technikumot (1967) \u00e9s a bp.-i M\u0171egyetem \u00c9pit\u00e9szm\u00e9rn\u00f6ki tagozat\u00e1t v\u00e9gezte (1995). A Maros Megyei \u00c9p\u00edt\u00e9szkamara tagja. A Maros Megyei Tervez\u0151int\u00e9zet tervez\u0151 \u00e9p\u00edt\u00e9sztechnikusa (1967\u201393); [&hellip;]<\/p>\n","protected":false},"featured_media":0,"comment_status":"open","ping_status":"closed","template":"","meta":[],"product_brand":[],"product_cat":[137],"product_tag":[],"class_list":{"0":"post-9410","1":"product","2":"type-product","3":"status-publish","5":"product_cat-maros-megyei-eletrajzi-lexikon","7":"first","8":"instock","9":"shipping-taxable","10":"product-type-simple"},"_links":{"self":[{"href":"https:\/\/uj.adatbank.ro\/lexikon\/wp-json\/wp\/v2\/product\/9410","targetHints":{"allow":["GET"]}}],"collection":[{"href":"https:\/\/uj.adatbank.ro\/lexikon\/wp-json\/wp\/v2\/product"}],"about":[{"href":"https:\/\/uj.adatbank.ro\/lexikon\/wp-json\/wp\/v2\/types\/product"}],"replies":[{"embeddable":true,"href":"https:\/\/uj.adatbank.ro\/lexikon\/wp-json\/wp\/v2\/comments?post=9410"}],"wp:attachment":[{"href":"https:\/\/uj.adatbank.ro\/lexikon\/wp-json\/wp\/v2\/media?parent=9410"}],"wp:term":[{"taxonomy":"product_brand","embeddable":true,"href":"https:\/\/uj.adatbank.ro\/lexikon\/wp-json\/wp\/v2\/product_brand?post=9410"},{"taxonomy":"product_cat","embeddable":true,"href":"https:\/\/uj.adatbank.ro\/lexikon\/wp-json\/wp\/v2\/product_cat?post=9410"},{"taxonomy":"product_tag","embeddable":true,"href":"https:\/\/uj.adatbank.ro\/lexikon\/wp-json\/wp\/v2\/product_tag?post=9410"}],"curies":[{"name":"wp","href":"https:\/\/api.w.org\/{rel}","templated":true}]}}

BEYER Gábor, §

<p>Mv., 1946. szept. 10., † Mv., 2005. aug. 2.: műépítész. – B. Tivadar és Ugray Erzsébet fia. Felesége: 1. Dóczy Márta; 2. Fall Zsuzsánna. – A mv.-i Bolyai Farkas Líc.-ban tanult, majd Építészeti Technikumot (1967) és a bp.-i Műegyetem Épitészmérnöki tagozatát végezte (1995). A Maros Megyei Építészkamara tagja. A Maros Megyei Tervezőintézet tervező építésztechnikusa (1967–93); vállalkozó az Indelco Kft. építészstudió vezetője (1993–99), a Beyer Proiect Kft. tervezője (1999–2005). Terveket készített a mv.-i Állatkert részére (1985–89), több templom a kv.-i Dónáth úti r. k. templom, a Szent Ferenc koll. és kápolna (1996) terve, a detrehemtelepi ref. templom pályázati terve (1991), a mv.-i Aquaserv Nevelési és Kiállító-központ, Jobbágytelke és Magyarbölkény egészségháza (1992, 1994), Jelentős munkája a mv.-i Evangélikus templom átalakítása (2000–2001).<br />
<strong>Irod.:</strong> EMKK 2010; KKACs; Molnár; RMKK</p>

<p>Mv., 1946. szept. 10., † Mv., 2005. aug. 2.: műépítész. – B. Tivadar és Ugray Erzsébet fia. Felesége: 1. Dóczy Márta; 2. Fall Zsuzsánna. – A mv.-i Bolyai Farkas Líc.-ban tanult, majd Építészeti Technikumot (1967) és a bp.-i Műegyetem Épitészmérnöki tagozatát végezte (1995). A Maros Megyei Építészkamara tagja. A Maros Megyei Tervezőintézet tervező építésztechnikusa (1967–93); [&hellip;]</p>
