{"id":9412,"date":"2025-06-29T11:42:50","date_gmt":"2025-06-29T09:42:50","guid":{"rendered":"https:\/\/uj.adatbank.ro\/lexikon\/?post_type=product&#038;p=9412"},"modified":"2025-06-29T11:54:17","modified_gmt":"2025-06-29T09:54:17","slug":"botos-sandor-%c2%a7","status":"publish","type":"product","link":"https:\/\/uj.adatbank.ro\/lexikon\/termek\/botos-sandor-%c2%a7\/","title":{"rendered":"BOTOS S\u00e1ndor, \u00a7"},"content":{"rendered":"<p>Kozm\u00e1s, 1907. j\u00fal. 14., \u2020 1984. \u00e1pr. 30.: tan\u00edt\u00f3, tan\u00e1r. \u2013 Sz\u00e9kelykereszt\u00faron v\u00e9gzett a tan\u00edt\u00f3k\u00e9pz\u0151ben. Ny\u00e1r\u00e1dszered\u00e1n tan\u00edt\u00f3 (1943\u2013), majd az elemi iskola igazgat\u00f3ja. Tan\u00edt\u00f3 Marosszentgy\u00f6rgy\u00f6n (1953\u2013), majd rajz- \u00e9s t\u00f6rt\u00e9nelem szakos tan\u00e1r nyugd\u00edjaz\u00e1s\u00e1ig (1967). A marosszentgy\u00f6rgyi kult\u00farotthon igazgat\u00f3ja (1958\u201362).<br \/>\n<strong>Irod.:<\/strong> Ny\u00e1r\u00e1dszereda: Kiskalauz; Opri\u015f<\/p>\n","protected":false},"excerpt":{"rendered":"<p>Kozm\u00e1s, 1907. j\u00fal. 14., \u2020 1984. \u00e1pr. 30.: tan\u00edt\u00f3, tan\u00e1r. \u2013 Sz\u00e9kelykereszt\u00faron v\u00e9gzett a tan\u00edt\u00f3k\u00e9pz\u0151ben. Ny\u00e1r\u00e1dszered\u00e1n tan\u00edt\u00f3 (1943\u2013), majd az elemi iskola igazgat\u00f3ja. Tan\u00edt\u00f3 Marosszentgy\u00f6rgy\u00f6n (1953\u2013), majd rajz- \u00e9s t\u00f6rt\u00e9nelem szakos tan\u00e1r nyugd\u00edjaz\u00e1s\u00e1ig (1967). A marosszentgy\u00f6rgyi kult\u00farotthon igazgat\u00f3ja (1958\u201362). Irod.: Ny\u00e1r\u00e1dszereda: Kiskalauz; Opri\u015f<\/p>\n","protected":false},"featured_media":0,"comment_status":"open","ping_status":"closed","template":"","meta":[],"product_brand":[],"product_cat":[137],"product_tag":[],"class_list":{"0":"post-9412","1":"product","2":"type-product","3":"status-publish","5":"product_cat-maros-megyei-eletrajzi-lexikon","7":"first","8":"instock","9":"shipping-taxable","10":"product-type-simple"},"_links":{"self":[{"href":"https:\/\/uj.adatbank.ro\/lexikon\/wp-json\/wp\/v2\/product\/9412","targetHints":{"allow":["GET"]}}],"collection":[{"href":"https:\/\/uj.adatbank.ro\/lexikon\/wp-json\/wp\/v2\/product"}],"about":[{"href":"https:\/\/uj.adatbank.ro\/lexikon\/wp-json\/wp\/v2\/types\/product"}],"replies":[{"embeddable":true,"href":"https:\/\/uj.adatbank.ro\/lexikon\/wp-json\/wp\/v2\/comments?post=9412"}],"wp:attachment":[{"href":"https:\/\/uj.adatbank.ro\/lexikon\/wp-json\/wp\/v2\/media?parent=9412"}],"wp:term":[{"taxonomy":"product_brand","embeddable":true,"href":"https:\/\/uj.adatbank.ro\/lexikon\/wp-json\/wp\/v2\/product_brand?post=9412"},{"taxonomy":"product_cat","embeddable":true,"href":"https:\/\/uj.adatbank.ro\/lexikon\/wp-json\/wp\/v2\/product_cat?post=9412"},{"taxonomy":"product_tag","embeddable":true,"href":"https:\/\/uj.adatbank.ro\/lexikon\/wp-json\/wp\/v2\/product_tag?post=9412"}],"curies":[{"name":"wp","href":"https:\/\/api.w.org\/{rel}","templated":true}]}}