{"id":9414,"date":"2025-06-29T12:43:30","date_gmt":"2025-06-29T10:43:30","guid":{"rendered":"https:\/\/uj.adatbank.ro\/lexikon\/termek\/haas-christian\/"},"modified":"2025-06-29T12:43:30","modified_gmt":"2025-06-29T10:43:30","slug":"haas-christian","status":"publish","type":"product","link":"https:\/\/uj.adatbank.ro\/lexikon\/termek\/haas-christian\/","title":{"rendered":"HAAS Christian"},"content":{"rendered":"<p>? \u2020 ? : luther\u00e1nus lelk\u00e9sz. \u2013 Sz\u00e1szd\u00e1ny\u00e1n volt lelk\u00e9sz (1682\u201386). <br \/><strong>Irod.:<\/strong> Apold<\/br><\/p>\n","protected":false},"excerpt":{"rendered":"<p>? \u2020 ? : luther\u00e1nus lelk\u00e9sz. \u2013 Sz\u00e1szd\u00e1ny\u00e1n volt lelk\u00e9sz (1682\u201386). Irod.: Apold<\/p>\n","protected":false},"featured_media":0,"comment_status":"open","ping_status":"closed","template":"","meta":[],"product_brand":[],"product_cat":[137],"product_tag":[],"class_list":{"0":"post-9414","1":"product","2":"type-product","3":"status-publish","5":"product_cat-maros-megyei-eletrajzi-lexikon","7":"first","8":"instock","9":"shipping-taxable","10":"product-type-simple"},"_links":{"self":[{"href":"https:\/\/uj.adatbank.ro\/lexikon\/wp-json\/wp\/v2\/product\/9414","targetHints":{"allow":["GET"]}}],"collection":[{"href":"https:\/\/uj.adatbank.ro\/lexikon\/wp-json\/wp\/v2\/product"}],"about":[{"href":"https:\/\/uj.adatbank.ro\/lexikon\/wp-json\/wp\/v2\/types\/product"}],"replies":[{"embeddable":true,"href":"https:\/\/uj.adatbank.ro\/lexikon\/wp-json\/wp\/v2\/comments?post=9414"}],"wp:attachment":[{"href":"https:\/\/uj.adatbank.ro\/lexikon\/wp-json\/wp\/v2\/media?parent=9414"}],"wp:term":[{"taxonomy":"product_brand","embeddable":true,"href":"https:\/\/uj.adatbank.ro\/lexikon\/wp-json\/wp\/v2\/product_brand?post=9414"},{"taxonomy":"product_cat","embeddable":true,"href":"https:\/\/uj.adatbank.ro\/lexikon\/wp-json\/wp\/v2\/product_cat?post=9414"},{"taxonomy":"product_tag","embeddable":true,"href":"https:\/\/uj.adatbank.ro\/lexikon\/wp-json\/wp\/v2\/product_tag?post=9414"}],"curies":[{"name":"wp","href":"https:\/\/api.w.org\/{rel}","templated":true}]}}