{"id":9415,"date":"2025-06-29T12:43:33","date_gmt":"2025-06-29T10:43:33","guid":{"rendered":"https:\/\/uj.adatbank.ro\/lexikon\/termek\/haas-sandor\/"},"modified":"2025-06-29T12:43:33","modified_gmt":"2025-06-29T10:43:33","slug":"haas-sandor","status":"publish","type":"product","link":"https:\/\/uj.adatbank.ro\/lexikon\/termek\/haas-sandor\/","title":{"rendered":"HA\u00c1S S\u00e1ndor"},"content":{"rendered":"<p>Szamos\u00fajv\u00e1r, 1890., \u2020\u00a0? : tisztvisel\u0151 Mv. \u2013 t\u00e9nyleges katonai szolg\u00e1latot teljes\u00edtett (1912\u2013), r\u00e9szt vett az els\u0151 vh.-ban (1914\u201318) az orosz, alb\u00e1n fronton harcolt. Mint f\u0151hadnagy szerelt le kit\u00fcntet\u00e9ssel. <br \/><strong>Irod.:<\/strong> Erd\u00e9lyi ezredek<\/br><\/p>\n","protected":false},"excerpt":{"rendered":"<p>Szamos\u00fajv\u00e1r, 1890., \u2020\u00a0? : tisztvisel\u0151 Mv. \u2013 t\u00e9nyleges katonai szolg\u00e1latot teljes\u00edtett (1912\u2013), r\u00e9szt vett az els\u0151 vh.-ban (1914\u201318) az orosz, alb\u00e1n fronton harcolt. Mint f\u0151hadnagy szerelt le kit\u00fcntet\u00e9ssel. Irod.: Erd\u00e9lyi ezredek<\/p>\n","protected":false},"featured_media":0,"comment_status":"open","ping_status":"closed","template":"","meta":[],"product_brand":[],"product_cat":[137],"product_tag":[],"class_list":{"0":"post-9415","1":"product","2":"type-product","3":"status-publish","5":"product_cat-maros-megyei-eletrajzi-lexikon","7":"first","8":"instock","9":"shipping-taxable","10":"product-type-simple"},"_links":{"self":[{"href":"https:\/\/uj.adatbank.ro\/lexikon\/wp-json\/wp\/v2\/product\/9415","targetHints":{"allow":["GET"]}}],"collection":[{"href":"https:\/\/uj.adatbank.ro\/lexikon\/wp-json\/wp\/v2\/product"}],"about":[{"href":"https:\/\/uj.adatbank.ro\/lexikon\/wp-json\/wp\/v2\/types\/product"}],"replies":[{"embeddable":true,"href":"https:\/\/uj.adatbank.ro\/lexikon\/wp-json\/wp\/v2\/comments?post=9415"}],"wp:attachment":[{"href":"https:\/\/uj.adatbank.ro\/lexikon\/wp-json\/wp\/v2\/media?parent=9415"}],"wp:term":[{"taxonomy":"product_brand","embeddable":true,"href":"https:\/\/uj.adatbank.ro\/lexikon\/wp-json\/wp\/v2\/product_brand?post=9415"},{"taxonomy":"product_cat","embeddable":true,"href":"https:\/\/uj.adatbank.ro\/lexikon\/wp-json\/wp\/v2\/product_cat?post=9415"},{"taxonomy":"product_tag","embeddable":true,"href":"https:\/\/uj.adatbank.ro\/lexikon\/wp-json\/wp\/v2\/product_tag?post=9415"}],"curies":[{"name":"wp","href":"https:\/\/api.w.org\/{rel}","templated":true}]}}