{"id":9416,"date":"2025-06-29T12:43:36","date_gmt":"2025-06-29T10:43:36","guid":{"rendered":"https:\/\/uj.adatbank.ro\/lexikon\/termek\/haaz-sandor-%c2%a7\/"},"modified":"2025-06-29T12:43:36","modified_gmt":"2025-06-29T10:43:36","slug":"haaz-sandor-%c2%a7","status":"publish","type":"product","link":"https:\/\/uj.adatbank.ro\/lexikon\/termek\/haaz-sandor-%c2%a7\/","title":{"rendered":"HA\u00c1Z S\u00e1ndor, \u00a7"},"content":{"rendered":"<p>Sz\u00e9kelyudvarhely, 1912. \u00e1pr. 3., \u2020 Mv., 2007. m\u00e1j. 21. Nyugalomra helyezt\u00e9k a sz\u00e9kelyudvarhelyi ref. temet\u0151ben: n\u00e9prajzkutat\u00f3, rajztan\u00e1r, koreogr\u00e1fus. \u2013 H. Ferenc Rezs\u0151 (Igl\u00f3, 1883. \u2013 Sz\u00e9kelyudvarhely, 1958), rajztan\u00e1r, etnogr\u00e1fus \u00e9s Mezei Anna fia. Feles\u00e9ge: Bencz\u00e9dy Judit tan\u00e1rn\u0151 (1924-Mv., 2000. m\u00e1rc. 18.). Fia: S\u00e1ndor (1955. dec. 24. \u2013), zenetan\u00e1r, Katalin (1958\u2013), Judit (1961). \u2013 A n\u00e9pm\u0171v\u00e9szet szeretet\u00e9t, a n\u00e9pi kult\u00fara \u00e9rt\u00e9keinek felismer\u00e9s\u00e9t \u00e9s megbecs\u00fcl\u00e9s\u00e9t a sz\u00fcl\u0151i h\u00e1zban sz\u00edvta mag\u00e1ba, apja H. Rezs\u0151 a sz\u00e9kelyudvarhelyi m\u00fazeum megalap\u00edt\u00f3ja, m\u00e9g kisdi\u00e1k kor\u00e1ban bevonta a gy\u0171jt\u0151munk\u00e1ba. Sz\u00e9kelyudvarhelyen tanult a ref. elemi iskol\u00e1ban (1918\u201322), a Ref. Koll.-ban (1923\u201327), a R. k. gimn.-ban (1927\u201329), de nem tudott le\u00e9retts\u00e9gizni. Apja asztalosm\u0171helyt rendezett be neki, ahol egy \u00e9vet asztaloskodott. Kv.-on a Belle Arte szabadiskol\u00e1ban szobr\u00e1szatot tanult k\u00e9t \u00e9vet (ide nem kellett \u00e9retts\u00e9gi), Aurel Ciupe \u00e9s Romulus Ladea tan\u00edtv\u00e1nya (1931\u201332). Magyaro.-on Hajd\u00fab\u00f6sz\u00f6rm\u00e9nyben a Ref. f\u0151gimn.-ban \u00e9retts\u00e9gizett (1933). Ny\u00e1ri vak\u00e1ci\u00f3k alatt n\u00e9prajzi gy\u0171jt\u0151 utakon vett r\u00e9szt Udvarhely, Cs\u00edk \u00e9s Hargita megy\u00e9ben, Sz\u00e9ken \u00e9s Kalotaszegen (1930\u201338). Bp.-en ipari rajziskol\u00e1ban tanult, a K\u00e9pz\u0151m\u0171v\u00e9szeti F\u0151iskol\u00e1n (1934\u2013) szobr\u00e1szn\u00f6vend\u00e9k Medgyesssy Ferencn\u00e9l, Kisfaludi Strobl Zsigmondn\u00e1l, akinek tan\u00e1rseg\u00e9dje is volt (1936\u201340). Bp.-en megismerkedett Paulini B\u00e9l\u00e1val, a Gy\u00f6ngy\u00f6s Bokr\u00e9ta szervez\u0151j\u00e9vel, aki bevonta a n\u00e9pt\u00e1ncmozgalomba. Ennek hat\u00e1s\u00e1ra megszervezte \u00e9s ir\u00e1ny\u00edtotta az egyetemi t\u00e1nccsoportot (1934\u201340). A 42 tag\u00fa t\u00e1nccsoportnak t\u00f6bb orsz\u00e1gos \u00e9s k\u00fclf\u00f6ldi fell\u00e9p\u00e9se volt. Tagja az Egyetemi-F\u0151iskolai Hallgat\u00f3k Egyes\u00fclet\u00e9nek, r\u00e9szt vett a Csupaj\u00e1t\u00e9k el\u0151ad\u00e1s\u00e1ban (London, 1939), ebben sz\u00f3l\u00f3 szerepet t\u00e1ncolt. A sz\u00e9kelyudvarhelyi Agyag- \u00e9s Faipari ipariskol\u00e1ban tan\u00edtott (1940\u201342), ennek igazgat\u00f3ja (1942\u201344), rajztan\u00e1r-helyettes a tan\u00edt\u00f3k\u00e9pz\u0151ben (1943\u2013). Katona (1944), orosz fogs\u00e1gb\u00f3l siker\u00fclt megsz\u00f6knie. Sz\u00e9kelyudvarhelyen t\u00e1nccsoportot szervezett, rajztan\u00e1r a Ref. Koll.-ban \u00e9s Tan\u00edt\u00f3k\u00e9pz\u0151ben (1945. szept. \u2013 48), Korondon az \u00e1ltal\u00e1nos iskola tan\u00edt\u00f3ja (1948\u201349), a t\u00e1nccsoport vezet\u0151je (1948\u201351), a sz\u00e9kelykereszt\u00fari Tan\u00edt\u00f3k\u00e9pz\u0151 rajztan\u00e1ra (1949\u201354). Mv.-re ker\u00fclt a MAT Kultur-oszt\u00e1ly\u00e1n \u00e9s a N\u00e9pi Alkot\u00e1sok H\u00e1z\u00e1ban n\u00e9pt\u00e1nc-szakir\u00e1ny\u00edt\u00f3 (1954\u201356), rendszeres gy\u0171jt\u0151munk\u00e1t folytatott: t\u00e1ncokat, n\u00e9pszok\u00e1sokat, n\u00e9pviseletet \u00edrt le. Az \u00c1llami Sz\u00e9kely N\u00e9pi Egy\u00fcttes megalap\u00edt\u00e1sakor (1956. okt. 1. az alap\u00edt\u00e1s enged\u00e9lyez\u00e9se) t\u00e1ncmesternek h\u00edvt\u00e1k meg. A t\u00e1nckar megszervez\u00e9s\u00e9vel b\u00edzt\u00e1k meg \u00e9s a t\u00e1ncmesteri teend\u0151kkel, a t\u00e1ncok koreogr\u00e1fusa (1956\u201364). Az el\u0151ad\u00e1sokra val\u00f3 k\u00e9sz\u00fcl\u00e9s mellett nagy gondot ford\u00edtott a t\u00e1ncosok k\u00e9pz\u00e9s\u00e9re. Bevezette a Laban-f\u00e9le t\u00e1ncjel\u00edr\u00e1s tan\u00edt\u00e1s\u00e1t, t\u00e1nct\u00f6rt\u00e9neti tanfolyamokat tartott. Rajztan\u00e1ri \u00e1ll\u00e1st kapott a mv.-i 2. sz. \u00c1ltal\u00e1nos iskol\u00e1ban nyugd\u00edjaz\u00e1s\u00e1ig (1964\u201374). Ism\u00e9t a N\u00e9pi Alkot\u00e1sok H\u00e1z\u00e1ban tev\u00e9kenykedett mint szakir\u00e1ny\u00edt\u00f3, farag\u00e1szatot, fest\u00e9szetet, t\u00e1ncot tan\u00edtott. K\u00f6nyveket illusztr\u00e1lt. K\u00f6z\u00f6lt a Korunk, Igaz Sz\u00f3 \u00e9vk., Hazan\u00e9z\u0151 c. foly\u00f3iratokban. A Kriza J\u00e1nos N\u00e9prajzi T\u00e1rsas\u00e1g tagja (1990\u2013), a sz\u00e9kelyudvarhelyi Ha\u00e1z Ferenc Rezs\u0151 Kultur\u00e1lis Egylet tiszteletbeli eln\u00f6ke (1990\u2013). A Mv.-i Napok alkalmav\u00e1l Mv. D\u00edszpolg\u00e1ra c. t\u0171ntett\u00e9k ki (2002); M. \u00d6r\u00f6ks\u00e9g D\u00edjat kapott (2003) a M. K\u00f6zt\u00e1rsas\u00e1g buk.-i nagyk\u00f6vete \u00e1tadta a Pro Cultura Hungarica d\u00edjat (2003), a M. K\u00f6zt\u00e1rsas\u00e1gi \u00c9rdemrend Tisztikeresztj\u00e9vel t\u00fcntett\u00e9k ki (2005), a M. K\u00f6zt\u00e1tsas\u00e1g buk.-i nagyk\u00f6vete \u00e1tadta a Pro Cultura Hungarica d\u00edjat (2005). \u00cdrt egy k\u00f6nyvet az apj\u00e1r\u00f3l, H. R. \u00e9let\u00e9r\u0151l, amit bemutattak Udvarhelyen (1994 okt. 29.) \u2013 <strong>F. m.:<\/strong> <strong>t\u00e1rssz.:<\/strong> Suita de dans secuiesc din jurul Praidului (Tita Severrel; Buk., 1959); S\u00f3vid\u00e9ki t\u00e1nc-szvit (1959); Udvarhelyi varottasok (Cs. Gergely Gizell\u00e1val; Buk., 1976, 1977); Zsinoros d\u00edsz\u00edt\u00e9s a bekecsalji n\u00e9pviseletben = N\u00e9pismereti dolgozatok (Buk., 1978); H\u00e1romsz\u00e9ki n\u00e9pviselet (Gazda Kl\u00e1r\u00e1val. K\u00e9zirat.; 1982); S\u00f3vid\u00e9ki n\u00e9pm\u0171v\u00e9szet. T\u00f6bbekkel. K\u00e9zirat (1983); Erd\u00e9lyi viseletek (Ha\u00e1z Rezs\u0151vel; Bp., 1993); Sz\u00e9kelyek \u00fcnnepl\u0151ben (Ha\u00e1z Rezs\u0151vel; Bp., 1998); ilusztr: K\u00f3s K\u00e1roly, Szentimrei Judit, Nagy Jen\u0151: Kis-K\u00fck\u00fcll\u0151 vid\u00e9ki m. n\u00e9pm\u0171v\u00e9szet (Buk., 1978); Gazda Kl\u00e1ra: Gyermekvil\u00e1g Esztelneken (Buk., 1980); Szentimrei Judit: Sz\u00e9ki iratosok (Buk., 1982). <br \/><strong>Irod.:<\/strong> Barab\u00e1s L\u00e1szl\u00f3: Egym\u00e1sra \u00e9p\u00fcl\u0151 \u00e9letm\u0171vek (Erd\u00e9lyi Figyel\u0151, 6. sz., 1995); Barab\u00e1s L\u00e1szl\u00f3 b\u00facsuztat\u00f3ja (k\u00e9zirat, elhangzott a mv.-i ref. temet\u0151ben, 2007. m\u00e1j. 23.); Barab\u00e1s L\u00e1szl\u00f3: A kilencven\u00e9ves H. S. k\u00f6sz\u00f6nt\u00e9se (N\u00fa., 2002 \u00e1pr. 6), Beder Tibor: H. S. -r\u00f3l (Helikon, 6. sz., 2004. m\u00e1rc. 25.); B\u00f6l\u00f6ni Domokos: \u201eDivatlap\u201d a sz\u00e9kelyeknek (N\u00fa., M\u00fazsa, 386. sz., 1999. marc. 20.); EMKK; Igaz Sz\u00f3 \u00c9vk. (1984); Hopp\u00e1l Bulcs\u00fa: Egy \u2019\u2019Sz\u00e9kelyudvarhelyi koll\u00e9giumi tan\u00e1r\u2019\u2019 Ha\u00e1z Rezs\u0151 \u00fajonnan fellelt akvarellje (Sz\u00e9kelyf\u00f6ld, 9. sz. 2023); Katona Szab\u00f3 Istv\u00e1n: Egy \u00e9let a n\u00e9pm\u0171v\u00e9szet szolg\u00e1lat\u00e1ban (\u00daj \u00c9let, 12. sz. 1982), KKACs; Kusz\u00e1lik; Moln\u00e1r; Nagy \u00d6d\u00f6n; N\u00fa. (2002. \u00e1pr. 6\u00a0; 2002. j\u00fan. 15); Ol\u00e1h-G\u00e1l Elvira: A Ha\u00e1z csal\u00e1d nev\u00e9t az Aranyk\u00f6nyv \u0151rzi (Sz\u00e9kelyf\u00f6ld, 2. sz., 2006.); RMIL; RMKK; Somosdi Veres K\u00e1roly: Miv\u00e9 lett a n\u00e9pt\u00e1nc a sz\u00ednpadon\u00a0? (V. Z., 1983. \u00e1pr. 6.); Sz\u00e9kely D\u00e9nes 2005<\/br><\/p>\n","protected":false},"excerpt":{"rendered":"<p>Sz\u00e9kelyudvarhely, 1912. \u00e1pr. 3., \u2020 Mv., 2007. m\u00e1j. 21. Nyugalomra helyezt\u00e9k a sz\u00e9kelyudvarhelyi ref. temet\u0151ben: n\u00e9prajzkutat\u00f3, rajztan\u00e1r, koreogr\u00e1fus. \u2013 H. Ferenc Rezs\u0151 (Igl\u00f3, 1883. \u2013 Sz\u00e9kelyudvarhely, 1958), rajztan\u00e1r, etnogr\u00e1fus \u00e9s Mezei Anna fia. Feles\u00e9ge: Bencz\u00e9dy Judit tan\u00e1rn\u0151 (1924-Mv., 2000. m\u00e1rc. 18.). Fia: S\u00e1ndor (1955. dec. 24. \u2013), zenetan\u00e1r, Katalin (1958\u2013), Judit (1961). \u2013 A n\u00e9pm\u0171v\u00e9szet [&hellip;]<\/p>\n","protected":false},"featured_media":0,"comment_status":"open","ping_status":"closed","template":"","meta":[],"product_brand":[],"product_cat":[137],"product_tag":[],"class_list":{"0":"post-9416","1":"product","2":"type-product","3":"status-publish","5":"product_cat-maros-megyei-eletrajzi-lexikon","7":"first","8":"instock","9":"shipping-taxable","10":"product-type-simple"},"_links":{"self":[{"href":"https:\/\/uj.adatbank.ro\/lexikon\/wp-json\/wp\/v2\/product\/9416","targetHints":{"allow":["GET"]}}],"collection":[{"href":"https:\/\/uj.adatbank.ro\/lexikon\/wp-json\/wp\/v2\/product"}],"about":[{"href":"https:\/\/uj.adatbank.ro\/lexikon\/wp-json\/wp\/v2\/types\/product"}],"replies":[{"embeddable":true,"href":"https:\/\/uj.adatbank.ro\/lexikon\/wp-json\/wp\/v2\/comments?post=9416"}],"wp:attachment":[{"href":"https:\/\/uj.adatbank.ro\/lexikon\/wp-json\/wp\/v2\/media?parent=9416"}],"wp:term":[{"taxonomy":"product_brand","embeddable":true,"href":"https:\/\/uj.adatbank.ro\/lexikon\/wp-json\/wp\/v2\/product_brand?post=9416"},{"taxonomy":"product_cat","embeddable":true,"href":"https:\/\/uj.adatbank.ro\/lexikon\/wp-json\/wp\/v2\/product_cat?post=9416"},{"taxonomy":"product_tag","embeddable":true,"href":"https:\/\/uj.adatbank.ro\/lexikon\/wp-json\/wp\/v2\/product_tag?post=9416"}],"curies":[{"name":"wp","href":"https:\/\/api.w.org\/{rel}","templated":true}]}}

HAÁZ Sándor, §

<p>Székelyudvarhely, 1912. ápr. 3., † Mv., 2007. máj. 21. Nyugalomra helyezték a székelyudvarhelyi ref. temetőben: néprajzkutató, rajztanár, koreográfus. – H. Ferenc Rezső (Igló, 1883. – Székelyudvarhely, 1958), rajztanár, etnográfus és Mezei Anna fia. Felesége: Benczédy Judit tanárnő (1924-Mv., 2000. márc. 18.). Fia: Sándor (1955. dec. 24. –), zenetanár, Katalin (1958–), Judit (1961). – A népművészet szeretetét, a népi kultúra értékeinek felismerését és megbecsülését a szülői házban szívta magába, apja H. Rezső a székelyudvarhelyi múzeum megalapítója, még kisdiák korában bevonta a gyűjtőmunkába. Székelyudvarhelyen tanult a ref. elemi iskolában (1918–22), a Ref. Koll.-ban (1923–27), a R. k. gimn.-ban (1927–29), de nem tudott leérettségizni. Apja asztalosműhelyt rendezett be neki, ahol egy évet asztaloskodott. Kv.-on a Belle Arte szabadiskolában szobrászatot tanult két évet (ide nem kellett érettségi), Aurel Ciupe és Romulus Ladea tanítványa (1931–32). Magyaro.-on Hajdúböszörményben a Ref. főgimn.-ban érettségizett (1933). Nyári vakációk alatt néprajzi gyűjtő utakon vett részt Udvarhely, Csík és Hargita megyében, Széken és Kalotaszegen (1930–38). Bp.-en ipari rajziskolában tanult, a Képzőművészeti Főiskolán (1934–) szobrásznövendék Medgyesssy Ferencnél, Kisfaludi Strobl Zsigmondnál, akinek tanársegédje is volt (1936–40). Bp.-en megismerkedett Paulini Bélával, a Gyöngyös Bokréta szervezőjével, aki bevonta a néptáncmozgalomba. Ennek hatására megszervezte és irányította az egyetemi tánccsoportot (1934–40). A 42 tagú tánccsoportnak több országos és külföldi fellépése volt. Tagja az Egyetemi-Főiskolai Hallgatók Egyesületének, részt vett a Csupajáték előadásában (London, 1939), ebben szóló szerepet táncolt. A székelyudvarhelyi Agyag- és Faipari ipariskolában tanított (1940–42), ennek igazgatója (1942–44), rajztanár-helyettes a tanítóképzőben (1943–). Katona (1944), orosz fogságból sikerült megszöknie. Székelyudvarhelyen tánccsoportot szervezett, rajztanár a Ref. Koll.-ban és Tanítóképzőben (1945. szept. – 48), Korondon az általános iskola tanítója (1948–49), a tánccsoport vezetője (1948–51), a székelykeresztúri Tanítóképző rajztanára (1949–54). Mv.-re került a MAT Kultur-osztályán és a Népi Alkotások Házában néptánc-szakirányító (1954–56), rendszeres gyűjtőmunkát folytatott: táncokat, népszokásokat, népviseletet írt le. Az Állami Székely Népi Együttes megalapításakor (1956. okt. 1. az alapítás engedélyezése) táncmesternek hívták meg. A tánckar megszervezésével bízták meg és a táncmesteri teendőkkel, a táncok koreográfusa (1956–64). Az előadásokra való készülés mellett nagy gondot fordított a táncosok képzésére. Bevezette a Laban-féle táncjelírás tanítását, tánctörténeti tanfolyamokat tartott. Rajztanári állást kapott a mv.-i 2. sz. Általános iskolában nyugdíjazásáig (1964–74). Ismét a Népi Alkotások Házában tevékenykedett mint szakirányító, faragászatot, festészetet, táncot tanított. Könyveket illusztrált. Közölt a Korunk, Igaz Szó évk., Hazanéző c. folyóiratokban. A Kriza János Néprajzi Társaság tagja (1990–), a székelyudvarhelyi Haáz Ferenc Rezső Kulturális Egylet tiszteletbeli elnöke (1990–). A Mv.-i Napok alkalmavál Mv. Díszpolgára c. tűntették ki (2002); M. Örökség Díjat kapott (2003) a M. Köztársaság buk.-i nagykövete átadta a Pro Cultura Hungarica díjat (2003), a M. Köztársasági Érdemrend Tisztikeresztjével tüntették ki (2005), a M. Köztátsaság buk.-i nagykövete átadta a Pro Cultura Hungarica díjat (2005). Írt egy könyvet az apjáról, H. R. életéről, amit bemutattak Udvarhelyen (1994 okt. 29.) – <strong>F. m.:</strong> <strong>társsz.:</strong> Suita de dans secuiesc din jurul Praidului (Tita Severrel; Buk., 1959); Sóvidéki tánc-szvit (1959); Udvarhelyi varottasok (Cs. Gergely Gizellával; Buk., 1976, 1977); Zsinoros díszítés a bekecsalji népviseletben = Népismereti dolgozatok (Buk., 1978); Háromszéki népviselet (Gazda Klárával. Kézirat.; 1982); Sóvidéki népművészet. Többekkel. Kézirat (1983); Erdélyi viseletek (Haáz Rezsővel; Bp., 1993); Székelyek ünneplőben (Haáz Rezsővel; Bp., 1998); ilusztr: Kós Károly, Szentimrei Judit, Nagy Jenő: Kis-Küküllő vidéki m. népművészet (Buk., 1978); Gazda Klára: Gyermekvilág Esztelneken (Buk., 1980); Szentimrei Judit: Széki iratosok (Buk., 1982). <br /><strong>Irod.:</strong> Barabás László: Egymásra épülő életművek (Erdélyi Figyelő, 6. sz., 1995); Barabás László búcsuztatója (kézirat, elhangzott a mv.-i ref. temetőben, 2007. máj. 23.); Barabás László: A kilencvenéves H. S. köszöntése (Nú., 2002 ápr. 6), Beder Tibor: H. S. -ról (Helikon, 6. sz., 2004. márc. 25.); Bölöni Domokos: „Divatlap” a székelyeknek (Nú., Múzsa, 386. sz., 1999. marc. 20.); EMKK; Igaz Szó Évk. (1984); Hoppál Bulcsú: Egy ’’Székelyudvarhelyi kollégiumi tanár’’ Haáz Rezső újonnan fellelt akvarellje (Székelyföld, 9. sz. 2023); Katona Szabó István: Egy élet a népművészet szolgálatában (Új Élet, 12. sz. 1982), KKACs; Kuszálik; Molnár; Nagy Ödön; Nú. (2002. ápr. 6 ; 2002. jún. 15); Oláh-Gál Elvira: A Haáz család nevét az Aranykönyv őrzi (Székelyföld, 2. sz., 2006.); RMIL; RMKK; Somosdi Veres Károly: Mivé lett a néptánc a színpadon ? (V. Z., 1983. ápr. 6.); Székely Dénes 2005</br></p>

<p>Székelyudvarhely, 1912. ápr. 3., † Mv., 2007. máj. 21. Nyugalomra helyezték a székelyudvarhelyi ref. temetőben: néprajzkutató, rajztanár, koreográfus. – H. Ferenc Rezső (Igló, 1883. – Székelyudvarhely, 1958), rajztanár, etnográfus és Mezei Anna fia. Felesége: Benczédy Judit tanárnő (1924-Mv., 2000. márc. 18.). Fia: Sándor (1955. dec. 24. –), zenetanár, Katalin (1958–), Judit (1961). – A népművészet [&hellip;]</p>
