{"id":9417,"date":"2025-06-29T12:43:37","date_gmt":"2025-06-29T10:43:37","guid":{"rendered":"https:\/\/uj.adatbank.ro\/lexikon\/termek\/haba-teodor\/"},"modified":"2025-06-29T12:43:37","modified_gmt":"2025-06-29T10:43:37","slug":"haba-teodor","status":"publish","type":"product","link":"https:\/\/uj.adatbank.ro\/lexikon\/termek\/haba-teodor\/","title":{"rendered":"HABA Teodor"},"content":{"rendered":"<p>? \u2020 Fels\u0151idecs, 1995.: ort. pap. \u2013 Templom\u00e9p\u00edt\u0151 Fels\u0151idecsen. A sz\u00e1szok massz\u00edv N\u00e9meto. -ba val\u00f3 kiv\u00e1ndorl\u00e1sa ut\u00e1n a sz\u00e1sz templomot haszn\u00e1lt\u00e1k, majd lelkip\u00e1sztoruk vezet\u00e9s\u00e9vel, fel\u00e9p\u00edtett\u00e9k saj\u00e1t ort. templomukat (1990\u201392). <br \/><strong>Irod.:<\/strong> Reghin, Protopopiat<\/br><\/p>\n","protected":false},"excerpt":{"rendered":"<p>? \u2020 Fels\u0151idecs, 1995.: ort. pap. \u2013 Templom\u00e9p\u00edt\u0151 Fels\u0151idecsen. A sz\u00e1szok massz\u00edv N\u00e9meto. -ba val\u00f3 kiv\u00e1ndorl\u00e1sa ut\u00e1n a sz\u00e1sz templomot haszn\u00e1lt\u00e1k, majd lelkip\u00e1sztoruk vezet\u00e9s\u00e9vel, fel\u00e9p\u00edtett\u00e9k saj\u00e1t ort. templomukat (1990\u201392). Irod.: Reghin, Protopopiat<\/p>\n","protected":false},"featured_media":0,"comment_status":"open","ping_status":"closed","template":"","meta":[],"product_brand":[],"product_cat":[137],"product_tag":[],"class_list":{"0":"post-9417","1":"product","2":"type-product","3":"status-publish","5":"product_cat-maros-megyei-eletrajzi-lexikon","7":"first","8":"instock","9":"shipping-taxable","10":"product-type-simple"},"_links":{"self":[{"href":"https:\/\/uj.adatbank.ro\/lexikon\/wp-json\/wp\/v2\/product\/9417","targetHints":{"allow":["GET"]}}],"collection":[{"href":"https:\/\/uj.adatbank.ro\/lexikon\/wp-json\/wp\/v2\/product"}],"about":[{"href":"https:\/\/uj.adatbank.ro\/lexikon\/wp-json\/wp\/v2\/types\/product"}],"replies":[{"embeddable":true,"href":"https:\/\/uj.adatbank.ro\/lexikon\/wp-json\/wp\/v2\/comments?post=9417"}],"wp:attachment":[{"href":"https:\/\/uj.adatbank.ro\/lexikon\/wp-json\/wp\/v2\/media?parent=9417"}],"wp:term":[{"taxonomy":"product_brand","embeddable":true,"href":"https:\/\/uj.adatbank.ro\/lexikon\/wp-json\/wp\/v2\/product_brand?post=9417"},{"taxonomy":"product_cat","embeddable":true,"href":"https:\/\/uj.adatbank.ro\/lexikon\/wp-json\/wp\/v2\/product_cat?post=9417"},{"taxonomy":"product_tag","embeddable":true,"href":"https:\/\/uj.adatbank.ro\/lexikon\/wp-json\/wp\/v2\/product_tag?post=9417"}],"curies":[{"name":"wp","href":"https:\/\/api.w.org\/{rel}","templated":true}]}}